{"id":9919,"date":"2019-12-09T14:32:21","date_gmt":"2019-12-09T13:32:21","guid":{"rendered":"http:\/\/tinnunculus.sy-sy.cz\/?page_id=9919"},"modified":"2025-03-14T18:02:56","modified_gmt":"2025-03-14T17:02:56","slug":"wetter-fuer-bystrc","status":"publish","type":"page","link":"https:\/\/tinnunculus.sy-sy.cz\/index.php\/de\/wetter-fuer-bystrc\/","title":{"rendered":"Wetter f\u00fcr Bystrc"},"content":{"rendered":"<p><iframe style=\"width: 460px; height: 598px;\" src=\"https:\/\/www.meteoblue.com\/de\/wetter\/widget\/three\/bystrc_tschechien_3078308?geoloc=fixed&amp;nocurrent=0&amp;noforecast=0&amp;days=4&amp;tempunit=CELSIUS&amp;windunit=KILOMETER_PER_HOUR&amp;layout=bright\" frameborder=\"0\" scrolling=\"NO\" sandbox=\"allow-same-origin allow-scripts allow-popups allow-popups-to-escape-sandbox\"><\/iframe><\/p>\n<p><!-- DO NOT REMOVE THIS LINK --><a href=\"https:\/\/www.meteoblue.com\/de\/wetter\/woche\/bystrc_tschechien_3078308?utm_source=weather_widget&amp;utm_medium=linkus&amp;utm_content=three&amp;utm_campaign=Weather%2BWidget\" target=\"_blank\" rel=\"noopener noreferrer\">meteoblue<\/a><\/p>\n<p><a href=\"https:\/\/tinnunculus.tmep.cz\/index.php?ja=de&amp;je=C\" target=\"_blank\" rel=\"noopener\">Wetterstation auf unserem Balkon<\/a><\/p>\n<p><a href=\"https:\/\/tinnunculus.sy-sy.cz\/index.php\/de\/wetter-fuer-bystrc\/\">Wetter f\u00fcr Bystrc<\/a> \u00a6 <a href=\"https:\/\/tinnunculus.sy-sy.cz\/index.php\/de\/wetter-fuer-bystrc\/wetter-map\/\">Karten<\/a> \u00a6\u00a0<a href=\"https:\/\/tinnunculus.sy-sy.cz\/index.php\/de\/wetter-fuer-bystrc\/wetterarchiv\/\">Wetterarchiv<\/a> \u00a6\u00a0<a href=\"https:\/\/tinnunculus.sy-sy.cz\/index.php\/de\/wetter-fuer-bystrc\/umliegende-webcams\/\">Umliegende Webcams<\/a><\/p>\n","protected":false},"excerpt":{"rendered":"<p>meteoblue Wetterstation auf unserem Balkon Wetter f\u00fcr Bystrc \u00a6 Karten \u00a6\u00a0Wetterarchiv \u00a6\u00a0Umliegende Webcams<\/p>\n","protected":false},"author":2,"featured_media":0,"parent":0,"menu_order":60,"comment_status":"closed","ping_status":"closed","template":"","meta":{"jetpack_post_was_ever_published":false,"footnotes":""},"categories":[],"tags":[],"class_list":["post-9919","page","type-page","status-publish","hentry"],"jetpack_shortlink":"https:\/\/wp.me\/P91gKE-2zZ","jetpack-related-posts":[{"id":14252,"url":"https:\/\/tinnunculus.sy-sy.cz\/index.php\/de\/wetter-fuer-bystrc\/wetter-map\/","url_meta":{"origin":9919,"position":0},"title":"Wetterkarten","author":"Zuzana Syrov\u00e1 An\u00fd\u017eov\u00e1","date":"12\/01\/2021","format":false,"excerpt":"meteoblue Wetterstation auf unserem Balkon Wetter f\u00fcr Bystrc \u00a6 Karten \u00a6\u00a0Wetterarchiv \u00a6\u00a0Umliegende Webcams","rel":"","context":"Podobn\u00fd p\u0159\u00edsp\u011bvek","block_context":{"text":"Podobn\u00fd p\u0159\u00edsp\u011bvek","link":""},"img":{"alt_text":"","src":"","width":0,"height":0},"classes":[]},{"id":14254,"url":"https:\/\/tinnunculus.sy-sy.cz\/index.php\/de\/wetter-fuer-bystrc\/umliegende-webcams\/","url_meta":{"origin":9919,"position":1},"title":"Umliegende Webcams","author":"Zuzana Syrov\u00e1 An\u00fd\u017eov\u00e1","date":"12\/01\/2021","format":false,"excerpt":"Brno \u203a Sever: Brno Reservoir Br\u00fcnner Talsperre Brno \u2013 \u017dabov\u0159esky (\u010cHM\u00da Webcam) Umliegende Webcams (meteoblue) Wetterstation auf unserem Balkon Wetter f\u00fcr Bystrc \u00a6 Karten \u00a6\u00a0Wetterarchiv \u00a6\u00a0Umliegende Webcams","rel":"","context":"Podobn\u00fd p\u0159\u00edsp\u011bvek","block_context":{"text":"Podobn\u00fd p\u0159\u00edsp\u011bvek","link":""},"img":{"alt_text":"","src":"","width":0,"height":0},"classes":[]},{"id":14156,"url":"https:\/\/tinnunculus.sy-sy.cz\/index.php\/de\/wetter-fuer-bystrc\/wetterarchiv\/","url_meta":{"origin":9919,"position":2},"title":"Wetterarchiv","author":"Zuzana Syrov\u00e1 An\u00fd\u017eov\u00e1","date":"12\/01\/2021","format":false,"excerpt":"2007 \u00a6 2008 \u00a6 2009 \u00a6 2010 \u00a6 2011 \u00a6 2012 \u00a6 2013 \u00a6 2014 \u00a6 2015 \u00a6 2016 \u00a6 2017 \u00a6 2018 \u00a6 2019 \u00a6 2020 \u00a6 2021 \u00a6 2022 \u00a6 2023 \u00a6 2024 \u00a6 2025 \u00a6 2026 Wetterstation auf unserem Balkon Wetter f\u00fcr Bystrc \u00a6 Karten \u00a6\u00a0Wetterarchiv \u00a6\u00a0Umliegende\u2026","rel":"","context":"Podobn\u00fd p\u0159\u00edsp\u011bvek","block_context":{"text":"Podobn\u00fd p\u0159\u00edsp\u011bvek","link":""},"img":{"alt_text":"","src":"https:\/\/i0.wp.com\/tinnunculus.sy-sy.cz\/wp-content\/uploads\/2021\/01\/pocasi02-BWL-1024x633.jpg?resize=350%2C200&ssl=1","width":350,"height":200,"srcset":"https:\/\/i0.wp.com\/tinnunculus.sy-sy.cz\/wp-content\/uploads\/2021\/01\/pocasi02-BWL-1024x633.jpg?resize=350%2C200&ssl=1 1x, https:\/\/i0.wp.com\/tinnunculus.sy-sy.cz\/wp-content\/uploads\/2021\/01\/pocasi02-BWL-1024x633.jpg?resize=525%2C300&ssl=1 1.5x"},"classes":[]},{"id":38668,"url":"https:\/\/tinnunculus.sy-sy.cz\/index.php\/de\/wetter-fuer-bystrc\/wetterarchiv\/wetter-2024\/","url_meta":{"origin":9919,"position":3},"title":"Wetter 2024","author":"Zuzana Syrov\u00e1 An\u00fd\u017eov\u00e1","date":"02\/01\/2025","format":false,"excerpt":"2007 \u00a6 2008 \u00a6 2009 \u00a6 2010 \u00a6 2011 \u00a6 2012 \u00a6 2013 \u00a6 2014 \u00a6 2015 \u00a6 2016 \u00a6 2017 \u00a6 2018 \u00a6 2019 \u00a6 2020 \u00a6 2021 \u00a6 2022 \u00a6 2023 \u00a6 2024 \u00a6 2025 \u00a6 2026 \u00a0 Wetter f\u00fcr Bystrc \u00a6 Karten \u00a6\u00a0Wetterarchiv \u00a6\u00a0Umliegende Webcams","rel":"","context":"Podobn\u00fd p\u0159\u00edsp\u011bvek","block_context":{"text":"Podobn\u00fd p\u0159\u00edsp\u011bvek","link":""},"img":{"alt_text":"","src":"https:\/\/i0.wp.com\/tinnunculus.sy-sy.cz\/wp-content\/uploads\/2025\/01\/meteogram_history_2024_DE-1024x894.png?resize=350%2C200&ssl=1","width":350,"height":200,"srcset":"https:\/\/i0.wp.com\/tinnunculus.sy-sy.cz\/wp-content\/uploads\/2025\/01\/meteogram_history_2024_DE-1024x894.png?resize=350%2C200&ssl=1 1x, https:\/\/i0.wp.com\/tinnunculus.sy-sy.cz\/wp-content\/uploads\/2025\/01\/meteogram_history_2024_DE-1024x894.png?resize=525%2C300&ssl=1 1.5x"},"classes":[]},{"id":29399,"url":"https:\/\/tinnunculus.sy-sy.cz\/index.php\/de\/wetter-fuer-bystrc\/wetterarchiv\/wetter-2023\/","url_meta":{"origin":9919,"position":4},"title":"Wetter 2023","author":"Zuzana Syrov\u00e1 An\u00fd\u017eov\u00e1","date":"01\/01\/2024","format":false,"excerpt":"2007 \u00a6 2008 \u00a6 2009 \u00a6 2010 \u00a6 2011 \u00a6 2012 \u00a6 2013 \u00a6 2014 \u00a6 2015 \u00a6 2016 \u00a6 2017 \u00a6 2018 \u00a6 2019 \u00a6 2020 \u00a6 2021 \u00a6 2022 \u00a6 2023 \u00a6 2024 \u00a6 2025 \u00a6 2026 \u00a0 Wetter f\u00fcr Bystrc \u00a6 Karten \u00a6\u00a0Wetterarchiv \u00a6\u00a0Umliegende Webcams","rel":"","context":"Podobn\u00fd p\u0159\u00edsp\u011bvek","block_context":{"text":"Podobn\u00fd p\u0159\u00edsp\u011bvek","link":""},"img":{"alt_text":"","src":"https:\/\/i0.wp.com\/tinnunculus.sy-sy.cz\/wp-content\/uploads\/2024\/01\/history_meteoblue_de_2023-1024x830.png?resize=350%2C200&ssl=1","width":350,"height":200,"srcset":"https:\/\/i0.wp.com\/tinnunculus.sy-sy.cz\/wp-content\/uploads\/2024\/01\/history_meteoblue_de_2023-1024x830.png?resize=350%2C200&ssl=1 1x, https:\/\/i0.wp.com\/tinnunculus.sy-sy.cz\/wp-content\/uploads\/2024\/01\/history_meteoblue_de_2023-1024x830.png?resize=525%2C300&ssl=1 1.5x"},"classes":[]},{"id":45642,"url":"https:\/\/tinnunculus.sy-sy.cz\/index.php\/de\/wetter-fuer-bystrc\/wetterarchiv\/wetter-2025\/","url_meta":{"origin":9919,"position":5},"title":"Wetter 2025","author":"Zuzana Syrov\u00e1 An\u00fd\u017eov\u00e1","date":"02\/01\/2026","format":false,"excerpt":"2007 \u00a6 2008 \u00a6 2009 \u00a6 2010 \u00a6 2011 \u00a6 2012 \u00a6 2013 \u00a6 2014 \u00a6 2015 \u00a6 2016 \u00a6 2017 \u00a6 2018 \u00a6 2019 \u00a6 2020 \u00a6 2021 \u00a6 2022 \u00a6 2023 \u00a6 2024 \u00a6 2025 \u00a6 2026 \u00a0 Wetter f\u00fcr Bystrc \u00a6 Karten \u00a6\u00a0Wetterarchiv \u00a6\u00a0Umliegende Webcams","rel":"","context":"Podobn\u00fd p\u0159\u00edsp\u011bvek","block_context":{"text":"Podobn\u00fd p\u0159\u00edsp\u011bvek","link":""},"img":{"alt_text":"","src":"https:\/\/i0.wp.com\/tinnunculus.sy-sy.cz\/wp-content\/uploads\/2026\/01\/meteogram_history_2025-DE-1024x894.png?resize=350%2C200&ssl=1","width":350,"height":200,"srcset":"https:\/\/i0.wp.com\/tinnunculus.sy-sy.cz\/wp-content\/uploads\/2026\/01\/meteogram_history_2025-DE-1024x894.png?resize=350%2C200&ssl=1 1x, https:\/\/i0.wp.com\/tinnunculus.sy-sy.cz\/wp-content\/uploads\/2026\/01\/meteogram_history_2025-DE-1024x894.png?resize=525%2C300&ssl=1 1.5x"},"classes":[]}],"jetpack_sharing_enabled":true,"_links":{"self":[{"href":"https:\/\/tinnunculus.sy-sy.cz\/index.php\/wp-json\/wp\/v2\/pages\/9919","targetHints":{"allow":["GET"]}}],"collection":[{"href":"https:\/\/tinnunculus.sy-sy.cz\/index.php\/wp-json\/wp\/v2\/pages"}],"about":[{"href":"https:\/\/tinnunculus.sy-sy.cz\/index.php\/wp-json\/wp\/v2\/types\/page"}],"author":[{"embeddable":true,"href":"https:\/\/tinnunculus.sy-sy.cz\/index.php\/wp-json\/wp\/v2\/users\/2"}],"replies":[{"embeddable":true,"href":"https:\/\/tinnunculus.sy-sy.cz\/index.php\/wp-json\/wp\/v2\/comments?post=9919"}],"version-history":[{"count":2,"href":"https:\/\/tinnunculus.sy-sy.cz\/index.php\/wp-json\/wp\/v2\/pages\/9919\/revisions"}],"predecessor-version":[{"id":28280,"href":"https:\/\/tinnunculus.sy-sy.cz\/index.php\/wp-json\/wp\/v2\/pages\/9919\/revisions\/28280"}],"wp:attachment":[{"href":"https:\/\/tinnunculus.sy-sy.cz\/index.php\/wp-json\/wp\/v2\/media?parent=9919"}],"wp:term":[{"taxonomy":"category","embeddable":true,"href":"https:\/\/tinnunculus.sy-sy.cz\/index.php\/wp-json\/wp\/v2\/categories?post=9919"},{"taxonomy":"post_tag","embeddable":true,"href":"https:\/\/tinnunculus.sy-sy.cz\/index.php\/wp-json\/wp\/v2\/tags?post=9919"}],"curies":[{"name":"wp","href":"https:\/\/api.w.org\/{rel}","templated":true}]}}