{"id":9883,"date":"2019-12-09T11:40:51","date_gmt":"2019-12-09T10:40:51","guid":{"rendered":"http:\/\/tinnunculus.sy-sy.cz\/?page_id=9883"},"modified":"2025-03-14T18:18:26","modified_gmt":"2025-03-14T17:18:26","slug":"kontakt","status":"publish","type":"page","link":"https:\/\/tinnunculus.sy-sy.cz\/index.php\/de\/kontakt\/","title":{"rendered":"Kontakt"},"content":{"rendered":"<p>E-Mail: posta.postole@gmail.com<\/p>\n<p>Sie k\u00f6nnen auch das <a href=\"https:\/\/tinnunculus.sy-sy.cz\/index.php\/de\/kontakt\/kontakt-formular\/\">Kontaktformular<\/a> verwenden, um eine Nachricht, Frage, Anregung oder Kommentar zu senden.<\/p>\n","protected":false},"excerpt":{"rendered":"<p>E-Mail: posta.postole@gmail.com Sie k\u00f6nnen auch das Kontaktformular verwenden, um eine Nachricht, Frage, Anregung oder Kommentar zu senden.<\/p>\n","protected":false},"author":2,"featured_media":38772,"parent":0,"menu_order":90,"comment_status":"closed","ping_status":"closed","template":"","meta":{"jetpack_post_was_ever_published":false,"footnotes":""},"categories":[],"tags":[],"class_list":["post-9883","page","type-page","status-publish","has-post-thumbnail","hentry"],"jetpack_shortlink":"https:\/\/wp.me\/P91gKE-2zp","jetpack-related-posts":[{"id":21204,"url":"https:\/\/tinnunculus.sy-sy.cz\/index.php\/de\/bruenner-turmfalken\/","url_meta":{"origin":9883,"position":0},"title":"Br\u00fcnner Turmfalken","author":"Zuzana Syrov\u00e1 An\u00fd\u017eov\u00e1","date":"31\/03\/2023","format":false,"excerpt":"\u00a0 Hier k\u00f6nnen Sie das Geschehen auf unserem Balkon in der Bystrc-Siedlung am Stadtrand von Br\u00fcnn mit den aktuellen Ereignissen im Nistkasten im Stadtzentrum in der Francouzsk\u00e1-Stra\u00dfe oder in der Bohunice-Siedlung vergleichen. Unsere anderen Kameras Live-\u00dcbertragungen von anderen Orten. Die Live-\u00dcbertragung aus Bohunice hat in der Saison 2026 noch nicht\u2026","rel":"","context":"V \u201e(Web-)Kameras\u201c","block_context":{"text":"(Web-)Kameras","link":"https:\/\/tinnunculus.sy-sy.cz\/index.php\/de\/category\/live-uebertragung\/web-kameras\/"},"img":{"alt_text":"","src":"","width":0,"height":0},"classes":[]},{"id":16514,"url":"https:\/\/tinnunculus.sy-sy.cz\/index.php\/de\/kontakt\/kontakt-formular\/","url_meta":{"origin":9883,"position":1},"title":"Kontaktformular","author":"Zuzana Syrov\u00e1 An\u00fd\u017eov\u00e1","date":"07\/06\/2021","format":false,"excerpt":"","rel":"","context":"Podobn\u00fd p\u0159\u00edsp\u011bvek","block_context":{"text":"Podobn\u00fd p\u0159\u00edsp\u011bvek","link":""},"img":{"alt_text":"","src":"","width":0,"height":0},"classes":[]},{"id":27845,"url":"https:\/\/tinnunculus.sy-sy.cz\/index.php\/de\/unsere-turmfalken-online\/axis-live-view-4\/","url_meta":{"origin":9883,"position":2},"title":"AXIS live view","author":"Zuzana Syrov\u00e1 An\u00fd\u017eov\u00e1","date":"23\/11\/2023","format":false,"excerpt":"Die AXIS-Liveansicht ist nicht mehr verf\u00fcgbar. Hier k\u00f6nnen Sie unsere Turmfalken noch live beobachten.","rel":"","context":"Podobn\u00fd p\u0159\u00edsp\u011bvek","block_context":{"text":"Podobn\u00fd p\u0159\u00edsp\u011bvek","link":""},"img":{"alt_text":"","src":"https:\/\/i0.wp.com\/tinnunculus.sy-sy.cz\/wp-content\/uploads\/2017\/07\/0009901-uprav-cb-1024x685.jpg?resize=350%2C200&ssl=1","width":350,"height":200,"srcset":"https:\/\/i0.wp.com\/tinnunculus.sy-sy.cz\/wp-content\/uploads\/2017\/07\/0009901-uprav-cb-1024x685.jpg?resize=350%2C200&ssl=1 1x, https:\/\/i0.wp.com\/tinnunculus.sy-sy.cz\/wp-content\/uploads\/2017\/07\/0009901-uprav-cb-1024x685.jpg?resize=525%2C300&ssl=1 1.5x"},"classes":[]},{"id":9979,"url":"https:\/\/tinnunculus.sy-sy.cz\/index.php\/de\/links-2\/","url_meta":{"origin":9883,"position":3},"title":"Links","author":"Zuzana Syrov\u00e1 An\u00fd\u017eov\u00e1","date":"10\/12\/2019","format":false,"excerpt":"Feldmaus (Microtus arvalis) Hausmaus (Mus musculus) Turmfalke (Falco tinnunculus) Mauersegler (Apus apus) Faunistische Datenbank von \u010cSO: Turmfalke (Falco tinnunclus) in Avif Mauersegler (Apus apus) in Avif Live-Cams und aktualisierten Videos: Turmfalke (Falco tinnunculus) online Mauersegler (Apus apus) online Andere V\u00f6gel: View Nesting Birds (Bird\u00a0Cams) \u00a0 Hier finden Sie auch \"unsere\"\u2026","rel":"","context":"Podobn\u00fd p\u0159\u00edsp\u011bvek","block_context":{"text":"Podobn\u00fd p\u0159\u00edsp\u011bvek","link":""},"img":{"alt_text":"","src":"","width":0,"height":0},"classes":[]},{"id":9873,"url":"https:\/\/tinnunculus.sy-sy.cz\/index.php\/de\/vorbericht\/","url_meta":{"origin":9883,"position":4},"title":"Vorbericht","author":"Zuzana Syrov\u00e1 An\u00fd\u017eov\u00e1","date":"09\/12\/2019","format":false,"excerpt":"Willkommen bei Turmfalken aus Brno! Seit 2007 haben wir in fast jedem Jahr ein Turmfalkenp\u00e4rchen bei uns zu Gast auf unserem Balkon. Wir m\u00f6chten mit dieser Homepage allen Turmfalkenfreunden und solchen die es werden wollen diese faszinierenden Tiere n\u00e4her bringen! Aktuelles Live-Video: Live vom Turmfalkenbalkon \u00a6 von den Mauerseglerk\u00e4sten \u00a6\u2026","rel":"","context":"Podobn\u00fd p\u0159\u00edsp\u011bvek","block_context":{"text":"Podobn\u00fd p\u0159\u00edsp\u011bvek","link":""},"img":{"alt_text":"","src":"","width":0,"height":0},"classes":[]},{"id":10013,"url":"https:\/\/tinnunculus.sy-sy.cz\/index.php\/de\/voegel-online\/apus-apus-online\/","url_meta":{"origin":9883,"position":5},"title":"Apus apus online","author":"Zuzana Syrov\u00e1 An\u00fd\u017eov\u00e1","date":"10\/12\/2019","format":false,"excerpt":"Aktualisiert\u00a0 lokalita = Lokalit\u00e4t, Ort, Lokalisierung kamera = Kamera ABK\u00dcRZUNGEN: on+ Kamera on-line on- Kamera on-line, aber andere Vogel off\u00a0 Kamera off-line Die Tabelle zeigt das letzte Jahr, in dem die Mauersegler geschachtelt haben. L\u00e4ndercodes Links: View nesting birds: common swift Webcams gierzwaluwen","rel":"","context":"Podobn\u00fd p\u0159\u00edsp\u011bvek","block_context":{"text":"Podobn\u00fd p\u0159\u00edsp\u011bvek","link":""},"img":{"alt_text":"","src":"","width":0,"height":0},"classes":[]}],"jetpack_sharing_enabled":true,"_links":{"self":[{"href":"https:\/\/tinnunculus.sy-sy.cz\/index.php\/wp-json\/wp\/v2\/pages\/9883","targetHints":{"allow":["GET"]}}],"collection":[{"href":"https:\/\/tinnunculus.sy-sy.cz\/index.php\/wp-json\/wp\/v2\/pages"}],"about":[{"href":"https:\/\/tinnunculus.sy-sy.cz\/index.php\/wp-json\/wp\/v2\/types\/page"}],"author":[{"embeddable":true,"href":"https:\/\/tinnunculus.sy-sy.cz\/index.php\/wp-json\/wp\/v2\/users\/2"}],"replies":[{"embeddable":true,"href":"https:\/\/tinnunculus.sy-sy.cz\/index.php\/wp-json\/wp\/v2\/comments?post=9883"}],"version-history":[{"count":1,"href":"https:\/\/tinnunculus.sy-sy.cz\/index.php\/wp-json\/wp\/v2\/pages\/9883\/revisions"}],"predecessor-version":[{"id":38775,"href":"https:\/\/tinnunculus.sy-sy.cz\/index.php\/wp-json\/wp\/v2\/pages\/9883\/revisions\/38775"}],"wp:featuredmedia":[{"embeddable":true,"href":"https:\/\/tinnunculus.sy-sy.cz\/index.php\/wp-json\/wp\/v2\/media\/38772"}],"wp:attachment":[{"href":"https:\/\/tinnunculus.sy-sy.cz\/index.php\/wp-json\/wp\/v2\/media?parent=9883"}],"wp:term":[{"taxonomy":"category","embeddable":true,"href":"https:\/\/tinnunculus.sy-sy.cz\/index.php\/wp-json\/wp\/v2\/categories?post=9883"},{"taxonomy":"post_tag","embeddable":true,"href":"https:\/\/tinnunculus.sy-sy.cz\/index.php\/wp-json\/wp\/v2\/tags?post=9883"}],"curies":[{"name":"wp","href":"https:\/\/api.w.org\/{rel}","templated":true}]}}