{"id":867,"date":"2017-08-04T19:00:45","date_gmt":"2017-08-04T17:00:45","guid":{"rendered":"http:\/\/tinnunculus.sy-sy.cz\/?page_id=867"},"modified":"2026-04-18T09:30:41","modified_gmt":"2026-04-18T07:30:41","slug":"turmfalken","status":"publish","type":"page","link":"https:\/\/tinnunculus.sy-sy.cz\/index.php\/de\/turmfalken\/","title":{"rendered":"Turmfalken Nistsaison"},"content":{"rendered":"<div class=\"article-main-content\">\n<div class=\"article-content\">\n<ul>\n<li><strong>2007<\/strong>\n<ul>\n<li>5 + 1 Eier (2007\/05\/10).<\/li>\n<li>5 <span class=\"short_text\"><span class=\"hps\">K\u00fcken<\/span><\/span> (2007\/06\/03\u20142007\/06\/04).<\/li>\n<li>5 Jungv\u00f6gel fl\u00fcgge.<\/li>\n<\/ul>\n<\/li>\n<li><strong>2008<\/strong>\n<ul>\n<li>5 Eier (2008\/05\/05\u20142008\/05\/14).<\/li>\n<li>0 <span class=\"short_text\"><span class=\"hps\">K\u00fcken<\/span><\/span>.<\/li>\n<li>0 Jungv\u00f6gel fl\u00fcgge.<\/li>\n<\/ul>\n<\/li>\n<li><strong>2009<\/strong>\n<ul>\n<li>4 Eier (2009\/04\/24\u20142009\/05\/01).<\/li>\n<li>3 <span class=\"short_text\"><span class=\"hps\">K\u00fcken<\/span><\/span> (2009\/05\/27\u20142009\/05\/28).<\/li>\n<li>3 Jungv\u00f6gel fl\u00fcgge.<\/li>\n<\/ul>\n<\/li>\n<li><strong>2010<\/strong>\n<ul>\n<li>6 Eier (2010\/04\/12\u20142010\/04\/22).<\/li>\n<li>6 <span class=\"short_text\"><span class=\"hps\">K\u00fcken<\/span><\/span> (2010\/05\/17\u20142010\/05\/20).<\/li>\n<li>1 <span class=\"hps alt-edited\">Junges<\/span> <span class=\"hps\">gestorben<\/span> (2010\/05\/31\u20142010\/06\/01).<\/li>\n<li>5 Jungv\u00f6gel fl\u00fcgge.<\/li>\n<\/ul>\n<\/li>\n<li><strong>2011<\/strong>\n<ul>\n<li>5 Eier (2011\/04\/09\u20142011\/04\/18).<\/li>\n<li>5 <span class=\"short_text\"><span class=\"hps\">K\u00fcken<\/span><\/span> (2011\/05\/14\u20142011\/05\/15).<\/li>\n<li>5 Jungv\u00f6gel fl\u00fcgge.<\/li>\n<\/ul>\n<\/li>\n<li><strong>2012<\/strong>\n<ul>\n<li>5 Eier (2012\/04\/13\u20142012\/04\/23).<\/li>\n<li>5 <span class=\"short_text\"><span class=\"hps\">K\u00fcken<\/span><\/span> (2012\/05\/19\u20142012\/05\/21).<\/li>\n<li><span class=\"short_text\"><span class=\"hps\">Mann verschwunden<\/span><\/span> (2012\/05\/30).<\/li>\n<li>5 Jungv\u00f6gel fl\u00fcgge.<\/li>\n<\/ul>\n<\/li>\n<li><strong>2013<\/strong>\n<ul>\n<li>5 Eier (2013\/05\/02\u20142013\/05\/11).<\/li>\n<li>5 <span class=\"short_text\"><span class=\"hps\">K\u00fcken<\/span><\/span> (2013\/06\/06\u20142013\/06\/08).<\/li>\n<li><span class=\"hps alt-edited\">1 Junges<\/span> <span class=\"hps\">gestorben<\/span> (2013\/06\/17\u20142013\/06\/18).<\/li>\n<li>4 Jungv\u00f6gel fl\u00fcgge (+ 1 <span class=\"hps alt-edited\">\u00fcbrigen).<\/span><\/li>\n<\/ul>\n<\/li>\n<li><strong>2014<\/strong>\n<ul>\n<li>6 Eier (2014\/04\/09\u20142014\/04\/20).<\/li>\n<li>6 <span class=\"short_text\"><span class=\"hps\">K\u00fcken<\/span><\/span> (2014\/05\/14\u20142014\/05\/18).<\/li>\n<li>6 Jungv\u00f6gel fl\u00fcgge.<\/li>\n<\/ul>\n<\/li>\n<li><strong>2015<\/strong>\n<ul>\n<li>6 Eier (2015\/04\/13\u20142015\/04\/23).<\/li>\n<li>6 <span class=\"short_text\"><span class=\"hps\">K\u00fcken<\/span><\/span> (2015\/05\/18\u20142015\/05\/21).<\/li>\n<li><span class=\"hps alt-edited\">1 Junges<\/span> <span class=\"hps\">gestorben<\/span> (2015\/06\/20).<\/li>\n<li>5 Jungv\u00f6gel fl\u00fcgge (+ 1 <span class=\"hps alt-edited\">\u00fcbrigen<\/span>).<\/li>\n<\/ul>\n<\/li>\n<li><strong>2016<\/strong>\n<ul>\n<li>5 Eier (2016\/04\/13\u20142016\/04\/21).<\/li>\n<li>5 <span class=\"short_text\"><span class=\"hps\">K\u00fcken<\/span><\/span> (2016\/05\/17\u20142016\/05\/19).<\/li>\n<li><span class=\"hps alt-edited\">3 Junges<\/span> <span class=\"hps\">gestorben (2016\/05\/18\u20142016\/05\/31).<\/span><\/li>\n<li>2 Jungv\u00f6gel fl\u00fcgge.<\/li>\n<\/ul>\n<\/li>\n<li>2017\n<ul>\n<li>&#8212;&#8211;<\/li>\n<\/ul>\n<\/li>\n<li><strong>2018<\/strong>\n<ul>\n<li>5 Eier (2018\/05\/12\u20142018\/05\/19).<\/li>\n<li>4 <span class=\"short_text\"><span class=\"hps\">K\u00fcken (2018\/06\/13\u20142018\/06\/16).<br \/>\n<\/span><\/span><\/li>\n<li>Verschwinden des Falkenp\u00e4rchen (2018\/06\/29; 2018\/07\/03).<\/li>\n<li>4 Jungv\u00f6gel beringt (2018\/07\/04).<\/li>\n<li><span id=\"result_box\" class=\"short_text\" lang=\"de\"><span class=\"\">4 Jungv\u00f6gel zum Vogelzentrum transportiert (2018\/07\/08).<br \/>\n<\/span><\/span><\/li>\n<\/ul>\n<\/li>\n<li><strong>2019<\/strong>\n<ul>\n<li>5 Eier (2019\/04\/29\u20142019\/05\/09).<\/li>\n<li>5 <span class=\"short_text\"><span class=\"hps\">K\u00fcken <\/span><\/span>(2019\/05\/31\u20142019\/06\/05).<\/li>\n<li>2 Junges gestorben (2019\/06\/15).<\/li>\n<li>3 Jungv\u00f6gel beringt (2019\/06\/22).<\/li>\n<li>3 Jungv\u00f6gel fl\u00fcgge.<\/li>\n<\/ul>\n<\/li>\n<li><strong>2020<\/strong>\n<ul>\n<li>6 Eier (2020\/04\/23\u20142020\/05\/04).<\/li>\n<li>6 <span class=\"short_text\"><span class=\"hps\">K\u00fcken <\/span><\/span>(2020\/05\/26\u20142020\/06\/01).<\/li>\n<li>6 Jungv\u00f6gel beringt (2020\/06\/16).<\/li>\n<li>6 Jungv\u00f6gel fl\u00fcgge.<\/li>\n<\/ul>\n<\/li>\n<li><strong>2021<\/strong>\n<ul>\n<li>5 Eier (2021\/04\/27\u20142021\/05\/06).<\/li>\n<li>4 <span class=\"short_text\"><span class=\"hps\">K\u00fcken (2021\/05\/29\u20142021\/05\/31).<\/span><\/span><\/li>\n<li>4 Jungv\u00f6gel beringt (2021\/06\/17).<\/li>\n<li>4 Jungv\u00f6gel fl\u00fcgge.<\/li>\n<\/ul>\n<\/li>\n<li><strong>2022<\/strong>\n<ul>\n<li>4 Eier (2022\/05\/02\u20142022\/05\/14).<\/li>\n<li><span class=\"short_text\"><span class=\"hps\">4 K\u00fcken <\/span><\/span>(2022\/06\/07\u20142022\/06\/11).<\/li>\n<li>4 Jungv\u00f6gel beringt (2022\/06\/29).<\/li>\n<li>4 Jungv\u00f6gel fl\u00fcgge.<\/li>\n<\/ul>\n<\/li>\n<li><strong>2023<\/strong>\n<ul>\n<li>Turmfalkenm\u00e4nnchen markiert 2021 mit Ring ES 65004 gefunden (2023\/04\/06).<\/li>\n<li>6 Eier (2023\/04\/15\u20142023\/04\/27).<\/li>\n<li><span class=\"short_text\"><span class=\"hps\">6 K\u00fcken<\/span><\/span> (2023\/05\/22\u20142023\/05\/24).<\/li>\n<li>6 Jungv\u00f6gel beringt (2023\/06\/14).<\/li>\n<li>6 Jungv\u00f6gel fl\u00fcgge.<\/li>\n<li>Jungv\u00f6gel markiert 2023 mit Ring ES 65016 gefunden (2023\/08\/02).<\/li>\n<\/ul>\n<\/li>\n<li><strong>2024<\/strong>\n<ul>\n<li>6 Eier (2024\/04\/08\u20142024\/04\/19).<\/li>\n<li><span class=\"short_text\"><span class=\"hps\">6 K\u00fcken<\/span><\/span> (2024\/05\/14\u20142024\/05\/17).<\/li>\n<li>6 Jungv\u00f6gel beringt (2024\/06\/01).<\/li>\n<li>6 Jungv\u00f6gel fl\u00fcgge.<\/li>\n<\/ul>\n<\/li>\n<li><strong>2025<\/strong>\n<ul>\n<li>7 Eier (2025\/04\/03\u20142025\/04\/16).<\/li>\n<li><span class=\"short_text\"><span class=\"hps\">7 K\u00fcken<\/span><\/span> (2025\/05\/11\u20142025\/05\/14).<\/li>\n<li>7 Jungv\u00f6gel beringt (2025\/05\/29).<\/li>\n<li>7 Jungv\u00f6gel fl\u00fcgge.<\/li>\n<\/ul>\n<\/li>\n<li><strong>2026<\/strong>\n<ul>\n<li>7 Eier (2026\/04\/05\u20142026\/04\/18).<\/li>\n<\/ul>\n<\/li>\n<\/ul>\n<blockquote><p><a href=\"https:\/\/tinnunculus.sy-sy.cz\/index.php\/de\/turmfalken-nistergebnisse\/\">Turmfalken Nistergebnisse<\/a><br \/>\n<a style=\"font-size: 1.125rem;\" href=\"https:\/\/docs.google.com\/spreadsheets\/d\/1xjONdl1pv543PLV9Ubq0cllWvj2mcbl26LAHb4btqPI\/edit?usp=sharing\" target=\"_blank\" rel=\"noopener noreferrer\">Statistischer Kalender (Google Sheets)<\/a><br \/>\n<a href=\"https:\/\/tinnunculus.sy-sy.cz\/index.php\/de\/turmfalken-beringung\/\">Turmfalken Beringung<\/a><\/p>\n<p><a href=\"https:\/\/tinnunculus.sy-sy.cz\/index.php\/de\/archiv-2\/\" rel=\"noopener noreferrer\"><em>Photo + video<\/em><\/a><br \/>\n<a href=\"https:\/\/tinnunculus.sy-sy.cz\/index.php\/de\/wetter-fuer-bystrc\/wetterarchiv\/\">Wetterarchiv<\/a><\/p><\/blockquote>\n<p align=\"right\"><a title=\"\u010desky\" href=\"https:\/\/tinnunculus.sy-sy.cz\/index.php\/postolci-sezony\/\"><img data-recalc-dims=\"1\" loading=\"lazy\" decoding=\"async\" class=\"alignnone\" src=\"https:\/\/i0.wp.com\/statni.vlajky.org\/32\/ceska_republika.png?resize=32%2C19\" alt=\"Vlajka \u010cesk\u00e9 republiky\" width=\"32\" height=\"19\" \/><\/a> <a title=\"francais\" href=\"https:\/\/tinnunculus.sy-sy.cz\/index.php\/postolci-sezony\/faucons-crecerelle\/\"><img data-recalc-dims=\"1\" loading=\"lazy\" decoding=\"async\" class=\"alignnone\" src=\"https:\/\/i0.wp.com\/statni.vlajky.org\/32\/francie.png?resize=32%2C18\" alt=\"Vlajka Francie\" width=\"32\" height=\"18\" \/><\/a> <a title=\"english\" href=\"https:\/\/tinnunculus.sy-sy.cz\/index.php\/postolci-sezony\/kestrel-seasons\/\"><img data-recalc-dims=\"1\" loading=\"lazy\" decoding=\"async\" class=\"alignnone\" src=\"https:\/\/i0.wp.com\/statni.vlajky.org\/32\/spojene_kralovstvi.png?resize=32%2C18\" alt=\"Vlajka Spojen\u00e9ho kr\u00e1lovstv\u00ed\" width=\"32\" height=\"18\" \/><\/a><\/p>\n<\/div>\n<\/div>\n","protected":false},"excerpt":{"rendered":"<p>2007&nbsp;5 + 1 Eier (2007\/05\/10). 5 K\u00fcken (2007\/06\/03\u20142007\/06\/04). 5 Jungv\u00f6gel fl\u00fcgge. 2008&nbsp;5 Eier (2008\/05\/05\u20142008\/05\/14). 0 K\u00fcken. 0 Jungv\u00f6gel fl\u00fcgge. 2009&nbsp;4 Eier (2009\/04\/24\u20142009\/05\/01). 3 K\u00fcken (2009\/05\/27\u20142009\/05\/28). 3 Jungv\u00f6gel fl\u00fcgge. 2010&nbsp;6 Eier (2010\/04\/12\u20142010\/04\/22). 6 K\u00fcken (2010\/05\/17\u20142010\/05\/20). 1 Junges gestorben (2010\/05\/31\u20142010\/06\/01). 5 Jungv\u00f6gel fl\u00fcgge. 2011&nbsp;5 Eier (2011\/04\/09\u20142011\/04\/18). 5 K\u00fcken (2011\/05\/14\u20142011\/05\/15). 5 Jungv\u00f6gel fl\u00fcgge. &hellip; <\/p>\n<p class=\"link-more\"><a href=\"https:\/\/tinnunculus.sy-sy.cz\/index.php\/de\/turmfalken\/\" class=\"more-link\">Pokra\u010dovat ve \u010dten\u00ed<span class=\"screen-reader-text\"> &#8222;Turmfalken Nistsaison&#8220;<\/span><\/a><\/p>\n","protected":false},"author":2,"featured_media":0,"parent":0,"menu_order":12,"comment_status":"closed","ping_status":"closed","template":"","meta":{"jetpack_post_was_ever_published":false,"footnotes":""},"categories":[1131,887,1155,766],"tags":[1275,1230,750],"class_list":["post-867","page","type-page","status-publish","hentry","category-unsere-turmfalken","category-falke","category-mieter-und-besucher","category-turmfalke","tag-falke","tag-nestgeschichte","tag-turmfalke-de"],"jetpack_shortlink":"https:\/\/wp.me\/P91gKE-dZ","jetpack-related-posts":[{"id":14416,"url":"https:\/\/tinnunculus.sy-sy.cz\/index.php\/de\/wetter-fuer-bystrc\/wetterarchiv\/wetter-2010\/","url_meta":{"origin":867,"position":0},"title":"Wetter 2010","author":"Zuzana Syrov\u00e1 An\u00fd\u017eov\u00e1","date":"12\/01\/2021","format":false,"excerpt":"2007 \u00a6 2008 \u00a6 2009 \u00a6 2010 \u00a6 2011 \u00a6 2012 \u00a6 2013 \u00a6 2014 \u00a6 2015 \u00a6 2016 \u00a6 2017 \u00a6 2018 \u00a6 2019 \u00a6 2020 \u00a6 2021 \u00a6 2022 \u00a6 2023 \u00a6 2024 \u00a6 2025 \u00a6 2026 \u00a0 Wetter f\u00fcr Bystrc \u00a6 Karten \u00a6\u00a0Wetterarchiv \u00a6\u00a0Umliegende Webcams","rel":"","context":"Podobn\u00fd p\u0159\u00edsp\u011bvek","block_context":{"text":"Podobn\u00fd p\u0159\u00edsp\u011bvek","link":""},"img":{"alt_text":"","src":"https:\/\/i0.wp.com\/tinnunculus.sy-sy.cz\/wp-content\/uploads\/2021\/01\/history_meteoblue_de_2010-1024x830.png?resize=350%2C200&ssl=1","width":350,"height":200,"srcset":"https:\/\/i0.wp.com\/tinnunculus.sy-sy.cz\/wp-content\/uploads\/2021\/01\/history_meteoblue_de_2010-1024x830.png?resize=350%2C200&ssl=1 1x, https:\/\/i0.wp.com\/tinnunculus.sy-sy.cz\/wp-content\/uploads\/2021\/01\/history_meteoblue_de_2010-1024x830.png?resize=525%2C300&ssl=1 1.5x"},"classes":[]},{"id":14411,"url":"https:\/\/tinnunculus.sy-sy.cz\/index.php\/de\/wetter-fuer-bystrc\/wetterarchiv\/wetter-2009\/","url_meta":{"origin":867,"position":1},"title":"Wetter 2009","author":"Zuzana Syrov\u00e1 An\u00fd\u017eov\u00e1","date":"12\/01\/2021","format":false,"excerpt":"2007 \u00a6 2008 \u00a6 2009 \u00a6 2010 \u00a6 2011 \u00a6 2012 \u00a6 2013 \u00a6 2014 \u00a6 2015 \u00a6 2016 \u00a6 2017 \u00a6 2018 \u00a6 2019 \u00a6 2020 \u00a6 2021 \u00a6 2022 \u00a6 2023 \u00a6 2024 \u00a6 2025 \u00a6 2026 \u00a0 Wetter f\u00fcr Bystrc \u00a6 Karten \u00a6\u00a0Wetterarchiv \u00a6\u00a0Umliegende Webcams","rel":"","context":"Podobn\u00fd p\u0159\u00edsp\u011bvek","block_context":{"text":"Podobn\u00fd p\u0159\u00edsp\u011bvek","link":""},"img":{"alt_text":"","src":"https:\/\/i0.wp.com\/tinnunculus.sy-sy.cz\/wp-content\/uploads\/2021\/01\/history_meteoblue_de_2009-1024x830.png?resize=350%2C200&ssl=1","width":350,"height":200,"srcset":"https:\/\/i0.wp.com\/tinnunculus.sy-sy.cz\/wp-content\/uploads\/2021\/01\/history_meteoblue_de_2009-1024x830.png?resize=350%2C200&ssl=1 1x, https:\/\/i0.wp.com\/tinnunculus.sy-sy.cz\/wp-content\/uploads\/2021\/01\/history_meteoblue_de_2009-1024x830.png?resize=525%2C300&ssl=1 1.5x"},"classes":[]},{"id":14399,"url":"https:\/\/tinnunculus.sy-sy.cz\/index.php\/de\/wetter-fuer-bystrc\/wetterarchiv\/wetter-2007\/","url_meta":{"origin":867,"position":2},"title":"Wetter 2007","author":"Zuzana Syrov\u00e1 An\u00fd\u017eov\u00e1","date":"12\/01\/2021","format":false,"excerpt":"2007 \u00a6 2008 \u00a6 2009 \u00a6 2010 \u00a6 2011 \u00a6 2012 \u00a6 2013 \u00a6 2014 \u00a6 2015 \u00a6 2016 \u00a6 2017 \u00a6 2018 \u00a6 2019 \u00a6 2020 \u00a6 2021 \u00a6 2022 \u00a6 2023 \u00a6 2024 \u00a6 2025 \u00a6 2026 \u00a0 Wetter f\u00fcr Bystrc \u00a6 Karten \u00a6\u00a0Wetterarchiv \u00a6\u00a0Umliegende Webcams","rel":"","context":"Podobn\u00fd p\u0159\u00edsp\u011bvek","block_context":{"text":"Podobn\u00fd p\u0159\u00edsp\u011bvek","link":""},"img":{"alt_text":"","src":"https:\/\/i0.wp.com\/tinnunculus.sy-sy.cz\/wp-content\/uploads\/2021\/01\/history_meteoblue_de_2007-1024x830.png?resize=350%2C200&ssl=1","width":350,"height":200,"srcset":"https:\/\/i0.wp.com\/tinnunculus.sy-sy.cz\/wp-content\/uploads\/2021\/01\/history_meteoblue_de_2007-1024x830.png?resize=350%2C200&ssl=1 1x, https:\/\/i0.wp.com\/tinnunculus.sy-sy.cz\/wp-content\/uploads\/2021\/01\/history_meteoblue_de_2007-1024x830.png?resize=525%2C300&ssl=1 1.5x"},"classes":[]},{"id":14404,"url":"https:\/\/tinnunculus.sy-sy.cz\/index.php\/de\/wetter-fuer-bystrc\/wetterarchiv\/wetter-2008\/","url_meta":{"origin":867,"position":3},"title":"Wetter 2008","author":"Zuzana Syrov\u00e1 An\u00fd\u017eov\u00e1","date":"12\/01\/2021","format":false,"excerpt":"2007 \u00a6 2008 \u00a6 2009 \u00a6 2010 \u00a6 2011 \u00a6 2012 \u00a6 2013 \u00a6 2014 \u00a6 2015 \u00a6 2016 \u00a6 2017 \u00a6 2018 \u00a6 2019 \u00a6 2020 \u00a6 2021 \u00a6 2022 \u00a6 2023 \u00a6 2024 \u00a6 2025 \u00a6 2026 \u00a0 Wetter f\u00fcr Bystrc \u00a6 Karten \u00a6\u00a0Wetterarchiv \u00a6\u00a0Umliegende Webcams","rel":"","context":"Podobn\u00fd p\u0159\u00edsp\u011bvek","block_context":{"text":"Podobn\u00fd p\u0159\u00edsp\u011bvek","link":""},"img":{"alt_text":"","src":"https:\/\/i0.wp.com\/tinnunculus.sy-sy.cz\/wp-content\/uploads\/2021\/01\/history_meteoblue_de_2008-1024x830.png?resize=350%2C200&ssl=1","width":350,"height":200,"srcset":"https:\/\/i0.wp.com\/tinnunculus.sy-sy.cz\/wp-content\/uploads\/2021\/01\/history_meteoblue_de_2008-1024x830.png?resize=350%2C200&ssl=1 1x, https:\/\/i0.wp.com\/tinnunculus.sy-sy.cz\/wp-content\/uploads\/2021\/01\/history_meteoblue_de_2008-1024x830.png?resize=525%2C300&ssl=1 1.5x"},"classes":[]},{"id":14156,"url":"https:\/\/tinnunculus.sy-sy.cz\/index.php\/de\/wetter-fuer-bystrc\/wetterarchiv\/","url_meta":{"origin":867,"position":4},"title":"Wetterarchiv","author":"Zuzana Syrov\u00e1 An\u00fd\u017eov\u00e1","date":"12\/01\/2021","format":false,"excerpt":"2007 \u00a6 2008 \u00a6 2009 \u00a6 2010 \u00a6 2011 \u00a6 2012 \u00a6 2013 \u00a6 2014 \u00a6 2015 \u00a6 2016 \u00a6 2017 \u00a6 2018 \u00a6 2019 \u00a6 2020 \u00a6 2021 \u00a6 2022 \u00a6 2023 \u00a6 2024 \u00a6 2025 \u00a6 2026 Wetterstation auf unserem Balkon Wetter f\u00fcr Bystrc \u00a6 Karten \u00a6\u00a0Wetterarchiv \u00a6\u00a0Umliegende\u2026","rel":"","context":"Podobn\u00fd p\u0159\u00edsp\u011bvek","block_context":{"text":"Podobn\u00fd p\u0159\u00edsp\u011bvek","link":""},"img":{"alt_text":"","src":"https:\/\/i0.wp.com\/tinnunculus.sy-sy.cz\/wp-content\/uploads\/2021\/01\/pocasi02-BWL-1024x633.jpg?resize=350%2C200&ssl=1","width":350,"height":200,"srcset":"https:\/\/i0.wp.com\/tinnunculus.sy-sy.cz\/wp-content\/uploads\/2021\/01\/pocasi02-BWL-1024x633.jpg?resize=350%2C200&ssl=1 1x, https:\/\/i0.wp.com\/tinnunculus.sy-sy.cz\/wp-content\/uploads\/2021\/01\/pocasi02-BWL-1024x633.jpg?resize=525%2C300&ssl=1 1.5x"},"classes":[]},{"id":38668,"url":"https:\/\/tinnunculus.sy-sy.cz\/index.php\/de\/wetter-fuer-bystrc\/wetterarchiv\/wetter-2024\/","url_meta":{"origin":867,"position":5},"title":"Wetter 2024","author":"Zuzana Syrov\u00e1 An\u00fd\u017eov\u00e1","date":"02\/01\/2025","format":false,"excerpt":"2007 \u00a6 2008 \u00a6 2009 \u00a6 2010 \u00a6 2011 \u00a6 2012 \u00a6 2013 \u00a6 2014 \u00a6 2015 \u00a6 2016 \u00a6 2017 \u00a6 2018 \u00a6 2019 \u00a6 2020 \u00a6 2021 \u00a6 2022 \u00a6 2023 \u00a6 2024 \u00a6 2025 \u00a6 2026 \u00a0 Wetter f\u00fcr Bystrc \u00a6 Karten \u00a6\u00a0Wetterarchiv \u00a6\u00a0Umliegende Webcams","rel":"","context":"Podobn\u00fd p\u0159\u00edsp\u011bvek","block_context":{"text":"Podobn\u00fd p\u0159\u00edsp\u011bvek","link":""},"img":{"alt_text":"","src":"https:\/\/i0.wp.com\/tinnunculus.sy-sy.cz\/wp-content\/uploads\/2025\/01\/meteogram_history_2024_DE-1024x894.png?resize=350%2C200&ssl=1","width":350,"height":200,"srcset":"https:\/\/i0.wp.com\/tinnunculus.sy-sy.cz\/wp-content\/uploads\/2025\/01\/meteogram_history_2024_DE-1024x894.png?resize=350%2C200&ssl=1 1x, https:\/\/i0.wp.com\/tinnunculus.sy-sy.cz\/wp-content\/uploads\/2025\/01\/meteogram_history_2024_DE-1024x894.png?resize=525%2C300&ssl=1 1.5x"},"classes":[]}],"jetpack_sharing_enabled":true,"_links":{"self":[{"href":"https:\/\/tinnunculus.sy-sy.cz\/index.php\/wp-json\/wp\/v2\/pages\/867","targetHints":{"allow":["GET"]}}],"collection":[{"href":"https:\/\/tinnunculus.sy-sy.cz\/index.php\/wp-json\/wp\/v2\/pages"}],"about":[{"href":"https:\/\/tinnunculus.sy-sy.cz\/index.php\/wp-json\/wp\/v2\/types\/page"}],"author":[{"embeddable":true,"href":"https:\/\/tinnunculus.sy-sy.cz\/index.php\/wp-json\/wp\/v2\/users\/2"}],"replies":[{"embeddable":true,"href":"https:\/\/tinnunculus.sy-sy.cz\/index.php\/wp-json\/wp\/v2\/comments?post=867"}],"version-history":[{"count":10,"href":"https:\/\/tinnunculus.sy-sy.cz\/index.php\/wp-json\/wp\/v2\/pages\/867\/revisions"}],"predecessor-version":[{"id":49108,"href":"https:\/\/tinnunculus.sy-sy.cz\/index.php\/wp-json\/wp\/v2\/pages\/867\/revisions\/49108"}],"wp:attachment":[{"href":"https:\/\/tinnunculus.sy-sy.cz\/index.php\/wp-json\/wp\/v2\/media?parent=867"}],"wp:term":[{"taxonomy":"category","embeddable":true,"href":"https:\/\/tinnunculus.sy-sy.cz\/index.php\/wp-json\/wp\/v2\/categories?post=867"},{"taxonomy":"post_tag","embeddable":true,"href":"https:\/\/tinnunculus.sy-sy.cz\/index.php\/wp-json\/wp\/v2\/tags?post=867"}],"curies":[{"name":"wp","href":"https:\/\/api.w.org\/{rel}","templated":true}]}}