{"id":786,"date":"2017-08-04T15:04:58","date_gmt":"2017-08-04T13:04:58","guid":{"rendered":"http:\/\/tinnunculus.sy-sy.cz\/?page_id=786"},"modified":"2026-05-01T12:16:55","modified_gmt":"2026-05-01T10:16:55","slug":"v-primem-prenosu","status":"publish","type":"page","link":"https:\/\/tinnunculus.sy-sy.cz\/index.php\/v-primem-prenosu\/","title":{"rendered":"V p\u0159\u00edm\u00e9m p\u0159enosu"},"content":{"rendered":"<h5 id=\"anchor-65e333532c8df\"><a href=\"https:\/\/sy-sy.cz\/cam\/webapi\/entry.cgi?api=SYNO.SurveillanceStation.Stream.VideoStreaming&amp;version=1&amp;method=Stream&amp;format=mjpeg&amp;cameraId=2&amp;StmKey=%229853f85e3f00a090389e5f3da7058a2c%22\" target=\"_blank\" rel=\"noopener\"><img loading=\"lazy\" decoding=\"async\" class=\"alignnone\" title=\"Live\" src=\"https:\/\/sy-sy.cz\/cam\/webapi\/entry.cgi?api=SYNO.SurveillanceStation.Stream.VideoStreaming&amp;version=1&amp;method=Stream&amp;format=mjpeg&amp;cameraId=2&amp;StmKey=%229853f85e3f00a090389e5f3da7058a2c%22\" alt=\"Camera 1\" width=\"1920\" height=\"1080\" \/><\/a><\/h5>\n<h5 style=\"text-align: right;\"><a href=\"https:\/\/tinnunculus.sy-sy.cz\/index.php\/nase-kamery\/kamera-0\/\">0<\/a>\u00a6\u00a0<a href=\"https:\/\/tinnunculus.sy-sy.cz\/index.php\/nase-kamery\/kamera-1\/\">1<\/a>\u00a6\u00a0<a href=\"https:\/\/tinnunculus.sy-sy.cz\/index.php\/nase-kamery\/kamera-2\/\">2<\/a>\u00a6\u00a0<a href=\"https:\/\/tinnunculus.sy-sy.cz\/index.php\/nase-kamery\/kamera-3\/\">3<\/a>\u00a6\u00a0<a href=\"https:\/\/tinnunculus.sy-sy.cz\/index.php\/nase-kamery\/kamera-4\/\">4<\/a>\u00a6\u00a0<a href=\"https:\/\/tinnunculus.sy-sy.cz\/index.php\/nase-kamery\/kamera-5\/\">5<\/a>\u00a6\u00a0<a href=\"https:\/\/tinnunculus.sy-sy.cz\/index.php\/nase-kamery\/kamera-6\/\">6<\/a>\u00a6\u00a0<a href=\"https:\/\/tinnunculus.sy-sy.cz\/index.php\/nase-kamery\/kamera-7\/\">7<\/a>\u00a6\u00a0<a href=\"https:\/\/tinnunculus.sy-sy.cz\/index.php\/nase-kamery\/kamera-8\/\">8<\/a>\u00a6\u00a0<a href=\"https:\/\/tinnunculus.sy-sy.cz\/index.php\/nase-kamery\/kamera-9\/\">9<\/a>\u00a6\u00a0<a href=\"https:\/\/tinnunculus.sy-sy.cz\/index.php\/nase-kamery\/kamera-12\/\">12<\/a>\u00a6\u00a0<a href=\"https:\/\/tinnunculus.sy-sy.cz\/index.php\/kamera-13\/\">13<\/a>\u00a6\u00a0<a href=\"https:\/\/tinnunculus.sy-sy.cz\/index.php\/kamera-14\/\">14<\/a>\u00a6\u00a0<a href=\"https:\/\/tinnunculus.sy-sy.cz\/index.php\/nase-kamery\/kamera-15\/\">15<\/a>\u00a6\u00a0<a href=\"https:\/\/tinnunculus.sy-sy.cz\/index.php\/nase-kamery\/kamera-16\/\">16<\/a>\u00a6\u00a0<a href=\"https:\/\/tinnunculus.sy-sy.cz\/index.php\/nase-kamery\/kamera-17\/\">17<\/a>\u00a6\u00a0<a href=\"https:\/\/tinnunculus.sy-sy.cz\/index.php\/kamera-18\/\">18<\/a>\u00a6\u00a0<a href=\"https:\/\/tinnunculus.sy-sy.cz\/index.php\/nase-kamery\/kamera-19\/\">19<\/a>\u00a6\u00a0<a href=\"https:\/\/tinnunculus.sy-sy.cz\/index.php\/nase-kamery\/kamera-20\/\">20<\/a>\u00a6<br \/>\n<a href=\"https:\/\/tinnunculus.sy-sy.cz\/index.php\/nase-kamery\/kamera-10\/\">10<\/a>\u00a6\u00a0\u00a0<a href=\"https:\/\/tinnunculus.sy-sy.cz\/index.php\/nase-kamery\/kamera-11\/\">11<\/a>\u00a6<br \/>\n<a href=\"https:\/\/tinnunculus.sy-sy.cz\/index.php\/v-primem-prenosu\/nase-kamery\/seznam-kamer\/kamera-21\/\">21<\/a>\u00a6<\/h5>\n<p>&nbsp;<\/p>\n<p style=\"text-align: left;\">Kameru ke sledov\u00e1n\u00ed zvol\u00edte kliknut\u00edm na \u010d\u00edslo kamery nebo ji m\u016f\u017eete vybrat ze <a href=\"https:\/\/tinnunculus.sy-sy.cz\/index.php\/nase-kamery\/seznam-kamer\/\">seznamu kamer<\/a>. V\u00edce na str\u00e1nce <a href=\"https:\/\/tinnunculus.sy-sy.cz\/index.php\/nase-kamery\/\">Na\u0161e kamery<\/a>.<br \/>\nK&nbsp;dispozici jsou skupiny kamer:\u00a0\u00a0<a href=\"https:\/\/tinnunculus.sy-sy.cz\/index.php\/v-primem-prenosu\/nase-kamery\/seznam-kamer\/kamera-1\/1-postolci-lodzie\/\">z po\u0161tol\u010d\u00ed lod\u017eie<\/a> (<a href=\"https:\/\/tinnunculus.sy-sy.cz\/index.php\/nase-kamery\/webkamery-z-nasi-lodzie\/\">hn\u00edzdo<\/a>,\u00a0<a href=\"https:\/\/tinnunculus.sy-sy.cz\/index.php\/webkamery-z-nasi-lodzie-bidylka\/\">bid\u00fdlka<\/a>,\u00a0<a href=\"https:\/\/tinnunculus.sy-sy.cz\/index.php\/nase-kamery\/webkamery-z-nasi-lodzie-zabradli\/\">z\u00e1bradl\u00ed<\/a>,\u00a0<a href=\"https:\/\/tinnunculus.sy-sy.cz\/index.php\/nase-kamery\/webkamery-z-nasi-lodzie-za-oknem\/\">za oknem<\/a>,\u00a0<a href=\"https:\/\/tinnunculus.sy-sy.cz\/index.php\/nase-kamery\/webkamery-z-nasi-lodzie-za-oknem-2\/\">na podlaze<\/a>, <a href=\"https:\/\/tinnunculus.sy-sy.cz\/index.php\/v-primem-prenosu\/nase-kamery\/webkamery-z-nasi-lodzie-rorysovnik\/\">ror\u00fdsovn\u00edk<\/a>), <a href=\"https:\/\/tinnunculus.sy-sy.cz\/index.php\/v-primem-prenosu\/nase-kamery\/seznam-kamer\/kamera-10\/kamera-10-rorysovnik\/\">z okol\u00ed ror\u00fdsovn\u00edku<\/a> a&nbsp;<a href=\"https:\/\/tinnunculus.sy-sy.cz\/index.php\/v-primem-prenosu\/nase-kamery\/seznam-kamer\/kamera-21\/21-postolky-za-oknem-kuchyne\/\">z po\u0161tol\u010d\u00edho okna<\/a>.<br \/>\n<span style=\"font-size: 1rem;\">Testujeme rovn\u011b\u017e \u017eiv\u00e9 vys\u00edl\u00e1n\u00ed na na\u0161em po\u0161tol\u010d\u00edm YouTube kan\u00e1lu <\/span><a style=\"font-size: 1rem;\" href=\"https:\/\/www.youtube.com\/channel\/UCx1tb6S-HFz_XUyk2bGxavw\" target=\"_blank\" rel=\"noopener\">Falco tinnunculus brunensis<\/a><span style=\"font-size: 1rem;\">. <\/span><span style=\"font-size: 1rem;\">Aktu\u00e1ln\u00ed \u017eiv\u00e9 p\u0159enosy najdete na str\u00e1nce <\/span><a style=\"font-size: 1rem;\" href=\"https:\/\/tinnunculus.sy-sy.cz\/index.php\/nase-kamery\/zive-vysilani-youtube\/\">YouTube \u2013 \u017eiv\u00e9 vys\u00edl\u00e1n\u00ed<\/a>.<\/p>\n<p>Po\u0161tolky hn\u00edzd\u00ed v&nbsp;na\u0161\u00ed lod\u017eii pravideln\u011b od roku 2007. On z&nbsp;leto\u0161n\u00edho p\u00e1ru <span class=\"style-scope yt-formatted-string\" dir=\"auto\">u n\u00e1s bydl\u00ed od listopadu 2019. S&nbsp;p\u0159edchoz\u00ed sami\u010dkou (bydlela u&nbsp;n\u00e1s od \u010dervence 2018 do ledna 2022) vyvedl v&nbsp;roce 2020&nbsp;6 ml\u00e1\u010fat a&nbsp;v&nbsp;roce 2021&nbsp;4 mlad\u00e9. S&nbsp;aktu\u00e1ln\u00ed pan\u00ed po\u0161tolkou, kter\u00e1 se tu poprv\u00e9 objevila 12.&nbsp;\u00fanora 2022, pak 4 mlad\u00e9 v&nbsp;roce 2022, v&nbsp;roce 2023 a&nbsp;2024&nbsp;6 mlad\u00fdch a&nbsp;vloni dokonce 7 mlad\u00fdch.\u00a0<\/span><\/p>\n<p>Oba u&nbsp;n\u00e1s str\u00e1vili zimu 2025\u201426. N\u00e1mluvy za\u010daly koncem \u00fanora. Prvn\u00ed vejce bylo sneseno 5.&nbsp;dubna (9:15\u20149:17), druh\u00e9 7.&nbsp;dubna (9:57), t\u0159et\u00ed 9.&nbsp;dubna (11:18), \u010dtvrt\u00e9 11.&nbsp;dubna (14:34), p\u00e1t\u00e9 13.&nbsp;dubna (18:08), \u0161est\u00e9 v&nbsp;noci z&nbsp;15.&nbsp;na 16.&nbsp;dubna (p\u0159ed 5:55), sedm\u00e9 18.&nbsp;dubna (p\u0159ed 6:10).<\/p>\n<p><strong>Aktu\u00e1ln\u011b<\/strong>\u00a0 od ve\u010dera 15.&nbsp;dubna sed\u00ed po\u0161tolka trvale na vejc\u00edch.<br \/>\n<span style=\"font-weight: 400;\">Inkubace by m\u011bla trvat p\u0159ibli\u017en\u011b 28 dn\u00ed, z&nbsp;nich\u017e ji\u017e uplynulo  <span class=\"dhcountup\" data-time=\"1764118\">20 dn\u016f 10 hodin<\/span> .<\/span><\/p>\n<p style=\"text-align: left;\">I p\u0159es p\u0159\u00edtomnost po\u0161tolek se v&nbsp;na\u0161\u00ed lod\u017eii objevuje i&nbsp;nejr\u016fzn\u011bj\u0161\u00ed drobotina jako soused\u00e9 \u0161pa\u010dci, rehci, s\u00fdkory a&nbsp;n\u011bkdy i&nbsp;brhl\u00edk,\u00a0 A&nbsp;pak jsou tu i&nbsp;holubi, kter\u00fdm se na\u0161e lod\u017eie zd\u00e1 b\u00fdt ide\u00e1ln\u00edm m\u00edstem pro hn\u00edzd\u011bn\u00ed. Po\u0161tolky ji v\u0161ak dob\u0159e hl\u00eddaj\u00ed a&nbsp;tak se holubi a&nbsp;jin\u00ed vet\u0159elci dr\u017e\u00ed sp\u00ed\u0161e v&nbsp;uctiv\u00e9 vzd\u00e1lenosti od po\u0161tolek.<\/p>\n<p>Ror\u00fdsovn\u00edk nad oknem hned vedle lod\u017eie byl od konce \u010dervence lo\u0148sk\u00e9ho roku pr\u00e1zdn\u00fd stejn\u011b jako budka pro ror\u00fdsy na parapetu okna vedle po\u0161tol\u010d\u00ed lod\u017eie, ve kter\u00e9 vloni zahn\u00edzdily s\u00fdkorky.<br \/>\nDo na\u0161\u00ed ulice se ale ror\u00fdsi vr\u00e1tili u\u017e 1.&nbsp;kv\u011btna.<\/p>\n<p>&nbsp;<\/p>\n<p><em>O pr\u016fb\u011bhu sez\u00f3ny <\/em><em><a href=\"https:\/\/tinnunculus.sy-sy.cz\/index.php\/deniky\/2026-2\/\">2026<\/a>.<\/em><\/p>\n<p>Aktu\u00e1ln\u00ed podm\u00ednky:<br \/>\n<a href=\"https:\/\/tinnunculus.sy-sy.cz\/index.php\/pocasi-u-nas\/\" target=\"_blank\" rel=\"noopener noreferrer\">po\u010das\u00ed u&nbsp;n\u00e1s<\/a> \u00a6 <a href=\"http:\/\/portal.chmi.cz\/files\/portal\/docs\/meteo\/kam\/prohlizec.html?cam=brno\" target=\"_blank\" rel=\"noopener noreferrer\">webov\u00e1 kamera \u010cHM\u00da<\/a> \u00a6 <a href=\"https:\/\/www.timeanddate.com\/astronomy\/@3078308\" target=\"_blank\" rel=\"noopener noreferrer\">slunce a&nbsp;m\u011bs\u00edc<\/a><\/p>\n<p>&nbsp;<\/p>\n<p>Aktualizov\u00e1no <span class=\"last-modified-timestamp\">01\/05\/2026 12:16<\/span><\/p>\n","protected":false},"excerpt":{"rendered":"<p>0\u00a6\u00a01\u00a6\u00a02\u00a6\u00a03\u00a6\u00a04\u00a6\u00a05\u00a6\u00a06\u00a6\u00a07\u00a6\u00a08\u00a6\u00a09\u00a6\u00a012\u00a6\u00a013\u00a6\u00a014\u00a6\u00a015\u00a6\u00a016\u00a6\u00a017\u00a6\u00a018\u00a6\u00a019\u00a6\u00a020\u00a6 10\u00a6\u00a0\u00a011\u00a6 21\u00a6 &nbsp; Kameru ke sledov\u00e1n\u00ed zvol\u00edte kliknut\u00edm na \u010d\u00edslo kamery nebo ji m\u016f\u017eete vybrat ze seznamu kamer. V\u00edce na str\u00e1nce Na\u0161e kamery. K&nbsp;dispozici jsou skupiny kamer:\u00a0\u00a0z po\u0161tol\u010d\u00ed lod\u017eie (hn\u00edzdo,\u00a0bid\u00fdlka,\u00a0z\u00e1bradl\u00ed,\u00a0za oknem,\u00a0na podlaze, ror\u00fdsovn\u00edk), z&nbsp;okol\u00ed ror\u00fdsovn\u00edku a&nbsp;z&nbsp;po\u0161tol\u010d\u00edho okna. Testujeme rovn\u011b\u017e \u017eiv\u00e9 vys\u00edl\u00e1n\u00ed na na\u0161em po\u0161tol\u010d\u00edm YouTube kan\u00e1lu Falco tinnunculus brunensis. Aktu\u00e1ln\u00ed \u017eiv\u00e9 p\u0159enosy &hellip; <\/p>\n<p class=\"link-more\"><a href=\"https:\/\/tinnunculus.sy-sy.cz\/index.php\/v-primem-prenosu\/\" class=\"more-link\">Pokra\u010dovat ve \u010dten\u00ed<span class=\"screen-reader-text\"> &#8222;V&nbsp;p\u0159\u00edm\u00e9m p\u0159enosu&#8220;<\/span><\/a><\/p>\n","protected":false},"author":2,"featured_media":0,"parent":0,"menu_order":40,"comment_status":"closed","ping_status":"closed","template":"","meta":{"jetpack_post_was_ever_published":false,"footnotes":""},"categories":[147,148,119,116,149,105,110,1596,1598,114],"tags":[1536,85,1034,90,91,22],"class_list":["post-786","page","type-page","status-publish","hentry","category-nase-postolky","category-nasi-rorysi","category-info","category-nasi","category-z-nasi-lodzie","category-postolka","category-postolka-obecna","category-postolky-z-nasi-lodzie","category-postolky-za-oknem-nasi-kuchyne","category-zivy-prenos","tag-1536","tag-ps_73","tag-postolka","tag-ps_96","tag-ps_95","tag-ps_7"],"jetpack_shortlink":"https:\/\/wp.me\/P91gKE-cG","jetpack-related-posts":[{"id":9021,"url":"https:\/\/tinnunculus.sy-sy.cz\/index.php\/historie-rorysi\/","url_meta":{"origin":786,"position":0},"title":"Historie ror\u00fds\u00ed","author":"Zuzana Syrov\u00e1 An\u00fd\u017eov\u00e1","date":"18\/10\/2020","format":false,"excerpt":"2015\/05\/05 - n\u00e1vrat ror\u00fds\u016f 2016\/08\/?? - instalace ror\u00fdsovn\u00edku nad oknem vedle lod\u017eie 2017\/04\/29 - n\u00e1vrat ror\u00fds\u016f 2018\/05\/04 - n\u00e1vrat ror\u00fds\u016f 2019\/05\/05 - n\u00e1vrat ror\u00fds\u016f 2020\/05\/07 - n\u00e1vrat ror\u00fds\u016f 2020\/05\/18 - po\u0161tol\u010d\u00ed same\u010dek p\u0159in\u00e1\u0161\u00ed ror\u00fdse (prvn\u00ed zaznamenan\u00fd p\u0159\u00edpad) 2020\/07\/12 - z\u00e1chrana ror\u00fdska, kter\u00fd nezvl\u00e1dl prvn\u00ed let 2021\/05\/09 - n\u00e1vrat ror\u00fds\u016f 2022\/05\/11\u2026","rel":"","context":"V \u201e\"Na\u0161i\" ror\u00fdsi\u201c","block_context":{"text":"\"Na\u0161i\" ror\u00fdsi","link":"https:\/\/tinnunculus.sy-sy.cz\/index.php\/category\/nasi\/nasi-rorysi\/"},"img":{"alt_text":"","src":"https:\/\/i0.wp.com\/tinnunculus.sy-sy.cz\/wp-content\/uploads\/2017\/08\/20170707_15-07-36_1_uprav.jpg?resize=350%2C200&ssl=1","width":350,"height":200,"srcset":"https:\/\/i0.wp.com\/tinnunculus.sy-sy.cz\/wp-content\/uploads\/2017\/08\/20170707_15-07-36_1_uprav.jpg?resize=350%2C200&ssl=1 1x, https:\/\/i0.wp.com\/tinnunculus.sy-sy.cz\/wp-content\/uploads\/2017\/08\/20170707_15-07-36_1_uprav.jpg?resize=525%2C300&ssl=1 1.5x, https:\/\/i0.wp.com\/tinnunculus.sy-sy.cz\/wp-content\/uploads\/2017\/08\/20170707_15-07-36_1_uprav.jpg?resize=700%2C400&ssl=1 2x"},"classes":[]},{"id":18,"url":"https:\/\/tinnunculus.sy-sy.cz\/index.php\/a-homepage-section\/","url_meta":{"origin":786,"position":1},"title":"O my\u0161\u00edch a&nbsp;po\u0161tolk\u00e1ch","author":"Zuzana Syrov\u00e1 An\u00fd\u017eov\u00e1","date":"28\/07\/2017","format":false,"excerpt":"Pro\u010d o po\u0161tolk\u00e1ch? Za d\u00e1vn\u00fdch a d\u00e1vn\u00fdch \u010das\u016f, n\u011bkdy t\u011bsn\u011b po roce 1986, kdy jsme se nast\u011bhovali do nov\u00e9ho bytu v panelov\u00e9m dom\u011b v s\u00eddli\u0161ti na okraji Brna, se v na\u0161\u00ed lod\u017eii objevily po\u0161tolky. Dlouh\u00e1 l\u00e9ta byla jejich obl\u00edben\u00fdm m\u00edstem pro p\u0159esp\u00e1n\u00ed a od roku 2007 zde i hn\u00edzd\u00ed. Vybraly\u2026","rel":"","context":"V \u201e\"Na\u0161e\" po\u0161tolky\u201c","block_context":{"text":"\"Na\u0161e\" po\u0161tolky","link":"https:\/\/tinnunculus.sy-sy.cz\/index.php\/category\/nasi\/nase-postolky\/"},"img":{"alt_text":"","src":"https:\/\/i0.wp.com\/tinnunculus.sy-sy.cz\/wp-content\/uploads\/2017\/08\/dsc22907_24x10cb-e1501697514766.jpg?fit=1200%2C500&ssl=1&resize=350%2C200","width":350,"height":200,"srcset":"https:\/\/i0.wp.com\/tinnunculus.sy-sy.cz\/wp-content\/uploads\/2017\/08\/dsc22907_24x10cb-e1501697514766.jpg?fit=1200%2C500&ssl=1&resize=350%2C200 1x, https:\/\/i0.wp.com\/tinnunculus.sy-sy.cz\/wp-content\/uploads\/2017\/08\/dsc22907_24x10cb-e1501697514766.jpg?fit=1200%2C500&ssl=1&resize=525%2C300 1.5x, https:\/\/i0.wp.com\/tinnunculus.sy-sy.cz\/wp-content\/uploads\/2017\/08\/dsc22907_24x10cb-e1501697514766.jpg?fit=1200%2C500&ssl=1&resize=700%2C400 2x, https:\/\/i0.wp.com\/tinnunculus.sy-sy.cz\/wp-content\/uploads\/2017\/08\/dsc22907_24x10cb-e1501697514766.jpg?fit=1200%2C500&ssl=1&resize=1050%2C600 3x"},"classes":[]},{"id":1928,"url":"https:\/\/tinnunculus.sy-sy.cz\/index.php\/odkazy\/","url_meta":{"origin":786,"position":2},"title":"Odkazy","author":"Zuzana Syrov\u00e1 An\u00fd\u017eov\u00e1","date":"14\/08\/2017","format":false,"excerpt":"Hrabo\u0161 poln\u00ed (Microtus arvalis) My\u0161 dom\u00e1c\u00ed (Mus musculus) Po\u0161tolka obecn\u00e1 (Falco tinnunculus) Ror\u00fds obecn\u00fd (Apus apus) Faunistick\u00e1 datab\u00e1ze \u010cSO: Po\u0161tolka obecn\u00e1 (Falco tinnunclus) in Avif Ror\u00fds obecn\u00fd (Apus apus) in Avif P\u0159\u00edm\u00e9 p\u0159enosy: Po\u0161tolka obecn\u00e1 (Falco tinnunculus) online Ror\u00fds obecn\u00fd (Apus apus) online Dal\u0161\u00ed druhy pt\u00e1k\u016f online: View Nesting Birds\u2026","rel":"","context":"Podobn\u00fd p\u0159\u00edsp\u011bvek","block_context":{"text":"Podobn\u00fd p\u0159\u00edsp\u011bvek","link":""},"img":{"alt_text":"","src":"","width":0,"height":0},"classes":[]},{"id":14,"url":"https:\/\/tinnunculus.sy-sy.cz\/","url_meta":{"origin":786,"position":3},"title":"\u00davod","author":"Zuzana Syrov\u00e1 An\u00fd\u017eov\u00e1","date":"28\/07\/2017","format":false,"excerpt":"Tyto str\u00e1nky a blog \u010dili blok aneb z\u00e1pisn\u00edk navazuj\u00ed na star\u0161\u00ed blog O\u00a0my\u0161\u00edch a po\u0161tolk\u00e1ch,\u00a0 kter\u00fd jsme za\u010dali v\u00e9st v roce 2014.\u00a0 Jsou v\u011bnov\u00e1ny p\u0159edev\u0161\u00edm po\u0161tolk\u00e1m, kter\u00e9 se rozhodly \u017e\u00edt s n\u00e1mi pod jednou st\u0159echou v lod\u017eii na\u0161\u00ed dom\u00e1c\u00ed kancel\u00e1\u0159e, a od roku 2007 zde tak\u00e9 hn\u00edzd\u00ed.\u00a0 O p\u00e1r let\u2026","rel":"","context":"Podobn\u00fd p\u0159\u00edsp\u011bvek","block_context":{"text":"Podobn\u00fd p\u0159\u00edsp\u011bvek","link":""},"img":{"alt_text":"","src":"","width":0,"height":0},"classes":[]},{"id":10473,"url":"https:\/\/tinnunculus.sy-sy.cz\/index.php\/faq-aneb-ckd\/","url_meta":{"origin":786,"position":4},"title":"FAQ aneb \u010cKD","author":"Zuzana Syrov\u00e1 An\u00fd\u017eov\u00e1","date":"15\/02\/2020","format":false,"excerpt":"\u00a0 Na tomto m\u00edst\u011b najdete postupn\u011b dopl\u0148ovan\u00e9 odpov\u011bdi na \u010dasto kladen\u00e9 dotazy (odtud zkratka \u010cKD). Pokud nenajdete odpov\u011b\u010f na Va\u0161i ot\u00e1zku, nev\u00e1hejte n\u00e1m napsat. K naps\u00e1n\u00ed dotazu m\u016f\u017eete pou\u017e\u00edt po\u0161tol\u010d\u00ed formul\u00e1\u0159. P\u0159ed zad\u00e1n\u00edm dotazu se pod\u00edvejte i na str\u00e1nky s obecn\u00fdmi informacemi o po\u0161tok\u00e1ch:\u00a0 Po\u0161tolka obecn\u00e1 | obecn\u011b, ror\u00fdsech: Ror\u00fds\u2026","rel":"","context":"Podobn\u00fd p\u0159\u00edsp\u011bvek","block_context":{"text":"Podobn\u00fd p\u0159\u00edsp\u011bvek","link":""},"img":{"alt_text":"","src":"https:\/\/i0.wp.com\/tinnunculus.sy-sy.cz\/wp-content\/uploads\/2020\/02\/dsc29195_BW-1-1024x657.jpg?resize=350%2C200&ssl=1","width":350,"height":200,"srcset":"https:\/\/i0.wp.com\/tinnunculus.sy-sy.cz\/wp-content\/uploads\/2020\/02\/dsc29195_BW-1-1024x657.jpg?resize=350%2C200&ssl=1 1x, https:\/\/i0.wp.com\/tinnunculus.sy-sy.cz\/wp-content\/uploads\/2020\/02\/dsc29195_BW-1-1024x657.jpg?resize=525%2C300&ssl=1 1.5x"},"classes":[]},{"id":9280,"url":"https:\/\/tinnunculus.sy-sy.cz\/index.php\/v-primem-prenosu\/nase-kamery\/seznam-kamer\/kamera-10\/","url_meta":{"origin":786,"position":5},"title":"Kamera 10","author":"Zuzana Syrov\u00e1 An\u00fd\u017eov\u00e1","date":"11\/09\/2019","format":false,"excerpt":"0\u00a6\u00a01\u00a6\u00a02\u00a6\u00a03\u00a6\u00a04\u00a6\u00a05\u00a6\u00a06\u00a6\u00a07\u00a6\u00a08\u00a6\u00a09\u00a6\u00a012\u00a6\u00a013\u00a6\u00a014\u00a6\u00a015\u00a6\u00a016\u00a6\u00a017\u00a6\u00a018\u00a6\u00a019\u00a6\u00a020\u00a6 10\u00a6\u00a0\u00a011\u00a6 21\u00a6 KAMERA 10 \u00a6 KAMERA 10A \u00a0 \u2190 V p\u0159\u00edm\u00e9m p\u0159enosu z na\u0161\u00ed lod\u017eie \u2190 Na\u0161e kamery \u00a6 Our webcams \u2190 \u00a0YouTube Live","rel":"","context":"V \u201e\"Na\u0161e\" po\u0161tolky\u201c","block_context":{"text":"\"Na\u0161e\" po\u0161tolky","link":"https:\/\/tinnunculus.sy-sy.cz\/index.php\/category\/nasi\/nase-postolky\/"},"img":{"alt_text":"Camera 10","src":"https:\/\/sy-sy.cz\/cam\/webapi\/entry.cgi?api=SYNO.SurveillanceStation.Stream.VideoStreaming&version=1&method=Stream&format=mjpeg&cameraId=68&StmKey=%223b0e33926c7c75440d585f053d8e3021%22","width":350,"height":200,"srcset":"https:\/\/sy-sy.cz\/cam\/webapi\/entry.cgi?api=SYNO.SurveillanceStation.Stream.VideoStreaming&version=1&method=Stream&format=mjpeg&cameraId=68&StmKey=%223b0e33926c7c75440d585f053d8e3021%22 1x, https:\/\/sy-sy.cz\/cam\/webapi\/entry.cgi?api=SYNO.SurveillanceStation.Stream.VideoStreaming&version=1&method=Stream&format=mjpeg&cameraId=68&StmKey=%223b0e33926c7c75440d585f053d8e3021%22 1.5x, https:\/\/sy-sy.cz\/cam\/webapi\/entry.cgi?api=SYNO.SurveillanceStation.Stream.VideoStreaming&version=1&method=Stream&format=mjpeg&cameraId=68&StmKey=%223b0e33926c7c75440d585f053d8e3021%22 2x"},"classes":[]}],"jetpack_sharing_enabled":true,"_links":{"self":[{"href":"https:\/\/tinnunculus.sy-sy.cz\/index.php\/wp-json\/wp\/v2\/pages\/786","targetHints":{"allow":["GET"]}}],"collection":[{"href":"https:\/\/tinnunculus.sy-sy.cz\/index.php\/wp-json\/wp\/v2\/pages"}],"about":[{"href":"https:\/\/tinnunculus.sy-sy.cz\/index.php\/wp-json\/wp\/v2\/types\/page"}],"author":[{"embeddable":true,"href":"https:\/\/tinnunculus.sy-sy.cz\/index.php\/wp-json\/wp\/v2\/users\/2"}],"replies":[{"embeddable":true,"href":"https:\/\/tinnunculus.sy-sy.cz\/index.php\/wp-json\/wp\/v2\/comments?post=786"}],"version-history":[{"count":18,"href":"https:\/\/tinnunculus.sy-sy.cz\/index.php\/wp-json\/wp\/v2\/pages\/786\/revisions"}],"predecessor-version":[{"id":49529,"href":"https:\/\/tinnunculus.sy-sy.cz\/index.php\/wp-json\/wp\/v2\/pages\/786\/revisions\/49529"}],"wp:attachment":[{"href":"https:\/\/tinnunculus.sy-sy.cz\/index.php\/wp-json\/wp\/v2\/media?parent=786"}],"wp:term":[{"taxonomy":"category","embeddable":true,"href":"https:\/\/tinnunculus.sy-sy.cz\/index.php\/wp-json\/wp\/v2\/categories?post=786"},{"taxonomy":"post_tag","embeddable":true,"href":"https:\/\/tinnunculus.sy-sy.cz\/index.php\/wp-json\/wp\/v2\/tags?post=786"}],"curies":[{"name":"wp","href":"https:\/\/api.w.org\/{rel}","templated":true}]}}