{"id":6804,"date":"2018-11-11T19:21:29","date_gmt":"2018-11-11T18:21:29","guid":{"rendered":"http:\/\/tinnunculus.sy-sy.cz\/?page_id=6804"},"modified":"2025-12-14T23:33:36","modified_gmt":"2025-12-14T22:33:36","slug":"postolka-odborne-literarni","status":"publish","type":"page","link":"https:\/\/tinnunculus.sy-sy.cz\/index.php\/postolka-obecna-obecne\/postolka-odborne-literarni\/","title":{"rendered":"Po\u0161tolka odborn\u011b liter\u00e1rn\u00ed"},"content":{"rendered":"<p><img data-recalc-dims=\"1\" loading=\"lazy\" decoding=\"async\" data-attachment-id=\"6818\" data-permalink=\"https:\/\/tinnunculus.sy-sy.cz\/index.php\/postolka-obecna-obecne\/postolka-odborne-literarni\/p1400108u1\/\" data-orig-file=\"https:\/\/i0.wp.com\/tinnunculus.sy-sy.cz\/wp-content\/uploads\/2018\/11\/P1400108u1.jpg?fit=1038%2C773&amp;ssl=1\" data-orig-size=\"1038,773\" data-comments-opened=\"1\" data-image-meta=\"{&quot;aperture&quot;:&quot;3.3&quot;,&quot;credit&quot;:&quot;&quot;,&quot;camera&quot;:&quot;DMC-TZ20&quot;,&quot;caption&quot;:&quot;&quot;,&quot;created_timestamp&quot;:&quot;1538323261&quot;,&quot;copyright&quot;:&quot;&quot;,&quot;focal_length&quot;:&quot;4.3&quot;,&quot;iso&quot;:&quot;200&quot;,&quot;shutter_speed&quot;:&quot;0.066666666666667&quot;,&quot;title&quot;:&quot;&quot;,&quot;orientation&quot;:&quot;1&quot;}\" data-image-title=\"P1400108u1\" data-image-description=\"\" data-image-caption=\"\" data-large-file=\"https:\/\/i0.wp.com\/tinnunculus.sy-sy.cz\/wp-content\/uploads\/2018\/11\/P1400108u1.jpg?fit=525%2C391&amp;ssl=1\" class=\"aligncenter wp-image-6818 size-large\" src=\"https:\/\/i0.wp.com\/tinnunculus.sy-sy.cz\/wp-content\/uploads\/2018\/11\/P1400108u1.jpg?resize=525%2C391&#038;ssl=1\" alt=\"\" width=\"525\" height=\"391\" srcset=\"https:\/\/i0.wp.com\/tinnunculus.sy-sy.cz\/wp-content\/uploads\/2018\/11\/P1400108u1.jpg?resize=1024%2C763&amp;ssl=1 1024w, https:\/\/i0.wp.com\/tinnunculus.sy-sy.cz\/wp-content\/uploads\/2018\/11\/P1400108u1.jpg?resize=300%2C223&amp;ssl=1 300w, https:\/\/i0.wp.com\/tinnunculus.sy-sy.cz\/wp-content\/uploads\/2018\/11\/P1400108u1.jpg?resize=768%2C572&amp;ssl=1 768w, https:\/\/i0.wp.com\/tinnunculus.sy-sy.cz\/wp-content\/uploads\/2018\/11\/P1400108u1.jpg?w=1038&amp;ssl=1 1038w\" sizes=\"auto, (max-width: 525px) 100vw, 525px\" \/><\/p>\n<p>BAL\u00c1T, Franti\u0161ek. <i>Kl\u00ed\u010d k&nbsp;ur\u010dov\u00e1n\u00ed na\u0161ich pt\u00e1k\u016f v&nbsp;p\u0159\u00edrod\u011b<\/i>. Praha: Academia, 1986.<\/p>\n<p>BEDN\u00c1\u0158, Ji\u0159\u00ed. <i>Dravci<\/i>. \u010castolovice: [Ji\u0159\u00ed Bedn\u00e1\u0159], 2015. ISBN 978-80-260-8641-3.<\/p>\n<p>BIRKHEAD, Mike. <span class=\"fn\"><span dir=\"ltr\"><em>The kestrel in the town<\/em>.\u00a0 Methuen, 1988.<br \/>\n<\/span><\/span><\/p>\n<p>BREHM, Alfred. <i>Brehm\u016fv ilustrovan\u00fd \u017eivot zv\u00ed\u0159at<\/i>. D\u00edl 5, Pt\u00e1ci. Lidov\u00e9 vyd\u00e1n\u00ed. Praha: Sfinx, 1926. Nov\u00e9 c\u00edle.<\/p>\n<p>DUNGEL, Jan a&nbsp;Karel HUDEC. <i>Atlas pt\u00e1k\u016f \u010cesk\u00e9 a&nbsp;Slovensk\u00e9 republiky<\/i>. Praha: Academia, 2001. ISBN 80-200-0927-2.<\/p>\n<p>DUS\u00cdK, M. <i>Po\u0161tolka obecn\u00e1: pt\u00e1k roku 2002<\/i>. Praha: \u010cesk\u00e1 spole\u010dnost ornitologick\u00e1, 2002.<\/p>\n<p>GROSSMAN, Mary Louise a&nbsp;John HAMLET. <i>Birds of prey of the world<\/i>. New York: Bonanza Books, 1988.<\/p>\n<p>HANZ\u00c1K, Jan a&nbsp;Karel HUDEC. <i>Sv\u011btem zv\u00ed\u0159at<\/i>. D\u00edl 2, \u010d\u00e1st 1, Pt\u00e1ci. Praha: St\u00e1tn\u00ed nakladatelstv\u00ed d\u011btsk\u00e9 knihy, 1963. Dostupn\u00e9 tak\u00e9 z: http:\/\/www.digitalniknihovna.cz\/mzk\/uuid\/uuid:1e2dc160-f80b-11e2-9923-005056827e52<\/p>\n<p><a href=\"https:\/\/tinnunculus.sy-sy.cz\/wp-content\/uploads\/2023\/06\/synantropizace-postolky-obecne.pdf\" target=\"_blank\" rel=\"noopener\">HUDEC, Karel. Synantropizace po\u0161tolky obecn\u00e9. \u017diva 34(1): 34-35. ISSN 0044-4812<\/a><\/p>\n<p>HUDEC, Karel a&nbsp;Karel \u0160\u0164ASTN\u00dd. <i>Pt\u00e1ci<\/i>. 2., p\u0159eprac. a&nbsp;dopl. vyd. Praha: Academia, 1994-. Fauna \u010cR a&nbsp;SR. ISBN 80-200-1113-7. Dostupn\u00e9 tak\u00e9 z: http:\/\/www.digitalniknihovna.cz\/mzk\/uuid\/uuid:90cce7b0-4a90-11e2-b8fd-005056827e52<\/p>\n<p>HUDEC, Karel. <i>Pt\u00e1ci v&nbsp;\u010desk\u00e9m \u017eivot\u011b a&nbsp;kultu\u0159e<\/i>. Praha: Academia, 2017. ISBN 978-80-200-2628-6.<\/p>\n<p>JIRS\u00cdK, Josef. <i>Na\u0161i dravci: pro lesn\u00ed person\u00e1l, lovce, roln\u00edky, u\u010ditelstvo, ornithology a&nbsp;p\u0159\u00e1tele p\u0159\u00edrody<\/i>. Praha: O. Jan\u00e1\u010dek, 1941. Na\u0161i pt\u00e1ci.<\/p>\n<p>JIRS\u00cdK, Josef. <i>Na\u0161i dravci<\/i>. 2.&nbsp;dopl. vyd. Praha, [1948].<\/p>\n<p>KLVA\u0147OV\u00c1, Alena et al. <em>Pt\u00e1ci lidsk\u00fdch s\u00eddel: p\u0159\u00edru\u010dka<\/em>. Praha: \u010cesk\u00e1 spole\u010dnost ornitologick\u00e1, 2020. ISBN 978-80-87572-34-4.<\/p>\n<p>KU\u010cERA, Miloslav. <i>Nevinn\u00ed jako sk\u0159iv\u00e1nci<\/i>. \u017dilina: Kni\u017en\u00e9 centrum, 1996. ISBN 80-88723-33-7.<\/p>\n<p>MARTI\u0160KO, Josef. <i>Ochrana dravc\u016f a&nbsp;sov v&nbsp;zem\u011bd\u011blsky vyu\u017e\u00edvan\u00e9 krajin\u011b<\/i>. Brno: EkoCentrum, 1999. ISBN 80-902203-8-X. Dostupn\u00e9 tak\u00e9 z: http:\/\/www.digitalniknihovna.cz\/mzk\/uuid\/uuid:4cc8c9c0-df28-11e3-b110-005056827e51<\/p>\n<p>MEBS, Theodor. <i>Dravci Evropy: biologie, po\u010detnost, ohro\u017een\u00ed : pro ka\u017ed\u00e9ho, kdo chce dravce ur\u010dit, poznat a&nbsp;chr\u00e1nit<\/i>. 2., dopl. vyd. L\u00edbeznice: V\u00edkend, 2012. ISBN 978-80-7222-816-4.<\/p>\n<p>MIKULICA, Old\u0159ich, Josef PT\u00c1\u010cEK a&nbsp;Miloslav KU\u010cERA. <i>Dravci a&nbsp;sokolnictv\u00ed v&nbsp;\u010cSSR<\/i>. Praha: St\u00e1tn\u00ed zem\u011bd\u011blsk\u00e9 nakladatelstv\u00ed, 1988. Lesnictv\u00ed, myslivost a&nbsp;vodn\u00ed hospod\u00e1\u0159stv\u00ed. Dostupn\u00e9 tak\u00e9 z: http:\/\/www.digitalniknihovna.cz\/mzk\/uuid\/uuid:0b4ba670-1aca-11e3-9319-005056827e51<\/p>\n<p>ML\u00cdKOVSK\u00dd, Ji\u0159\u00ed. <i>Potravn\u00ed ekologie na\u0161ich dravc\u016f a&nbsp;sov<\/i>. Vla\u0161im: \u010cesk\u00fd svaz ochr\u00e1nc\u016f p\u0159\u00edrody, [1998]. Metodika \u010cesk\u00e9ho svazu ochr\u00e1nc\u016f p\u0159\u00edrody. ISBN 80-902469-2-3.<\/p>\n<p>OBHL\u00cdDAL, Franti\u0161ek. <i>Dravci: p\u0159\u00edru\u010dka k&nbsp;ur\u010dov\u00e1n\u00ed na\u0161ich dravc\u016f zejm\u00e9na v&nbsp;p\u0159\u00edrod\u011b<\/i>. Praha: St\u00e1tn\u00ed zem\u011bd\u011blsk\u00e9 nakladatelstv\u00ed, 1957. Lesnick\u00e1 knihovna. Dostupn\u00e9 tak\u00e9 z: http:\/\/www.digitalniknihovna.cz\/mzk\/uuid\/uuid:9bcc44c0-0660-11e4-b1a4-005056827e52<\/p>\n<p>PECINA, Pavel. <i>Dravci a&nbsp;sovy<\/i>. Praha: St\u0159edisko st\u00e1tn\u00ed pam\u00e1tkov\u00e9 p\u00e9\u010de a&nbsp;ochrany p\u0159\u00edrody St\u0159edo\u010desk\u00e9ho kraje, 1983. Praktick\u00e1 ochrana p\u0159\u00edrody.<\/p>\n<p><a href=\"https:\/\/tinnunculus.sy-sy.cz\/wp-content\/uploads\/2023\/06\/plesnik-postolka1.pdf\" target=\"_blank\" rel=\"noopener\">PLESN\u00cdK J.: Hn\u00edzdn\u00ed biologie urbanizovan\u00e9 po\u0161tolky obecn\u00e9 (Falco tinunnculus). Sborn\u00edk V\u010cP \u010cSO 8\/1986: 1 \u2013 13.<\/a><\/p>\n<p><a href=\"https:\/\/tinnunculus.sy-sy.cz\/wp-content\/uploads\/2023\/06\/plesnik-postolka.pdf\" target=\"_blank\" rel=\"noopener\">PLESN\u00cdK J., DUS\u00cdK M., BACHURA P., ERBEN M., CIBULKA V. Mimo\u0159\u00e1dn\u011b po\u010detn\u00e9 sn\u016f\u0161ky po\u0161tolky obecn\u00e9 Falco tinnunculus L. a&nbsp;jejich mo\u017en\u00e9 p\u0159\u00ed\u010diny. Sborn\u00edk V\u010cP \u010cSO 10\/1988: 41 \u2013 48.<\/a><\/p>\n<p>RIEGERT J.\u00a0 V\u00fdsledky akce Po\u0161tolka obecn\u00e1 &#8211; pt\u00e1k roku 2002. <a href=\"https:\/\/www.tkv.cz\/pdf\/periodika\/ptacisvet\/10\/01.pdf\" target=\"_blank\" rel=\"noopener\"><em>Pta\u010d\u00ed sv\u011bt<\/em> 10(1)<\/a>: 4-5 (in Cz). ISSN 1801-7525<\/p>\n<p>RENEVEY, Benoi\u0302t a&nbsp;Jacques JEANMONOD.\u00a0<i>Le faucon de l\u2019espoir<\/i>. Neuch\u00e2tel: La Salamandre, 2022. ISBN 978-2-88958-489-5.<\/p>\n<p>RIDDLE, Gordon. <span id=\"productTitle\" class=\"a-size-large\"><em>Seasons with the Kestrel<\/em>. London: Blandford, 1992.<br \/>\n<\/span><\/p>\n<p>RIDDLE, Gordon.<em> Kestrels for company<\/em>.\u00a0 Sutherland: Whittles, 2011.<\/p>\n<p>SCHMID, Ulrich. <i>Pt\u00e1ci na zahrad\u011b: [u\u017eite\u010dn\u00e9 rady pro milovn\u00edky zv\u00ed\u0159at]<\/i>. Praha: Grada, 2012. ISBN 978-80-247-4043-0.<\/p>\n<p>SCHRUBB, Michael.\u00a0 <span id=\"productTitle\" class=\"a-size-large\"><em>The Kestrel (Philip&#8217;s&nbsp;Species Guides)<\/em>.\u00a0 London: Hamlyn, 1993.<br \/>\n<\/span><\/p>\n<p>STRAU\u00df, Daniela. <i>Pt\u00e1ci na\u0161ich zahrad: v&nbsp;\u017eivotn\u00ed velikosti<\/i>. Praha: Grada, 2015. ISBN 978-80-247-5600-4.<\/p>\n<p>STRENNA, Luc a&nbsp;Nicolas BOILEAU.\u00a0<em> La cr\u00e9cerelle ou le noble destin d&#8217;une prol\u00e9taire<\/em>.\u00a0 l&#8217;Harmattan, 2024, ISBN\u00a0978-2-336-40320-5.<\/p>\n<p><a href=\"https:\/\/tinnunculus.sy-sy.cz\/wp-content\/uploads\/2025\/11\/plosone_101371.pdf\" target=\"_blank\" rel=\"noopener\">SUMASGUTNER, Petra, ADRION, Marius, GAMAUF, Anita.\u00a0 Carotenoid coloration and health status of urban Eurasian kestrels (Falco tinnunculus). 2018, PLoS ONE 13(2): e0191956<\/a>.<\/p>\n<p>\u0160\u0164ASTN\u00dd, Karel. <i>Dravci, sokoli &amp; sovy: v&nbsp;ilustrac\u00edch Pavla Proch\u00e1zky<\/i>. Praha: Aventinum, 2017. Artia. ISBN 978-80-7442-086-3.<\/p>\n<p>THIEDE, Walther. <i>Pozn\u00e1v\u00e1me dravce a&nbsp;sovy<\/i>. Praha: V\u00edkend, 2007. Pr\u016fvodce p\u0159\u00edrodou. ISBN 978-80-86891-53-8.<\/p>\n<p>VILLAGE, Andrew. <em>The Kestrel<\/em>. <span id=\"book-publisher\"> London: T&amp; A&nbsp;D Poyser, 1990. <\/span><\/p>\n<p>&#8211;<\/p>\n<p><i>Buteo: \u010dasopis pro ochranu a&nbsp;v\u00fdzkum dravc\u016f a&nbsp;sov p\u0159i&nbsp;\u010cesk\u00e9 spole\u010dnosti ornitologick\u00e9 (SOVDS \u010cSO)<\/i>. P\u0159\u00edbram: \u010cesk\u00e1 spole\u010dnost ornitologick\u00e1, 1988-. ISBN 80-902216-8-8. ISSN 1210-3535.<\/p>\n<p><i>Dravci 1985: sborn\u00edk z&nbsp;ornitologick\u00e9 konference : P\u0159erov 14.-16.&nbsp;11.&nbsp;1985<\/i>. Praha: St\u00e1tn\u00ed zem\u011bd\u011blsk\u00e9 nakladatelstv\u00ed, 1987.<\/p>\n<p><i>Dravci a&nbsp;sovy<\/i>. Praha: Svojtka &amp; Co., 1999. Obrazov\u00fd pr\u016fvodce. ISBN 80-7237-188-6. Dostupn\u00e9 tak\u00e9 z: http:\/\/www.digitalniknihovna.cz\/mzk\/uuid\/uuid:a1819870-027d-11e4-89c6-005056827e51<\/p>\n<p>&nbsp;<\/p>\n<ul>\n<li><a href=\"http:\/\/www.biblioteka.cz\/Pages\/Biblioteky\/Citace_All.aspx\" target=\"_blank\" rel=\"noopener noreferrer\">Z\u00e1znamy p\u0159i\u0159azen\u00e9 druhu po\u0161tolka obecn\u00e1 v&nbsp;\u010cesk\u00e9 p\u0159\u00edrodov\u011bdn\u00e9 bibliot\u00e9ce.<\/a><\/li>\n<\/ul>\n<p>&nbsp;<\/p>\n<ul>\n<li><a href=\"https:\/\/tinnunculus.sy-sy.cz\/index.php\/postolka-obecna-obecne\/\">Po\u0161tolka obecn\u00e1 | obecn\u011b<\/a><\/li>\n<li><a href=\"https:\/\/tinnunculus.sy-sy.cz\/index.php\/postolky-krasne-literarni\/\">Po\u0161tolka kr\u00e1sn\u011b liter\u00e1rn\u00ed<\/a><\/li>\n<\/ul>\n<p>Aktualizov\u00e1no: <span class=\"last-modified-timestamp\">14\/12\/2025 23:33<\/span><\/p>\n","protected":false},"excerpt":{"rendered":"<p>BAL\u00c1T, Franti\u0161ek. Kl\u00ed\u010d k&nbsp;ur\u010dov\u00e1n\u00ed na\u0161ich pt\u00e1k\u016f v&nbsp;p\u0159\u00edrod\u011b. Praha: Academia, 1986. BEDN\u00c1\u0158, Ji\u0159\u00ed. Dravci. \u010castolovice: [Ji\u0159\u00ed Bedn\u00e1\u0159], 2015. ISBN 978-80-260-8641-3. BIRKHEAD, Mike. The kestrel in the town.\u00a0 Methuen, 1988. BREHM, Alfred. Brehm\u016fv ilustrovan\u00fd \u017eivot zv\u00ed\u0159at. D\u00edl 5, Pt\u00e1ci. Lidov\u00e9 vyd\u00e1n\u00ed. Praha: Sfinx, 1926. Nov\u00e9 c\u00edle. DUNGEL, Jan a&nbsp;Karel HUDEC. Atlas pt\u00e1k\u016f \u010cesk\u00e9 a&nbsp;Slovensk\u00e9 republiky. Praha: Academia, &hellip; <\/p>\n<p class=\"link-more\"><a href=\"https:\/\/tinnunculus.sy-sy.cz\/index.php\/postolka-obecna-obecne\/postolka-odborne-literarni\/\" class=\"more-link\">Pokra\u010dovat ve \u010dten\u00ed<span class=\"screen-reader-text\"> &#8222;Po\u0161tolka odborn\u011b liter\u00e1rn\u00ed&#8220;<\/span><\/a><\/p>\n","protected":false},"author":2,"featured_media":0,"parent":6731,"menu_order":1,"comment_status":"closed","ping_status":"closed","template":"","meta":{"jetpack_post_was_ever_published":false,"footnotes":""},"categories":[],"tags":[],"class_list":["post-6804","page","type-page","status-publish","hentry"],"jetpack_shortlink":"https:\/\/wp.me\/P91gKE-1LK","jetpack-related-posts":[{"id":6278,"url":"https:\/\/tinnunculus.sy-sy.cz\/index.php\/postolka-obecna-obecne\/postolky-krasne-literarni\/","url_meta":{"origin":6804,"position":0},"title":"Po\u0161tolka kr\u00e1sn\u011b liter\u00e1rn\u00ed","author":"Zuzana Syrov\u00e1 An\u00fd\u017eov\u00e1","date":"29\/09\/2018","format":false,"excerpt":"ADAMS, Richard. Dalek\u00e1 cesta za domovem. Praha: Mlad\u00e1 fronta, 1986. BEZRU\u010c, Petr. Lolo a druhov\u00e9. V Brn\u011b: Pokorn\u00fd, 1938. BORKOVEC, Petr. Po\u0161tolka nased\u00e1 na vrchol borovice... [online]. Dostupn\u00e9 z\u00a0https:\/\/www.lyrikline.org\/de\/gedichte\/postolka-naseda-na-vrsek-borovice-1498 BORKOVEC, Petr. Pozn\u00e1mka o houb\u00e1ch. In: Listy, 5, 2006. [online]. Dostupn\u00e9 z http:\/\/www.listy.cz\/archiv.php?cislo=065&clanek=050615 BURDOV\u00c1, Anna.\u00a0Vy\u010derpan\u00e1 po\u0161tolka. Ilustroval Zuzana SL\u00c1NSK\u00c1. Nov\u00e9 p\u0159\u00edb\u011bhy\u2026","rel":"","context":"Podobn\u00fd p\u0159\u00edsp\u011bvek","block_context":{"text":"Podobn\u00fd p\u0159\u00edsp\u011bvek","link":""},"img":{"alt_text":"","src":"https:\/\/i0.wp.com\/tinnunculus.sy-sy.cz\/wp-content\/uploads\/2018\/09\/dsc31388uBW-1024x710.jpg?resize=350%2C200&ssl=1","width":350,"height":200,"srcset":"https:\/\/i0.wp.com\/tinnunculus.sy-sy.cz\/wp-content\/uploads\/2018\/09\/dsc31388uBW-1024x710.jpg?resize=350%2C200&ssl=1 1x, https:\/\/i0.wp.com\/tinnunculus.sy-sy.cz\/wp-content\/uploads\/2018\/09\/dsc31388uBW-1024x710.jpg?resize=525%2C300&ssl=1 1.5x"},"classes":[]},{"id":2208,"url":"https:\/\/tinnunculus.sy-sy.cz\/index.php\/odkazy\/o-postolkach\/","url_meta":{"origin":6804,"position":1},"title":"Odkazy: Po\u0161tolka obecn\u00e1","author":"Zuzana Syrov\u00e1 An\u00fd\u017eov\u00e1","date":"15\/10\/2017","format":false,"excerpt":"V \u010de\u0161tin\u011b \u00a6 \u010de\u0161tina: Avibase: Po\u0161tolka obecn\u00e1 \/ Falco tinnunculus Linnaeus, 1758 Po\u0161tolka obecn\u00e1 na Wikipedii \u010cesk\u00e1 spole\u010dnost ornitologick\u00e1: Pt\u00e1k roku 2002 Pt\u00e1k roku 2002 (bro\u017eura \u010cSO) \u010cesk\u00e1 spole\u010dnost ornitologick\u00e1: Skupina pro ochranu a v\u00fdzkum dravc\u016f a sov \u010cesk\u00fd rozhlas: Z\u00e1kladn\u00ed \u00fadaje o po\u0161tolce obecn\u00e9 (hlas pro tento den) iFauna:\u2026","rel":"","context":"Podobn\u00fd p\u0159\u00edsp\u011bvek","block_context":{"text":"Podobn\u00fd p\u0159\u00edsp\u011bvek","link":""},"img":{"alt_text":"","src":"","width":0,"height":0},"classes":[]},{"id":6903,"url":"https:\/\/tinnunculus.sy-sy.cz\/index.php\/v-primem-prenosu\/nase-kamery\/e-mapa\/","url_meta":{"origin":6804,"position":2},"title":"e-Map(a)","author":"Zuzana Syrov\u00e1 An\u00fd\u017eov\u00e1","date":"27\/12\/2018","format":false,"excerpt":"Rozm\u00edst\u011bn\u00ed kamer \u00a6 Locations of cameras \u25cf camera 0 Pohled do lod\u017eie zpoza okna - View of the balcony through the window - AXIS P1364 \u25cf 0 \u25cf camera 1 Bid\u00fdlka a nov\u00e9 hn\u00edzdo \u2013 Part of the balcony near the door with the new nest\u00a0 - AXIS M1135 \u25cf\u2026","rel":"","context":"Podobn\u00fd p\u0159\u00edsp\u011bvek","block_context":{"text":"Podobn\u00fd p\u0159\u00edsp\u011bvek","link":""},"img":{"alt_text":"","src":"https:\/\/i0.wp.com\/tinnunculus.sy-sy.cz\/wp-content\/uploads\/2024\/11\/mapa202411_-1024x589.jpg?resize=350%2C200&ssl=1","width":350,"height":200,"srcset":"https:\/\/i0.wp.com\/tinnunculus.sy-sy.cz\/wp-content\/uploads\/2024\/11\/mapa202411_-1024x589.jpg?resize=350%2C200&ssl=1 1x, https:\/\/i0.wp.com\/tinnunculus.sy-sy.cz\/wp-content\/uploads\/2024\/11\/mapa202411_-1024x589.jpg?resize=525%2C300&ssl=1 1.5x"},"classes":[]},{"id":2210,"url":"https:\/\/tinnunculus.sy-sy.cz\/index.php\/odkazy\/o-rorysech\/","url_meta":{"origin":6804,"position":3},"title":"Odkazy: Ror\u00fds obecn\u00fd","author":"Zuzana Syrov\u00e1 An\u00fd\u017eov\u00e1","date":"15\/10\/2017","format":false,"excerpt":"V \u010de\u0161tin\u011b \u00a6 \u010de\u0161tina: Avibase: Ror\u00fds obecn\u00fd Apus apus (Linnaeus, 1758) Ror\u00fds obecn\u00fd na Wikipedii Ror\u00fdsi na FB \u010cesk\u00e1 spole\u010dnost ornitologick\u00e1: Pt\u00e1k roku 2004 Pt\u00e1k roku 2004 (bro\u017eura \u010cSO) Rorysi.cz (web \u010cSO) P\u0159\u00e1tel\u00e9 ror\u00fds\u016f \u010cesk\u00fd rozhlas : Hlas pro tento den \u010cesk\u00fd rozhlas: T\u011b\u017ek\u00fd \u017eivot ror\u00fdse 1. \u010d\u00e1st, 2. \u010d\u00e1st\u2026","rel":"","context":"Podobn\u00fd p\u0159\u00edsp\u011bvek","block_context":{"text":"Podobn\u00fd p\u0159\u00edsp\u011bvek","link":""},"img":{"alt_text":"","src":"","width":0,"height":0},"classes":[]},{"id":2264,"url":"https:\/\/tinnunculus.sy-sy.cz\/index.php\/odkazy\/o-mysich\/","url_meta":{"origin":6804,"position":4},"title":"Hrabo\u0161 poln\u00ed \u00a6 my\u0161 dom\u00e1c\u00ed","author":"Zuzana Syrov\u00e1 An\u00fd\u017eov\u00e1","date":"15\/10\/2017","format":false,"excerpt":"Hrabo\u0161 poln\u00ed (Microtus arvalis) Hrabo\u0161 poln\u00ed (Microtus arvalis) na Wikipedii P\u0159\u00edroda.cz: Hrabo\u0161 poln\u00ed - Microtus arvalis \u010cesk\u00e1 p\u0159\u00edrodov\u011bdn\u00e1 bibliot\u00e9ka: Seznam citac\u00ed p\u0159i\u0159azen\u00fdch k druhu Hrabo\u0161 poln\u00ed ISOP (AOPK): Microtus arvalis (Pallas, 1778) - hrabo\u0161 poln\u00ed OSEL: Nejrychleji se vyv\u00edjej\u00edc\u00ed savec \u010cSO: Hrabo\u0161 poln\u00ed \u2013 rozcestn\u00edk (nejen) pro zem\u011bd\u011blce a vlastn\u00edky\u2026","rel":"","context":"Podobn\u00fd p\u0159\u00edsp\u011bvek","block_context":{"text":"Podobn\u00fd p\u0159\u00edsp\u011bvek","link":""},"img":{"alt_text":"","src":"","width":0,"height":0},"classes":[]},{"id":16468,"url":"https:\/\/tinnunculus.sy-sy.cz\/index.php\/zasady-ochrany-osobnich-udaju\/nase-kamery-a-ochrana-osobnich-udaju\/","url_meta":{"origin":6804,"position":5},"title":"Na\u0161e kamery a&nbsp;ochrana osobn\u00edch \u00fadaj\u016f","author":"Zuzana Syrov\u00e1 An\u00fd\u017eov\u00e1","date":"04\/06\/2021","format":false,"excerpt":"Na\u0161e kamery, jejich\u017e kompletn\u00ed p\u0159ehled najdete zde,\u00a0 jsou ur\u010deny v\u00fdhradn\u011b k pozorov\u00e1n\u00ed pt\u00e1k\u016f. Osoby, kter\u00e9 vstupuj\u00ed do prostoru lod\u017eie z na\u0161eho bytu jsou sezn\u00e1meny se skute\u010dnost\u00ed, \u017ee\u00a0 tento prostor je kamerami monitorov\u00e1n. Z\u00e1znamy z jejich pohybu uchov\u00e1v\u00e1me s jejich souhlasem pouze v p\u0159\u00edpad\u011b, \u017ee se jedn\u00e1 o ud\u00e1losti bezprost\u0159edn\u011b se\u2026","rel":"","context":"Podobn\u00fd p\u0159\u00edsp\u011bvek","block_context":{"text":"Podobn\u00fd p\u0159\u00edsp\u011bvek","link":""},"img":{"alt_text":"","src":"","width":0,"height":0},"classes":[]}],"jetpack_sharing_enabled":true,"_links":{"self":[{"href":"https:\/\/tinnunculus.sy-sy.cz\/index.php\/wp-json\/wp\/v2\/pages\/6804","targetHints":{"allow":["GET"]}}],"collection":[{"href":"https:\/\/tinnunculus.sy-sy.cz\/index.php\/wp-json\/wp\/v2\/pages"}],"about":[{"href":"https:\/\/tinnunculus.sy-sy.cz\/index.php\/wp-json\/wp\/v2\/types\/page"}],"author":[{"embeddable":true,"href":"https:\/\/tinnunculus.sy-sy.cz\/index.php\/wp-json\/wp\/v2\/users\/2"}],"replies":[{"embeddable":true,"href":"https:\/\/tinnunculus.sy-sy.cz\/index.php\/wp-json\/wp\/v2\/comments?post=6804"}],"version-history":[{"count":3,"href":"https:\/\/tinnunculus.sy-sy.cz\/index.php\/wp-json\/wp\/v2\/pages\/6804\/revisions"}],"predecessor-version":[{"id":44463,"href":"https:\/\/tinnunculus.sy-sy.cz\/index.php\/wp-json\/wp\/v2\/pages\/6804\/revisions\/44463"}],"up":[{"embeddable":true,"href":"https:\/\/tinnunculus.sy-sy.cz\/index.php\/wp-json\/wp\/v2\/pages\/6731"}],"wp:attachment":[{"href":"https:\/\/tinnunculus.sy-sy.cz\/index.php\/wp-json\/wp\/v2\/media?parent=6804"}],"wp:term":[{"taxonomy":"category","embeddable":true,"href":"https:\/\/tinnunculus.sy-sy.cz\/index.php\/wp-json\/wp\/v2\/categories?post=6804"},{"taxonomy":"post_tag","embeddable":true,"href":"https:\/\/tinnunculus.sy-sy.cz\/index.php\/wp-json\/wp\/v2\/tags?post=6804"}],"curies":[{"name":"wp","href":"https:\/\/api.w.org\/{rel}","templated":true}]}}