{"id":45551,"date":"2025-12-30T20:01:07","date_gmt":"2025-12-30T19:01:07","guid":{"rendered":"https:\/\/tinnunculus.sy-sy.cz\/?page_id=45551"},"modified":"2025-12-30T20:01:07","modified_gmt":"2025-12-30T19:01:07","slug":"sezona-2026","status":"publish","type":"page","link":"https:\/\/tinnunculus.sy-sy.cz\/index.php\/deniky\/2026-2\/sezona-2026\/","title":{"rendered":"Sez\u00f3na 2026"},"content":{"rendered":"<div class=\"pt-cv-wrapper\"><div class=\"pt-cv-view pt-cv-collapsible\" id=\"pt-cv-view-77d18a02pb\"><div data-id=\"pt-cv-page-1\" class=\"pt-cv-page\" data-cvc=\"1\"><div class=\"panel-group\" id=\"39b5f0ayh4\"><div class=\"panel panel-default pt-cv-content-item pt-cv-1-col\" >\r\n<div class=\"panel-heading pt-cv-title\">\r\n    <a class=\"panel-title\" data-toggle=\"cvcollapse\" data-parent=\"#39b5f0ayh4\" data-target=\"#5487b5641y\" href='https:\/\/tinnunculus.sy-sy.cz\/index.php\/2026\/01\/01\/silvestrovska-noc-2\/' onclick='event.preventDefault()'>\r\n\t\tSilvestrovsk\u00e1 noc\t<\/a>\r\n\t<\/div>\r\n<div id=\"5487b5641y\" class=\"panel-collapse collapse in\">\r\n\t<div class=\"panel-body\">\r\n\t\t<div class=\"pt-cv-content\"><p><a href=\"https:\/\/i0.wp.com\/tinnunculus.sy-sy.cz\/wp-content\/uploads\/2026\/01\/20251231-180535pe-0-e1767255632845.jpg?ssl=1\" target=\"_blank\" rel=\"noopener\"><img data-recalc-dims=\"1\" loading=\"lazy\" decoding=\"async\" data-attachment-id=\"45580\" data-permalink=\"https:\/\/tinnunculus.sy-sy.cz\/index.php\/2026\/01\/01\/silvestrovska-noc-2\/20251231-180535pe-0\/\" data-orig-file=\"https:\/\/i0.wp.com\/tinnunculus.sy-sy.cz\/wp-content\/uploads\/2026\/01\/20251231-180535pe-0-e1767255632845.jpg?fit=1038%2C584&amp;ssl=1\" data-orig-size=\"1038,584\" data-comments-opened=\"1\" data-image-meta=\"{&quot;aperture&quot;:&quot;0&quot;,&quot;credit&quot;:&quot;&quot;,&quot;camera&quot;:&quot;&quot;,&quot;caption&quot;:&quot;&quot;,&quot;created_timestamp&quot;:&quot;0&quot;,&quot;copyright&quot;:&quot;&quot;,&quot;focal_length&quot;:&quot;0&quot;,&quot;iso&quot;:&quot;0&quot;,&quot;shutter_speed&quot;:&quot;0&quot;,&quot;title&quot;:&quot;&quot;,&quot;orientation&quot;:&quot;0&quot;}\" data-image-title=\"20251231-180535pe-0\" data-image-description=\"\" data-image-caption=\"\" data-medium-file=\"https:\/\/i0.wp.com\/tinnunculus.sy-sy.cz\/wp-content\/uploads\/2026\/01\/20251231-180535pe-0-e1767255632845.jpg?fit=300%2C169&amp;ssl=1\" data-large-file=\"https:\/\/i0.wp.com\/tinnunculus.sy-sy.cz\/wp-content\/uploads\/2026\/01\/20251231-180535pe-0-e1767255632845.jpg?fit=525%2C295&amp;ssl=1\" class=\"aligncenter wp-image-45580 size-large\" src=\"https:\/\/i0.wp.com\/tinnunculus.sy-sy.cz\/wp-content\/uploads\/2026\/01\/20251231-180535pe-0.jpg?resize=525%2C295&#038;ssl=1\" alt=\"\" width=\"525\" height=\"295\" \/><\/a><br \/>\nOpakuje se to ka\u017edoro\u010dn\u011b. Silvestrovsk\u00e1 noc pln\u00e1 \u010dlov\u011b\u010d\u00ed \u201ez\u00e1bavy\u201c \u2013 rachejtl\u00ed, petard a&nbsp;d\u011blbuch\u016f je v\u017edy pro &#8222;na\u0161e&#8220; po\u0161tolky n\u00e1ro\u010dn\u00e1. Letos p\u0159ilet\u011bli jako ka\u017ed\u00fd den t\u011bsn\u011b p\u0159ed setm\u011bn\u00edm. <a href=\"https:\/\/tinnunculus.sy-sy.cz\/index.php\/2026\/01\/01\/silvestrovska-noc-2\/#more-45589\" class=\"more-link\"><span aria-label=\"Pokra\u010dov\u00e1n\u00ed textu Silvestrovsk\u00e1 noc\">(Pokra\u010dov\u00e1n\u00ed textu&hellip;)<\/span><\/a><\/p>\n<\/div>\t<\/div>\r\n<\/div><\/div>\n<div class=\"panel panel-default pt-cv-content-item pt-cv-1-col\" >\r\n<div class=\"panel-heading pt-cv-title\">\r\n    <a class=\"panel-title\" data-toggle=\"cvcollapse\" data-parent=\"#39b5f0ayh4\" data-target=\"#62e74213ni\" href='https:\/\/tinnunculus.sy-sy.cz\/index.php\/2026\/01\/01\/novorocni-navrat\/' onclick='event.preventDefault()'>\r\n\t\tNovoro\u010dn\u00ed n\u00e1vrat\t<\/a>\r\n\t<\/div>\r\n<div id=\"62e74213ni\" class=\"panel-collapse collapse \">\r\n\t<div class=\"panel-body\">\r\n\t\t<div class=\"pt-cv-content\"><p><a href=\"https:\/\/i0.wp.com\/tinnunculus.sy-sy.cz\/wp-content\/uploads\/2026\/01\/20260101-082408pe-0-e1767255579881.jpg?ssl=1\" target=\"_blank\" rel=\"noopener\"><img data-recalc-dims=\"1\" loading=\"lazy\" decoding=\"async\" data-attachment-id=\"45583\" data-permalink=\"https:\/\/tinnunculus.sy-sy.cz\/index.php\/2026\/01\/01\/novorocni-navrat\/20260101-082408pe-0\/\" data-orig-file=\"https:\/\/i0.wp.com\/tinnunculus.sy-sy.cz\/wp-content\/uploads\/2026\/01\/20260101-082408pe-0-e1767255579881.jpg?fit=1038%2C584&amp;ssl=1\" data-orig-size=\"1038,584\" data-comments-opened=\"1\" data-image-meta=\"{&quot;aperture&quot;:&quot;0&quot;,&quot;credit&quot;:&quot;&quot;,&quot;camera&quot;:&quot;&quot;,&quot;caption&quot;:&quot;&quot;,&quot;created_timestamp&quot;:&quot;0&quot;,&quot;copyright&quot;:&quot;&quot;,&quot;focal_length&quot;:&quot;0&quot;,&quot;iso&quot;:&quot;0&quot;,&quot;shutter_speed&quot;:&quot;0&quot;,&quot;title&quot;:&quot;&quot;,&quot;orientation&quot;:&quot;0&quot;}\" data-image-title=\"20260101-082408pe-0\" data-image-description=\"\" data-image-caption=\"\" data-medium-file=\"https:\/\/i0.wp.com\/tinnunculus.sy-sy.cz\/wp-content\/uploads\/2026\/01\/20260101-082408pe-0-e1767255579881.jpg?fit=300%2C169&amp;ssl=1\" data-large-file=\"https:\/\/i0.wp.com\/tinnunculus.sy-sy.cz\/wp-content\/uploads\/2026\/01\/20260101-082408pe-0-e1767255579881.jpg?fit=525%2C295&amp;ssl=1\" class=\"alignnone wp-image-45583 size-large\" src=\"https:\/\/i0.wp.com\/tinnunculus.sy-sy.cz\/wp-content\/uploads\/2026\/01\/20260101-082408pe-0.jpg?resize=525%2C295&#038;ssl=1\" alt=\"\" width=\"525\" height=\"295\" \/><\/a><\/p>\n<p>Pan po\u0161tolka, kter\u00fd str\u00e1vil silvestrovskou noc b\u016fhv\u00edkde venku, se objevil hned po&nbsp;r\u00e1nu. K&nbsp;n\u00e1vratu ho p\u0159im\u011bli drz\u00ed holubi rozvaluj\u00edc\u00ed se v&nbsp;ko\u0161i vedle hn\u00edzda. <a href=\"https:\/\/tinnunculus.sy-sy.cz\/index.php\/2026\/01\/01\/novorocni-navrat\/#more-45597\" class=\"more-link\"><span aria-label=\"Pokra\u010dov\u00e1n\u00ed textu Novoro\u010dn\u00ed n\u00e1vrat\">(Pokra\u010dov\u00e1n\u00ed textu&hellip;)<\/span><\/a><\/p>\n<\/div>\t<\/div>\r\n<\/div><\/div>\n<div class=\"panel panel-default pt-cv-content-item pt-cv-1-col\" >\r\n<div class=\"panel-heading pt-cv-title\">\r\n    <a class=\"panel-title\" data-toggle=\"cvcollapse\" data-parent=\"#39b5f0ayh4\" data-target=\"#a4442066c1\" href='https:\/\/tinnunculus.sy-sy.cz\/index.php\/2026\/01\/03\/hrabos-postolka-a-kavka\/' onclick='event.preventDefault()'>\r\n\t\tHrabo\u0161, po\u0161tolka a&nbsp;kavka\t<\/a>\r\n\t<\/div>\r\n<div id=\"a4442066c1\" class=\"panel-collapse collapse \">\r\n\t<div class=\"panel-body\">\r\n\t\t<div class=\"pt-cv-content\"><p><a href=\"https:\/\/i0.wp.com\/tinnunculus.sy-sy.cz\/wp-content\/uploads\/2026\/01\/20260103-082144pe-0-e1767431049295.jpg?ssl=1\" target=\"_blank\" rel=\"noopener\"><img data-recalc-dims=\"1\" loading=\"lazy\" decoding=\"async\" data-attachment-id=\"45778\" data-permalink=\"https:\/\/tinnunculus.sy-sy.cz\/index.php\/2026\/01\/03\/hrabos-postolka-a-kavka\/20260103-082144pe-0\/\" data-orig-file=\"https:\/\/i0.wp.com\/tinnunculus.sy-sy.cz\/wp-content\/uploads\/2026\/01\/20260103-082144pe-0-e1767431049295.jpg?fit=1038%2C584&amp;ssl=1\" data-orig-size=\"1038,584\" data-comments-opened=\"1\" data-image-meta=\"{&quot;aperture&quot;:&quot;0&quot;,&quot;credit&quot;:&quot;&quot;,&quot;camera&quot;:&quot;&quot;,&quot;caption&quot;:&quot;&quot;,&quot;created_timestamp&quot;:&quot;0&quot;,&quot;copyright&quot;:&quot;&quot;,&quot;focal_length&quot;:&quot;0&quot;,&quot;iso&quot;:&quot;0&quot;,&quot;shutter_speed&quot;:&quot;0&quot;,&quot;title&quot;:&quot;&quot;,&quot;orientation&quot;:&quot;0&quot;}\" data-image-title=\"20260103-082144pe-0\" data-image-description=\"\" data-image-caption=\"\" data-medium-file=\"https:\/\/i0.wp.com\/tinnunculus.sy-sy.cz\/wp-content\/uploads\/2026\/01\/20260103-082144pe-0-e1767431049295.jpg?fit=300%2C169&amp;ssl=1\" data-large-file=\"https:\/\/i0.wp.com\/tinnunculus.sy-sy.cz\/wp-content\/uploads\/2026\/01\/20260103-082144pe-0-e1767431049295.jpg?fit=525%2C295&amp;ssl=1\" class=\"aligncenter wp-image-45778 size-large\" src=\"https:\/\/i0.wp.com\/tinnunculus.sy-sy.cz\/wp-content\/uploads\/2026\/01\/20260103-082144pe-0.jpg?resize=525%2C295&#038;ssl=1\" alt=\"\" width=\"525\" height=\"295\" \/><\/a><\/p>\n<p>I kdy\u017e teplota, alespo\u0148 v&nbsp;na\u0161\u00ed lod\u017eii, nekles\u00e1 p\u0159\u00edli\u0161 pod bod mrazu, tak je p\u0159eci jen zima a&nbsp;potrava se nehled\u00e1 zas tak snadno. Dnes r\u00e1no se proto jist\u00e1 kavka vytrvale pokou\u0161ela sebrat &#8222;na\u0161\u00ed&#8220; pan\u00ed po\u0161tolce hrabo\u0161e. <a href=\"https:\/\/tinnunculus.sy-sy.cz\/index.php\/2026\/01\/03\/hrabos-postolka-a-kavka\/#more-45780\" class=\"more-link\"><span aria-label=\"Pokra\u010dov\u00e1n\u00ed textu Hrabo\u0161, po\u0161tolka a&nbsp;kavka\">(Pokra\u010dov\u00e1n\u00ed textu&hellip;)<\/span><\/a><\/p>\n<\/div>\t<\/div>\r\n<\/div><\/div>\n<div class=\"panel panel-default pt-cv-content-item pt-cv-1-col\" >\r\n<div class=\"panel-heading pt-cv-title\">\r\n    <a class=\"panel-title\" data-toggle=\"cvcollapse\" data-parent=\"#39b5f0ayh4\" data-target=\"#addec7f8jw\" href='https:\/\/tinnunculus.sy-sy.cz\/index.php\/2026\/01\/06\/hrabos-trikralovy\/' onclick='event.preventDefault()'>\r\n\t\tHrabo\u0161 t\u0159\u00edkr\u00e1lov\u00fd\t<\/a>\r\n\t<\/div>\r\n<div id=\"addec7f8jw\" class=\"panel-collapse collapse \">\r\n\t<div class=\"panel-body\">\r\n\t\t<div class=\"pt-cv-content\"><p><a href=\"https:\/\/i0.wp.com\/tinnunculus.sy-sy.cz\/wp-content\/uploads\/2026\/01\/20260106-162254pe-0-e1767713670837.jpg?ssl=1\" target=\"_blank\" rel=\"noopener\"><img data-recalc-dims=\"1\" loading=\"lazy\" decoding=\"async\" data-attachment-id=\"45825\" data-permalink=\"https:\/\/tinnunculus.sy-sy.cz\/index.php\/2026\/01\/06\/hrabos-trikralovy\/20260106-162254pe-0\/\" data-orig-file=\"https:\/\/i0.wp.com\/tinnunculus.sy-sy.cz\/wp-content\/uploads\/2026\/01\/20260106-162254pe-0-e1767713670837.jpg?fit=1038%2C584&amp;ssl=1\" data-orig-size=\"1038,584\" data-comments-opened=\"1\" data-image-meta=\"{&quot;aperture&quot;:&quot;0&quot;,&quot;credit&quot;:&quot;&quot;,&quot;camera&quot;:&quot;&quot;,&quot;caption&quot;:&quot;&quot;,&quot;created_timestamp&quot;:&quot;0&quot;,&quot;copyright&quot;:&quot;&quot;,&quot;focal_length&quot;:&quot;0&quot;,&quot;iso&quot;:&quot;0&quot;,&quot;shutter_speed&quot;:&quot;0&quot;,&quot;title&quot;:&quot;&quot;,&quot;orientation&quot;:&quot;0&quot;}\" data-image-title=\"20260106-162254pe-0\" data-image-description=\"\" data-image-caption=\"\" data-medium-file=\"https:\/\/i0.wp.com\/tinnunculus.sy-sy.cz\/wp-content\/uploads\/2026\/01\/20260106-162254pe-0-e1767713670837.jpg?fit=300%2C169&amp;ssl=1\" data-large-file=\"https:\/\/i0.wp.com\/tinnunculus.sy-sy.cz\/wp-content\/uploads\/2026\/01\/20260106-162254pe-0-e1767713670837.jpg?fit=525%2C295&amp;ssl=1\" class=\"aligncenter wp-image-45825 size-large\" src=\"https:\/\/i0.wp.com\/tinnunculus.sy-sy.cz\/wp-content\/uploads\/2026\/01\/20260106-162254pe-0.jpg?resize=525%2C295&#038;ssl=1\" alt=\"\" width=\"525\" height=\"295\" \/><\/a><\/p>\n<p>I kdy\u017e cel\u00fd den venku a&nbsp;dokonce i&nbsp;v&nbsp;po\u0161tol\u010d\u00ed lod\u017eii mrzlo, pan po\u0161tolka nelenil a&nbsp;p\u0159inesl sv\u00e9 dru\u017ece dar. Asi ho m\u011bl\u00a0 schovan\u00fd n\u011bkde ve sp\u00ed\u017ei, proto\u017ee hrabo\u0161 vypadal jako mra\u017een\u00fd&#8230; <a href=\"https:\/\/tinnunculus.sy-sy.cz\/index.php\/2026\/01\/06\/hrabos-trikralovy\/#more-45824\" class=\"more-link\"><span aria-label=\"Pokra\u010dov\u00e1n\u00ed textu Hrabo\u0161 t\u0159\u00edkr\u00e1lov\u00fd\">(Pokra\u010dov\u00e1n\u00ed textu&hellip;)<\/span><\/a><\/p>\n<\/div>\t<\/div>\r\n<\/div><\/div>\n<div class=\"panel panel-default pt-cv-content-item pt-cv-1-col\" >\r\n<div class=\"panel-heading pt-cv-title\">\r\n    <a class=\"panel-title\" data-toggle=\"cvcollapse\" data-parent=\"#39b5f0ayh4\" data-target=\"#e693799nol\" href='https:\/\/tinnunculus.sy-sy.cz\/index.php\/2026\/01\/18\/letos-poprve\/' onclick='event.preventDefault()'>\r\n\t\tLetos poprv\u00e9\t<\/a>\r\n\t<\/div>\r\n<div id=\"e693799nol\" class=\"panel-collapse collapse \">\r\n\t<div class=\"panel-body\">\r\n\t\t<div class=\"pt-cv-content\"><p><img data-recalc-dims=\"1\" loading=\"lazy\" decoding=\"async\" data-attachment-id=\"45945\" data-permalink=\"https:\/\/tinnunculus.sy-sy.cz\/index.php\/2026\/01\/18\/letos-poprve\/20260118-072106pe-0\/\" data-orig-file=\"https:\/\/i0.wp.com\/tinnunculus.sy-sy.cz\/wp-content\/uploads\/2026\/01\/20260118-072106pe-0-e1768724726179.jpg?fit=1040%2C582&amp;ssl=1\" data-orig-size=\"1040,582\" data-comments-opened=\"1\" data-image-meta=\"{&quot;aperture&quot;:&quot;0&quot;,&quot;credit&quot;:&quot;&quot;,&quot;camera&quot;:&quot;&quot;,&quot;caption&quot;:&quot;&quot;,&quot;created_timestamp&quot;:&quot;0&quot;,&quot;copyright&quot;:&quot;&quot;,&quot;focal_length&quot;:&quot;0&quot;,&quot;iso&quot;:&quot;0&quot;,&quot;shutter_speed&quot;:&quot;0&quot;,&quot;title&quot;:&quot;&quot;,&quot;orientation&quot;:&quot;0&quot;}\" data-image-title=\"20260118-072106pe-0\" data-image-description=\"\" data-image-caption=\"\" data-medium-file=\"https:\/\/i0.wp.com\/tinnunculus.sy-sy.cz\/wp-content\/uploads\/2026\/01\/20260118-072106pe-0-e1768724726179.jpg?fit=300%2C168&amp;ssl=1\" data-large-file=\"https:\/\/i0.wp.com\/tinnunculus.sy-sy.cz\/wp-content\/uploads\/2026\/01\/20260118-072106pe-0-e1768724726179.jpg?fit=525%2C294&amp;ssl=1\" class=\"aligncenter wp-image-45945 size-full\" src=\"https:\/\/i0.wp.com\/tinnunculus.sy-sy.cz\/wp-content\/uploads\/2026\/01\/20260118-072106pe-0-e1768724726179.jpg?resize=525%2C294&#038;ssl=1\" alt=\"\" width=\"525\" height=\"294\" srcset=\"https:\/\/i0.wp.com\/tinnunculus.sy-sy.cz\/wp-content\/uploads\/2026\/01\/20260118-072106pe-0-e1768724726179.jpg?w=1040&amp;ssl=1 1040w, https:\/\/i0.wp.com\/tinnunculus.sy-sy.cz\/wp-content\/uploads\/2026\/01\/20260118-072106pe-0-e1768724726179.jpg?resize=300%2C168&amp;ssl=1 300w, https:\/\/i0.wp.com\/tinnunculus.sy-sy.cz\/wp-content\/uploads\/2026\/01\/20260118-072106pe-0-e1768724726179.jpg?resize=1024%2C573&amp;ssl=1 1024w, https:\/\/i0.wp.com\/tinnunculus.sy-sy.cz\/wp-content\/uploads\/2026\/01\/20260118-072106pe-0-e1768724726179.jpg?resize=768%2C430&amp;ssl=1 768w\" sizes=\"auto, (max-width: 767px) 89vw, (max-width: 1000px) 54vw, (max-width: 1071px) 543px, 580px\" \/><\/p>\n<p>V posledn\u00edch dnech v&nbsp;na\u0161\u00ed ulici panovala mlha a&nbsp;teploty se dr\u017eely pod nulou. Po\u0161tol\u010d\u00ed p\u00e1r, kter\u00fd letos op\u011bt zimuje v&nbsp;na\u0161\u00ed lod\u017eii, si nicm\u00e9n\u011b i&nbsp;v&nbsp;t\u011bchto podm\u00ednk\u00e1ch projevoval n\u00e1klonost. Alespo\u0148 tak, \u017ee v&nbsp;podve\u010der po&nbsp;jej\u00edm p\u0159\u00edletu (on se obvykle vrac\u00ed na noc d\u0159\u00edve), se pan po\u0161tolka vrh\u00e1 do hn\u00edzdn\u00ed bed\u00fdnky a&nbsp;hlasit\u011b tik\u00e1. Pak si je\u0161t\u011b chv\u00edli pov\u00eddaj\u00ed; nejsp\u00ed\u0161e o&nbsp;tom, jak pro\u017eili den. <a href=\"https:\/\/tinnunculus.sy-sy.cz\/index.php\/2026\/01\/18\/letos-poprve\/#more-45955\" class=\"more-link\"><span aria-label=\"Pokra\u010dov\u00e1n\u00ed textu Letos poprv\u00e9\">(Pokra\u010dov\u00e1n\u00ed textu&hellip;)<\/span><\/a><\/p>\n<\/div>\t<\/div>\r\n<\/div><\/div><\/div><\/div><\/div>\n<div class=\" pt-cv-pagination-wrapper\"><ul class=\"pt-cv-pagination pt-cv-normal pagination\" data-totalpages=\"6\" data-currentpage=\"1\" data-sid=\"77d18a02pb\" data-unid=\"\" data-isblock=\"\" data-postid=\"\"><li class=\"active\"><a href=\"#\">1<\/a><\/li>\n\t<li ><a class=\"\" href=\"https:\/\/tinnunculus.sy-sy.cz\/index.php\/wp-json\/wp\/v2\/pages\/45551\/?_page=2\">2<\/a><\/li>\n\t<li ><a class=\"\" href=\"https:\/\/tinnunculus.sy-sy.cz\/index.php\/wp-json\/wp\/v2\/pages\/45551\/?_page=3\">3<\/a><\/li>\n\t<li ><a href=\"#\">&hellip;<\/a><\/li>\n\t<li ><a class=\"\" href=\"https:\/\/tinnunculus.sy-sy.cz\/index.php\/wp-json\/wp\/v2\/pages\/45551\/?_page=6\">6<\/a><\/li>\n\t<li ><a class=\" \" href=\"https:\/\/tinnunculus.sy-sy.cz\/index.php\/wp-json\/wp\/v2\/pages\/45551\/?_page=2\">&rsaquo;<\/a><\/li>\n\t<\/ul><img loading=\"lazy\" decoding=\"async\" width=\"15\" height=\"15\" class=\"pt-cv-spinner\" alt=\"Loading...\" src=\"data:image\/gif;base64,R0lGODlhDwAPALMPAMrKygwMDJOTkz09PZWVla+vr3p6euTk5M7OzuXl5TMzMwAAAJmZmWZmZszMzP\/\/\/yH\/C05FVFNDQVBFMi4wAwEAAAAh+QQFCgAPACwAAAAADwAPAAAEQvDJaZaZOIcV8iQK8VRX4iTYoAwZ4iCYoAjZ4RxejhVNoT+mRGP4cyF4Pp0N98sBGIBMEMOotl6YZ3S61Bmbkm4mAgAh+QQFCgAPACwAAAAADQANAAAENPDJSRSZeA418itN8QiK8BiLITVsFiyBBIoYqnoewAD4xPw9iY4XLGYSjkQR4UAUD45DLwIAIfkEBQoADwAsAAAAAA8ACQAABC\/wyVlamTi3nSdgwFNdhEJgTJoNyoB9ISYoQmdjiZPcj7EYCAeCF1gEDo4Dz2eIAAAh+QQFCgAPACwCAAAADQANAAAEM\/DJBxiYeLKdX3IJZT1FU0iIg2RNKx3OkZVnZ98ToRD4MyiDnkAh6BkNC0MvsAj0kMpHBAAh+QQFCgAPACwGAAAACQAPAAAEMDC59KpFDll73HkAA2wVY5KgiK5b0RRoI6MuzG6EQqCDMlSGheEhUAgqgUUAFRySIgAh+QQFCgAPACwCAAIADQANAAAEM\/DJKZNLND\/kkKaHc3xk+QAMYDKsiaqmZCxGVjSFFCxB1vwy2oOgIDxuucxAMTAJFAJNBAAh+QQFCgAPACwAAAYADwAJAAAEMNAs86q1yaWwwv2Ig0jUZx3OYa4XoRAfwADXoAwfo1+CIjyFRuEho60aSNYlOPxEAAAh+QQFCgAPACwAAAIADQANAAAENPA9s4y8+IUVcqaWJ4qEQozSoAzoIyhCK2NFU2SJk0hNnyEOhKR2AzAAj4Pj4GE4W0bkJQIAOw==\" \/><div class=\"clear pt-cv-clear-pagination\"><\/div><\/div><\/div>\n<p>&nbsp;<\/p>\n<ul>\n<li><a href=\"https:\/\/tinnunculus.sy-sy.cz\/index.php\/deniky\/2025-2\/\">Den\u00edk 2026<\/a><\/li>\n<\/ul>\n","protected":false},"excerpt":{"rendered":"<p>&nbsp; Den\u00edk 2026<\/p>\n","protected":false},"author":2,"featured_media":0,"parent":38491,"menu_order":0,"comment_status":"closed","ping_status":"closed","template":"","meta":{"jetpack_post_was_ever_published":false,"footnotes":""},"categories":[147,119,116,105,110],"tags":[1536,85,90,91],"class_list":["post-45551","page","type-page","status-publish","hentry","category-nase-postolky","category-info","category-nasi","category-postolka","category-postolka-obecna","tag-1536","tag-ps_73","tag-ps_96","tag-ps_95"],"jetpack_shortlink":"https:\/\/wp.me\/P91gKE-bQH","jetpack-related-posts":[{"id":38491,"url":"https:\/\/tinnunculus.sy-sy.cz\/index.php\/deniky\/2026-2\/","url_meta":{"origin":45551,"position":0},"title":"2026","author":"Zuzana Syrov\u00e1 An\u00fd\u017eov\u00e1","date":"16\/12\/2024","format":false,"excerpt":"\u00a02025 p\u0159edchoz\u00ed rok \u2194 n\u00e1sleduj\u00edc\u00ed rok 2027 ? 2026\/01\/01 - po silvestrovsk\u00e9 noci str\u00e1ven\u00e9 v polici pod stropem nad hn\u00edzdem pan\u00ed po\u0161tolka odl\u00e9t\u00e1 v 7:34; pan po\u0161tolka, kter\u00fd tr\u00e1vil noc nezn\u00e1mo kde, se vrac\u00ed hned po r\u00e1nu zahnat holuby (8:17). 2026\/01\/03 - jedna kavka se sna\u017e\u00ed sebrat pan\u00ed po\u0161tolce hrabo\u0161e,\u2026","rel":"","context":"V \u201e\"Na\u0161e\" po\u0161tolky\u201c","block_context":{"text":"\"Na\u0161e\" po\u0161tolky","link":"https:\/\/tinnunculus.sy-sy.cz\/index.php\/category\/nasi\/nase-postolky\/"},"img":{"alt_text":"","src":"https:\/\/i0.wp.com\/tinnunculus.sy-sy.cz\/wp-content\/uploads\/2026\/02\/20260228-094239pe-0-e1772301397717-1024x577.jpg?resize=350%2C200&ssl=1","width":350,"height":200,"srcset":"https:\/\/i0.wp.com\/tinnunculus.sy-sy.cz\/wp-content\/uploads\/2026\/02\/20260228-094239pe-0-e1772301397717-1024x577.jpg?resize=350%2C200&ssl=1 1x, https:\/\/i0.wp.com\/tinnunculus.sy-sy.cz\/wp-content\/uploads\/2026\/02\/20260228-094239pe-0-e1772301397717-1024x577.jpg?resize=525%2C300&ssl=1 1.5x"},"classes":[]},{"id":45749,"url":"https:\/\/tinnunculus.sy-sy.cz\/index.php\/v-primem-prenosu-odjinud\/falco-tinnunculus-online\/webkamery-z-hnizd\/vyber-z-cizich-hnizd-2026\/","url_meta":{"origin":45551,"position":1},"title":"V\u00fdb\u011br z&nbsp;&#8222;ciz\u00edch&#8220; hn\u00edzd 2026","author":"Zuzana Syrov\u00e1 An\u00fd\u017eov\u00e1","date":"03\/01\/2026","format":false,"excerpt":"V\u00fdb\u011br zahrnuje report\u00e1\u017ee a p\u0159enosy z hn\u00edzd po\u0161tolky obecn\u00e9, v nich\u017e bylo v\u00a0 roce 2026 zaznamen\u00e1no snesen\u00ed alespo\u0148 jednoho vejce. \u00a0 2026 \u00a6 2025 \u00a6 2024 \u00a6 2023 \u00a62022 \u00a6 2021 \u00a6 2020 \u00a6 2019 \u00a6 2018 \u00a6 2017 \u00a6 2016 \u00a6 2015 \u00a6 2014 \u00a6 2013 \u00a6 2012 \u00a6\u2026","rel":"","context":"Podobn\u00fd p\u0159\u00edsp\u011bvek","block_context":{"text":"Podobn\u00fd p\u0159\u00edsp\u011bvek","link":""},"img":{"alt_text":"","src":"","width":0,"height":0},"classes":[]},{"id":45253,"url":"https:\/\/tinnunculus.sy-sy.cz\/index.php\/deniky\/2027-2\/","url_meta":{"origin":45551,"position":2},"title":"2027","author":"Zuzana Syrov\u00e1 An\u00fd\u017eov\u00e1","date":"12\/12\/2025","format":false,"excerpt":"\u00a02026 p\u0159edchoz\u00ed rok \u2194 n\u00e1sleduj\u00edc\u00ed rok 2028 ?","rel":"","context":"V \u201e\"Na\u0161e\" po\u0161tolky\u201c","block_context":{"text":"\"Na\u0161e\" po\u0161tolky","link":"https:\/\/tinnunculus.sy-sy.cz\/index.php\/category\/nasi\/nase-postolky\/"},"img":{"alt_text":"","src":"","width":0,"height":0},"classes":[]},{"id":786,"url":"https:\/\/tinnunculus.sy-sy.cz\/index.php\/v-primem-prenosu\/","url_meta":{"origin":45551,"position":3},"title":"V p\u0159\u00edm\u00e9m p\u0159enosu","author":"Zuzana Syrov\u00e1 An\u00fd\u017eov\u00e1","date":"04\/08\/2017","format":false,"excerpt":"0\u00a6\u00a01\u00a6\u00a02\u00a6\u00a03\u00a6\u00a04\u00a6\u00a05\u00a6\u00a06\u00a6\u00a07\u00a6\u00a08\u00a6\u00a09\u00a6\u00a012\u00a6\u00a013\u00a6\u00a014\u00a6\u00a015\u00a6\u00a016\u00a6\u00a017\u00a6\u00a018\u00a6\u00a019\u00a6\u00a020\u00a6 10\u00a6\u00a0\u00a011\u00a6 21\u00a6 \u00a0 Kameru ke sledov\u00e1n\u00ed zvol\u00edte kliknut\u00edm na \u010d\u00edslo kamery nebo ji m\u016f\u017eete vybrat ze seznamu kamer. V\u00edce na str\u00e1nce Na\u0161e kamery. K dispozici jsou skupiny kamer:\u00a0\u00a0z po\u0161tol\u010d\u00ed lod\u017eie (hn\u00edzdo,\u00a0bid\u00fdlka,\u00a0z\u00e1bradl\u00ed,\u00a0za oknem,\u00a0na podlaze, ror\u00fdsovn\u00edk), z okol\u00ed ror\u00fdsovn\u00edku a z po\u0161tol\u010d\u00edho okna. Testujeme rovn\u011b\u017e \u017eiv\u00e9 vys\u00edl\u00e1n\u00ed na na\u0161em po\u0161tol\u010d\u00edm YouTube\u2026","rel":"","context":"V \u201e\"Na\u0161e\" po\u0161tolky\u201c","block_context":{"text":"\"Na\u0161e\" po\u0161tolky","link":"https:\/\/tinnunculus.sy-sy.cz\/index.php\/category\/nasi\/nase-postolky\/"},"img":{"alt_text":"Camera 1","src":"https:\/\/sy-sy.cz\/cam\/webapi\/entry.cgi?api=SYNO.SurveillanceStation.Stream.VideoStreaming&version=1&method=Stream&format=mjpeg&cameraId=2&StmKey=%229853f85e3f00a090389e5f3da7058a2c%22","width":350,"height":200,"srcset":"https:\/\/sy-sy.cz\/cam\/webapi\/entry.cgi?api=SYNO.SurveillanceStation.Stream.VideoStreaming&version=1&method=Stream&format=mjpeg&cameraId=2&StmKey=%229853f85e3f00a090389e5f3da7058a2c%22 1x, https:\/\/sy-sy.cz\/cam\/webapi\/entry.cgi?api=SYNO.SurveillanceStation.Stream.VideoStreaming&version=1&method=Stream&format=mjpeg&cameraId=2&StmKey=%229853f85e3f00a090389e5f3da7058a2c%22 1.5x, https:\/\/sy-sy.cz\/cam\/webapi\/entry.cgi?api=SYNO.SurveillanceStation.Stream.VideoStreaming&version=1&method=Stream&format=mjpeg&cameraId=2&StmKey=%229853f85e3f00a090389e5f3da7058a2c%22 2x, https:\/\/sy-sy.cz\/cam\/webapi\/entry.cgi?api=SYNO.SurveillanceStation.Stream.VideoStreaming&version=1&method=Stream&format=mjpeg&cameraId=2&StmKey=%229853f85e3f00a090389e5f3da7058a2c%22 3x, https:\/\/sy-sy.cz\/cam\/webapi\/entry.cgi?api=SYNO.SurveillanceStation.Stream.VideoStreaming&version=1&method=Stream&format=mjpeg&cameraId=2&StmKey=%229853f85e3f00a090389e5f3da7058a2c%22 4x"},"classes":[]},{"id":1828,"url":"https:\/\/tinnunculus.sy-sy.cz\/index.php\/v-primem-prenosu-odjinud\/falco-tinnunculus-online\/","url_meta":{"origin":45551,"position":4},"title":"Falco tinnunculus online","author":"Zuzana Syrov\u00e1 An\u00fd\u017eov\u00e1","date":"14\/08\/2017","format":false,"excerpt":"Aktualizov\u00e1no Pou\u017eit\u00e9 zkratky: on+ kamera on-line on- kamera on-line, ale sn\u00edm\u00e1 jin\u00fd druh pt\u00e1k\u016f off\u00a0 kamera off-line V tabulce se uv\u00e1d\u00ed posledn\u00ed rok, v n\u011bm\u017e po\u0161tolky v dan\u00e9 lokalit\u011b \u00fasp\u011b\u0161n\u011b \u010di ne\u00fasp\u011b\u0161n\u011b hn\u00edzdily. K\u00f3dy zem\u00ed \u00a0 V\u00fdb\u011br hn\u00edzd sledovan\u00fdch v roce 2026\u00a0 \u00a6 Tabulka 2026 \u2194 Cel\u00e1 tabulka Souvisej\u00edc\u00ed p\u0159\u00edsp\u011bvky\u2026","rel":"","context":"Podobn\u00fd p\u0159\u00edsp\u011bvek","block_context":{"text":"Podobn\u00fd p\u0159\u00edsp\u011bvek","link":""},"img":{"alt_text":"","src":"","width":0,"height":0},"classes":[]},{"id":19135,"url":"https:\/\/tinnunculus.sy-sy.cz\/index.php\/postolky-brnenske\/","url_meta":{"origin":45551,"position":5},"title":"Po\u0161tolky brn\u011bnsk\u00e9","author":"Zuzana Syrov\u00e1 An\u00fd\u017eov\u00e1","date":"14\/06\/2022","format":false,"excerpt":"\u00a0 D\u011bn\u00ed v na\u0161\u00ed po\u0161tol\u010d\u00ed lod\u017eii v s\u00eddli\u0161ti Bystrc na okraji Brna (info o \u017eiv\u00e9m p\u0159enosu \/ historie hn\u00edzda) m\u016f\u017eete porovnat s t\u00edm, co se pr\u00e1v\u011b d\u011bje v p\u0159\u00edm\u00e9m p\u0159enosu v budce v centru m\u011bsta na ulici Francouzsk\u00e9 (info o \u017eiv\u00e9m p\u0159enosu \/ historie hn\u00edzda) nebo v s\u00eddli\u0161ti Bohunice (info\u2026","rel":"","context":"V \u201e(Web)kamery\u201c","block_context":{"text":"(Web)kamery","link":"https:\/\/tinnunculus.sy-sy.cz\/index.php\/category\/zivy-prenos\/kamery\/"},"img":{"alt_text":"","src":"","width":0,"height":0},"classes":[]}],"jetpack_sharing_enabled":true,"_links":{"self":[{"href":"https:\/\/tinnunculus.sy-sy.cz\/index.php\/wp-json\/wp\/v2\/pages\/45551","targetHints":{"allow":["GET"]}}],"collection":[{"href":"https:\/\/tinnunculus.sy-sy.cz\/index.php\/wp-json\/wp\/v2\/pages"}],"about":[{"href":"https:\/\/tinnunculus.sy-sy.cz\/index.php\/wp-json\/wp\/v2\/types\/page"}],"author":[{"embeddable":true,"href":"https:\/\/tinnunculus.sy-sy.cz\/index.php\/wp-json\/wp\/v2\/users\/2"}],"replies":[{"embeddable":true,"href":"https:\/\/tinnunculus.sy-sy.cz\/index.php\/wp-json\/wp\/v2\/comments?post=45551"}],"version-history":[{"count":1,"href":"https:\/\/tinnunculus.sy-sy.cz\/index.php\/wp-json\/wp\/v2\/pages\/45551\/revisions"}],"predecessor-version":[{"id":45552,"href":"https:\/\/tinnunculus.sy-sy.cz\/index.php\/wp-json\/wp\/v2\/pages\/45551\/revisions\/45552"}],"up":[{"embeddable":true,"href":"https:\/\/tinnunculus.sy-sy.cz\/index.php\/wp-json\/wp\/v2\/pages\/38491"}],"wp:attachment":[{"href":"https:\/\/tinnunculus.sy-sy.cz\/index.php\/wp-json\/wp\/v2\/media?parent=45551"}],"wp:term":[{"taxonomy":"category","embeddable":true,"href":"https:\/\/tinnunculus.sy-sy.cz\/index.php\/wp-json\/wp\/v2\/categories?post=45551"},{"taxonomy":"post_tag","embeddable":true,"href":"https:\/\/tinnunculus.sy-sy.cz\/index.php\/wp-json\/wp\/v2\/tags?post=45551"}],"curies":[{"name":"wp","href":"https:\/\/api.w.org\/{rel}","templated":true}]}}