{"id":39192,"date":"2025-01-21T19:50:33","date_gmt":"2025-01-21T18:50:33","guid":{"rendered":"https:\/\/tinnunculus.sy-sy.cz\/?page_id=39192"},"modified":"2025-12-14T23:59:38","modified_gmt":"2025-12-14T22:59:38","slug":"zvirena-v-ciste","status":"publish","type":"page","link":"https:\/\/tinnunculus.sy-sy.cz\/index.php\/blog\/zvirena-v-ciste\/","title":{"rendered":"&#8222;Na\u0161e&#8220; zv\u00ed\u0159ena v&nbsp;\u010cist\u00e9"},"content":{"rendered":"<h5>P\u0159\u00edsp\u011bvky v\u00a0Bloku, blogu \u010dili z\u00e1pisn\u00edku:<\/h5>\n<hr \/>\n<div class=\"pt-cv-wrapper\"><div class=\"pt-cv-view pt-cv-grid pt-cv-colsys\" id=\"pt-cv-view-c574fc0k92\"><div data-id=\"pt-cv-page-1\" class=\"pt-cv-page\" data-cvc=\"2\"><div class=\"col-md-6 col-sm-12 col-xs-12 pt-cv-content-item pt-cv-1-col\" ><div class='pt-cv-ifield'><h4 class=\"pt-cv-title\"><a href=\"https:\/\/tinnunculus.sy-sy.cz\/index.php\/2026\/04\/02\/za-oknem-nasi-kuchyne\/\" class=\"_self\" target=\"_self\" >Za oknem na\u0161\u00ed kuchyn\u011b<\/a><\/h4>\n<div class=\"pt-cv-content\"><p><a href=\"https:\/\/i0.wp.com\/tinnunculus.sy-sy.cz\/wp-content\/uploads\/2026\/04\/20260322_DSCF0106_2u-e1775145354660.jpg?ssl=1\" target=\"_blank\" rel=\"noopener\"><img data-recalc-dims=\"1\" loading=\"lazy\" decoding=\"async\" data-attachment-id=\"48107\" data-permalink=\"https:\/\/tinnunculus.sy-sy.cz\/index.php\/2026\/04\/02\/za-oknem-nasi-kuchyne\/20260322_dscf0106_2u\/\" data-orig-file=\"https:\/\/i0.wp.com\/tinnunculus.sy-sy.cz\/wp-content\/uploads\/2026\/04\/20260322_DSCF0106_2u-e1775145354660.jpg?fit=1038%2C608&amp;ssl=1\" data-orig-size=\"1038,608\" data-comments-opened=\"1\" data-image-meta=\"{&quot;aperture&quot;:&quot;0&quot;,&quot;credit&quot;:&quot;&quot;,&quot;camera&quot;:&quot;&quot;,&quot;caption&quot;:&quot;&quot;,&quot;created_timestamp&quot;:&quot;0&quot;,&quot;copyright&quot;:&quot;&quot;,&quot;focal_length&quot;:&quot;0&quot;,&quot;iso&quot;:&quot;0&quot;,&quot;shutter_speed&quot;:&quot;0&quot;,&quot;title&quot;:&quot;&quot;,&quot;orientation&quot;:&quot;1&quot;}\" data-image-title=\"20260322_DSCF0106_2u\" data-image-description=\"\" data-image-caption=\"\" data-medium-file=\"https:\/\/i0.wp.com\/tinnunculus.sy-sy.cz\/wp-content\/uploads\/2026\/04\/20260322_DSCF0106_2u-e1775145354660.jpg?fit=300%2C176&amp;ssl=1\" data-large-file=\"https:\/\/i0.wp.com\/tinnunculus.sy-sy.cz\/wp-content\/uploads\/2026\/04\/20260322_DSCF0106_2u-e1775145354660.jpg?fit=525%2C307&amp;ssl=1\" class=\"aligncenter wp-image-48107 size-large\" src=\"https:\/\/i0.wp.com\/tinnunculus.sy-sy.cz\/wp-content\/uploads\/2026\/04\/20260322_DSCF0106_2u.jpg?resize=525%2C307&#038;ssl=1\" alt=\"\" width=\"525\" height=\"307\" \/><\/a><\/p>\n<p>Po\u0161tolky za oknem na\u0161\u00ed kuchyn\u011b na opa\u010dn\u00e9 stran\u011b domu ne\u017e se nach\u00e1z\u00ed po\u0161tol\u010d\u00ed lod\u017eie pozorujeme u\u017e od r. 2009. V\u011bt\u0161inou to byly ne\u00fasp\u011b\u0161n\u00e9 pokusy o&nbsp;hn\u00edzd\u011bn\u00ed v&nbsp;otvoru po&nbsp;v\u011btr\u00e1ku sp\u00ed\u017ee bytu o&nbsp;patro n\u00ed\u017ee.  <a href=\"https:\/\/tinnunculus.sy-sy.cz\/index.php\/2026\/04\/02\/za-oknem-nasi-kuchyne\/#more-48120\" class=\"more-link\"><span aria-label=\"Pokra\u010dov\u00e1n\u00ed textu Za oknem na\u0161\u00ed kuchyn\u011b\">(Pokra\u010dov\u00e1n\u00ed textu&hellip;)<\/span><\/a><\/p>\n<\/div><\/div><\/div>\n<div class=\"col-md-6 col-sm-12 col-xs-12 pt-cv-content-item pt-cv-1-col\" ><div class='pt-cv-ifield'><h4 class=\"pt-cv-title\"><a href=\"https:\/\/tinnunculus.sy-sy.cz\/index.php\/2025\/07\/28\/spizni-postolky-a-postolcata\/\" class=\"_self\" target=\"_self\" >Spi\u017en\u00ed po\u0161tolky a&nbsp;po\u0161tol\u010data<\/a><\/h4>\n<div class=\"pt-cv-content\"><p><a href=\"https:\/\/i0.wp.com\/tinnunculus.sy-sy.cz\/wp-content\/uploads\/2025\/10\/PostolkySpizni_2025-2-e1761685172280.jpg?ssl=1\" target=\"_blank\" rel=\"noopener\"><img data-recalc-dims=\"1\" loading=\"lazy\" decoding=\"async\" data-attachment-id=\"44234\" data-permalink=\"https:\/\/tinnunculus.sy-sy.cz\/index.php\/2025\/07\/28\/spizni-postolky-a-postolcata\/postolkyspizni_2025-2\/\" data-orig-file=\"https:\/\/i0.wp.com\/tinnunculus.sy-sy.cz\/wp-content\/uploads\/2025\/10\/PostolkySpizni_2025-2-e1761685172280.jpg?fit=1038%2C584&amp;ssl=1\" data-orig-size=\"1038,584\" data-comments-opened=\"1\" data-image-meta=\"{&quot;aperture&quot;:&quot;0&quot;,&quot;credit&quot;:&quot;&quot;,&quot;camera&quot;:&quot;&quot;,&quot;caption&quot;:&quot;&quot;,&quot;created_timestamp&quot;:&quot;0&quot;,&quot;copyright&quot;:&quot;&quot;,&quot;focal_length&quot;:&quot;0&quot;,&quot;iso&quot;:&quot;0&quot;,&quot;shutter_speed&quot;:&quot;0&quot;,&quot;title&quot;:&quot;&quot;,&quot;orientation&quot;:&quot;0&quot;}\" data-image-title=\"PostolkySpizni_2025-2\" data-image-description=\"\" data-image-caption=\"\" data-medium-file=\"https:\/\/i0.wp.com\/tinnunculus.sy-sy.cz\/wp-content\/uploads\/2025\/10\/PostolkySpizni_2025-2-e1761685172280.jpg?fit=300%2C169&amp;ssl=1\" data-large-file=\"https:\/\/i0.wp.com\/tinnunculus.sy-sy.cz\/wp-content\/uploads\/2025\/10\/PostolkySpizni_2025-2-e1761685172280.jpg?fit=525%2C296&amp;ssl=1\" class=\"aligncenter wp-image-44234 size-large\" src=\"https:\/\/i0.wp.com\/tinnunculus.sy-sy.cz\/wp-content\/uploads\/2025\/10\/PostolkySpizni_2025-2-e1761685150852-1024x577.jpg?resize=525%2C296&#038;ssl=1\" alt=\"\" width=\"525\" height=\"296\" \/><\/a><\/p>\n<p>Letos ve v\u011btrac\u00edm otvoru sp\u00ed\u017ee bytu n\u00e1mi \u00fasp\u011b\u0161n\u011b zahn\u00edzdily po\u0161tolky (viz <a href=\"https:\/\/tinnunculus.sy-sy.cz\/index.php\/2025\/06\/02\/postolky-spizni-2\/\">Po\u0161tolky spi\u017en\u00ed<\/a>; <a href=\"https:\/\/tinnunculus.sy-sy.cz\/index.php\/2025\/07\/14\/dve-spizni\/\">Dv\u011b spi\u017en\u00ed<\/a>). Nastra\u017eili jsme na n\u011b fotopast na z\u00e1bradl\u00ed schodi\u0161\u0165ov\u00e9 lod\u017eie.  <a href=\"https:\/\/tinnunculus.sy-sy.cz\/index.php\/2025\/07\/28\/spizni-postolky-a-postolcata\/#more-44235\" class=\"more-link\"><span aria-label=\"Pokra\u010dov\u00e1n\u00ed textu Spi\u017en\u00ed po\u0161tolky a&nbsp;po\u0161tol\u010data\">(Pokra\u010dov\u00e1n\u00ed textu&hellip;)<\/span><\/a><\/p>\n<\/div><\/div><\/div>\n<div class=\"col-md-6 col-sm-12 col-xs-12 pt-cv-content-item pt-cv-1-col\" ><div class='pt-cv-ifield'><h4 class=\"pt-cv-title\"><a href=\"https:\/\/tinnunculus.sy-sy.cz\/index.php\/2025\/01\/18\/past-na-mysi-kocky-kuny-a-netopyry\/\" class=\"_self\" target=\"_self\" >Past na my\u0161i, ko\u010dky, kuny a&nbsp;netop\u00fdry<\/a><\/h4>\n<div class=\"pt-cv-content\"><p><a href=\"https:\/\/i0.wp.com\/tinnunculus.sy-sy.cz\/wp-content\/uploads\/2025\/01\/DSCF0239-plus-1-e1737197033602.jpg?ssl=1\" target=\"_blank\" rel=\"noopener\"><img data-recalc-dims=\"1\" loading=\"lazy\" decoding=\"async\" data-attachment-id=\"39083\" data-permalink=\"https:\/\/tinnunculus.sy-sy.cz\/index.php\/2025\/01\/18\/past-na-mysi-kocky-kuny-a-netopyry\/hunter-camera-4\/\" data-orig-file=\"https:\/\/i0.wp.com\/tinnunculus.sy-sy.cz\/wp-content\/uploads\/2025\/01\/DSCF0239-plus-1-e1737197033602.jpg?fit=1038%2C581&amp;ssl=1\" data-orig-size=\"1038,581\" data-comments-opened=\"1\" data-image-meta=\"{&quot;aperture&quot;:&quot;2.8&quot;,&quot;credit&quot;:&quot;&quot;,&quot;camera&quot;:&quot;PH770_8D&quot;,&quot;caption&quot;:&quot;Hunter Camera&quot;,&quot;created_timestamp&quot;:&quot;1736728339&quot;,&quot;copyright&quot;:&quot;&quot;,&quot;focal_length&quot;:&quot;6&quot;,&quot;iso&quot;:&quot;1250&quot;,&quot;shutter_speed&quot;:&quot;0.04&quot;,&quot;title&quot;:&quot;Hunter Camera&quot;,&quot;orientation&quot;:&quot;1&quot;}\" data-image-title=\"Hunter Camera\" data-image-description=\"\" data-image-caption=\"&lt;p&gt;Hunter Camera&lt;\/p&gt;\n\" data-medium-file=\"https:\/\/i0.wp.com\/tinnunculus.sy-sy.cz\/wp-content\/uploads\/2025\/01\/DSCF0239-plus-1-e1737197033602.jpg?fit=300%2C168&amp;ssl=1\" data-large-file=\"https:\/\/i0.wp.com\/tinnunculus.sy-sy.cz\/wp-content\/uploads\/2025\/01\/DSCF0239-plus-1-e1737197033602.jpg?fit=525%2C294&amp;ssl=1\" class=\"aligncenter wp-image-39083 size-large\" src=\"https:\/\/i0.wp.com\/tinnunculus.sy-sy.cz\/wp-content\/uploads\/2025\/01\/DSCF0239-plus-1-e1737197016331-1024x573.jpg?resize=525%2C294&#038;ssl=1\" alt=\"\" width=\"525\" height=\"294\" \/><\/a><\/p>\n<p>Na p\u016fd\u011b na\u0161eho venkovsk\u00e9ho domu v&nbsp;\u010cist\u00e9 u&nbsp;Litomy\u0161le se p\u0159ed n\u011bjakou dobou na zadn\u00ed p\u016fd\u011b nad chl\u00e9vem objevily poz\u016fstatky pobytu jist\u00e9 sovy, kterou se ob\u010das n\u011bkomu poda\u0159\u00ed zahl\u00e9dnout, jak rychle miz\u00ed, kdy\u017e se na p\u0159edn\u00ed p\u016fd\u011b objev\u00ed \u010dlov\u011bk. S\u016fv\u00e1k nebo sovi\u010dka vysed\u00e1v\u00e1 na hambalku, pod kter\u00fdm se hromad\u00ed v\u00fdvr\u017eky. Abychom zjistili, co je to vlastn\u011b za n\u00e1v\u0161t\u011bvn\u00edka, po\u0159\u00edd\u00edli jsme nakonec fotopast  <a href=\"https:\/\/tinnunculus.sy-sy.cz\/index.php\/2025\/01\/18\/past-na-mysi-kocky-kuny-a-netopyry\/#more-39068\" class=\"more-link\"><span aria-label=\"Pokra\u010dov\u00e1n\u00ed textu Past na my\u0161i, ko\u010dky, kuny a&nbsp;netop\u00fdry\">(Pokra\u010dov\u00e1n\u00ed textu&hellip;)<\/span><\/a><\/p>\n<\/div><\/div><\/div>\n<div class=\"col-md-6 col-sm-12 col-xs-12 pt-cv-content-item pt-cv-1-col\" ><div class='pt-cv-ifield'><h4 class=\"pt-cv-title\"><a href=\"https:\/\/tinnunculus.sy-sy.cz\/index.php\/2023\/12\/19\/ptak-roku-2024\/\" class=\"_self\" target=\"_self\" >Pt\u00e1k roku 2024<\/a><\/h4>\n<div class=\"pt-cv-content\"><p><img data-recalc-dims=\"1\" loading=\"lazy\" decoding=\"async\" data-attachment-id=\"28722\" data-permalink=\"https:\/\/tinnunculus.sy-sy.cz\/index.php\/2023\/12\/19\/ptak-roku-2024\/dsc_7762\/\" data-orig-file=\"https:\/\/i0.wp.com\/tinnunculus.sy-sy.cz\/wp-content\/uploads\/2023\/12\/DSC_7762-scaled-e1702934410697.jpg?fit=1038%2C584&amp;ssl=1\" data-orig-size=\"1038,584\" data-comments-opened=\"1\" data-image-meta=\"{&quot;aperture&quot;:&quot;5.6&quot;,&quot;credit&quot;:&quot;&quot;,&quot;camera&quot;:&quot;NIKON D70&quot;,&quot;caption&quot;:&quot;&quot;,&quot;created_timestamp&quot;:&quot;1191247513&quot;,&quot;copyright&quot;:&quot;&quot;,&quot;focal_length&quot;:&quot;400&quot;,&quot;iso&quot;:&quot;0&quot;,&quot;shutter_speed&quot;:&quot;0.00125&quot;,&quot;title&quot;:&quot;&quot;,&quot;orientation&quot;:&quot;1&quot;}\" data-image-title=\"DSC_7762\" data-image-description=\"\" data-image-caption=\"\" data-medium-file=\"https:\/\/i0.wp.com\/tinnunculus.sy-sy.cz\/wp-content\/uploads\/2023\/12\/DSC_7762-scaled-e1702934410697.jpg?fit=300%2C169&amp;ssl=1\" data-large-file=\"https:\/\/i0.wp.com\/tinnunculus.sy-sy.cz\/wp-content\/uploads\/2023\/12\/DSC_7762-scaled-e1702934410697.jpg?fit=525%2C295&amp;ssl=1\" class=\"aligncenter wp-image-28722 size-large\" src=\"https:\/\/i0.wp.com\/tinnunculus.sy-sy.cz\/wp-content\/uploads\/2023\/12\/DSC_7762-scaled-e1702934375943-1024x576.jpg?resize=525%2C295&#038;ssl=1\" alt=\"\" width=\"525\" height=\"295\" \/><\/p>\n<p>Pt\u00e1kem roku 2024 vyhl\u00e1sila \u010cesk\u00e1 spole\u010dnost ornitologick\u00e1 <a href=\"https:\/\/cs.wikipedia.org\/wiki\/Rehek_dom%C3%A1c%C3%AD\" target=\"_blank\" rel=\"noopener\">rehka dom\u00e1c\u00edho (<i>Phoenicurus ochruros<\/i>)<\/a> ji\u017e na za\u010d\u00e1tku prosince.\u00a0 Z\u00e1rove\u0148 spustila program\u00a0\u00a0<a href=\"https:\/\/www.birdlife.cz\/rehci-v-zime\/\" target=\"_blank\" rel=\"noopener\">Rehci v&nbsp;zim\u011b<\/a>, ve kter\u00e9m se pokou\u0161\u00ed zjistit, kde a&nbsp;kolik rehk\u016f dom\u00e1c\u00edch u&nbsp;n\u00e1s zimuje.\u00a0  <a href=\"https:\/\/tinnunculus.sy-sy.cz\/index.php\/2023\/12\/19\/ptak-roku-2024\/#more-28746\" class=\"more-link\"><span aria-label=\"Pokra\u010dov\u00e1n\u00ed textu Pt\u00e1k roku 2024\">(Pokra\u010dov\u00e1n\u00ed textu&hellip;)<\/span><\/a><\/p>\n<\/div><\/div><\/div>\n<div class=\"col-md-6 col-sm-12 col-xs-12 pt-cv-content-item pt-cv-1-col\" ><div class='pt-cv-ifield'><h4 class=\"pt-cv-title\"><a href=\"https:\/\/tinnunculus.sy-sy.cz\/index.php\/2017\/10\/12\/brhlik\/\" class=\"_self\" target=\"_self\" >Brhl\u00edk<\/a><\/h4>\n<div class=\"pt-cv-content\"><p>U\u017e n\u011bkolik dn\u00ed n\u00e1s nav\u0161t\u011bvuje spolu s&nbsp;men\u0161\u00ed tlupou s\u00fdkorek.\u00a0 Tak jako ony\u00a0 prozkoum\u00e1v\u00e1 \u00fapln\u011b v\u0161echno od star\u00e9ho po\u0161tol\u010d\u00edho hn\u00edzda po&nbsp;bid\u00fdlka a&nbsp;zase zp\u011bt.\u00a0 V\u010dera jsme ho nachytali, jak vyl\u00e9t\u00e1v\u00e1 z&nbsp;ror\u00fdsovn\u00edku,\u00a0 kter\u00fd se zjevn\u011b t\u011b\u0161\u00ed pozornosti cel\u00e9 bandy.<\/p>\n<p><img data-recalc-dims=\"1\" loading=\"lazy\" decoding=\"async\" data-attachment-id=\"2139\" data-permalink=\"https:\/\/tinnunculus.sy-sy.cz\/index.php\/2017\/10\/12\/brhlik\/20171012-1120491877_u\/\" data-orig-file=\"https:\/\/i0.wp.com\/tinnunculus.sy-sy.cz\/wp-content\/uploads\/2017\/10\/20171012-1120491877_u.jpg?fit=922%2C572&amp;ssl=1\" data-orig-size=\"922,572\" data-comments-opened=\"1\" data-image-meta=\"{&quot;aperture&quot;:&quot;0&quot;,&quot;credit&quot;:&quot;&quot;,&quot;camera&quot;:&quot;&quot;,&quot;caption&quot;:&quot;&quot;,&quot;created_timestamp&quot;:&quot;0&quot;,&quot;copyright&quot;:&quot;&quot;,&quot;focal_length&quot;:&quot;0&quot;,&quot;iso&quot;:&quot;0&quot;,&quot;shutter_speed&quot;:&quot;0&quot;,&quot;title&quot;:&quot;&quot;,&quot;orientation&quot;:&quot;0&quot;}\" data-image-title=\"20171012-1120491877_u\" data-image-description=\"\" data-image-caption=\"\" data-medium-file=\"https:\/\/i0.wp.com\/tinnunculus.sy-sy.cz\/wp-content\/uploads\/2017\/10\/20171012-1120491877_u.jpg?fit=300%2C186&amp;ssl=1\" data-large-file=\"https:\/\/i0.wp.com\/tinnunculus.sy-sy.cz\/wp-content\/uploads\/2017\/10\/20171012-1120491877_u.jpg?fit=525%2C326&amp;ssl=1\" class=\"alignnone wp-image-2139\" src=\"https:\/\/i0.wp.com\/tinnunculus.sy-sy.cz\/wp-content\/uploads\/2017\/10\/20171012-1120491877_u.jpg?resize=525%2C325&#038;ssl=1\" alt=\"\" width=\"525\" height=\"325\" srcset=\"https:\/\/i0.wp.com\/tinnunculus.sy-sy.cz\/wp-content\/uploads\/2017\/10\/20171012-1120491877_u.jpg?w=922&amp;ssl=1 922w, https:\/\/i0.wp.com\/tinnunculus.sy-sy.cz\/wp-content\/uploads\/2017\/10\/20171012-1120491877_u.jpg?resize=300%2C186&amp;ssl=1 300w, https:\/\/i0.wp.com\/tinnunculus.sy-sy.cz\/wp-content\/uploads\/2017\/10\/20171012-1120491877_u.jpg?resize=768%2C476&amp;ssl=1 768w\" sizes=\"auto, (max-width: 525px) 100vw, 525px\" \/> <a href=\"https:\/\/tinnunculus.sy-sy.cz\/index.php\/2017\/10\/12\/brhlik\/#more-2141\" class=\"more-link\"><span aria-label=\"Pokra\u010dov\u00e1n\u00ed textu Brhl\u00edk\">(Pokra\u010dov\u00e1n\u00ed textu&hellip;)<\/span><\/a><\/p>\n<\/div><\/div><\/div>\n<div class=\"col-md-6 col-sm-12 col-xs-12 pt-cv-content-item pt-cv-1-col\" ><div class='pt-cv-ifield'><h4 class=\"pt-cv-title\"><a href=\"https:\/\/tinnunculus.sy-sy.cz\/index.php\/2016\/08\/09\/kdo-u-nas-jeste-bydli\/\" class=\"_self\" target=\"_self\" >Kdo u&nbsp;n\u00e1s je\u0161t\u011b bydl\u00ed<\/a><\/h4>\n<div class=\"pt-cv-content\"><p><img data-recalc-dims=\"1\" loading=\"lazy\" decoding=\"async\" data-attachment-id=\"39216\" data-permalink=\"https:\/\/tinnunculus.sy-sy.cz\/index.php\/2016\/08\/09\/kdo-u-nas-jeste-bydli\/brehms_mustela_foina\/\" data-orig-file=\"https:\/\/i0.wp.com\/tinnunculus.sy-sy.cz\/wp-content\/uploads\/2016\/08\/Brehms_Mustela_foina.jpg?fit=512%2C313&amp;ssl=1\" data-orig-size=\"512,313\" data-comments-opened=\"1\" data-image-meta=\"{&quot;aperture&quot;:&quot;0&quot;,&quot;credit&quot;:&quot;&quot;,&quot;camera&quot;:&quot;&quot;,&quot;caption&quot;:&quot;&quot;,&quot;created_timestamp&quot;:&quot;0&quot;,&quot;copyright&quot;:&quot;&quot;,&quot;focal_length&quot;:&quot;0&quot;,&quot;iso&quot;:&quot;0&quot;,&quot;shutter_speed&quot;:&quot;0&quot;,&quot;title&quot;:&quot;&quot;,&quot;orientation&quot;:&quot;0&quot;}\" data-image-title=\"Brehms_Mustela_foina\" data-image-description=\"\" data-image-caption=\"\" data-medium-file=\"https:\/\/i0.wp.com\/tinnunculus.sy-sy.cz\/wp-content\/uploads\/2016\/08\/Brehms_Mustela_foina.jpg?fit=300%2C183&amp;ssl=1\" data-large-file=\"https:\/\/i0.wp.com\/tinnunculus.sy-sy.cz\/wp-content\/uploads\/2016\/08\/Brehms_Mustela_foina.jpg?fit=512%2C313&amp;ssl=1\" class=\"aligncenter wp-image-39216\" src=\"https:\/\/i0.wp.com\/tinnunculus.sy-sy.cz\/wp-content\/uploads\/2016\/08\/Brehms_Mustela_foina.jpg?resize=525%2C321&#038;ssl=1\" alt=\"\" width=\"525\" height=\"321\" srcset=\"https:\/\/i0.wp.com\/tinnunculus.sy-sy.cz\/wp-content\/uploads\/2016\/08\/Brehms_Mustela_foina.jpg?w=512&amp;ssl=1 512w, https:\/\/i0.wp.com\/tinnunculus.sy-sy.cz\/wp-content\/uploads\/2016\/08\/Brehms_Mustela_foina.jpg?resize=300%2C183&amp;ssl=1 300w\" sizes=\"auto, (max-width: 525px) 100vw, 525px\" \/><\/p>\n<p>I v&nbsp;na\u0161em venkovsk\u00e9m dom\u011b v&nbsp;\u010cist\u00e9 u&nbsp;Litomy\u0161le a&nbsp;v&nbsp;jeho zahrad\u011b s&nbsp;n\u00e1mi \u017eije \u0159ada podn\u00e1jemn\u00edk\u016f. Mezi ty, jich\u017e by se v\u011bt\u0161ina ostatn\u00edch z\u0159ejm\u011b sna\u017eila zbavit, je kuna. Na\u0161e noci zpest\u0159uje tajemn\u00fdmi zvuky a&nbsp;podlahy na p\u016fd\u011b i&nbsp;z\u00e1pra\u017e\u00ed zdob\u00ed hov\u00ednky s&nbsp;peci\u010dkami ovoce, kter\u00e9 j\u00ed v&nbsp;tu \u010di&nbsp;onu dobu poskytuje na\u0161e a&nbsp;sousedn\u00ed zahrady.  <a href=\"https:\/\/tinnunculus.sy-sy.cz\/index.php\/2016\/08\/09\/kdo-u-nas-jeste-bydli\/#more-366\" class=\"more-link\"><span aria-label=\"Pokra\u010dov\u00e1n\u00ed textu Kdo u&nbsp;n\u00e1s je\u0161t\u011b bydl\u00ed\">(Pokra\u010dov\u00e1n\u00ed textu&hellip;)<\/span><\/a><\/p>\n<\/div><\/div><\/div><\/div><\/div><\/div>\n","protected":false},"excerpt":{"rendered":"<p>P\u0159\u00edsp\u011bvky v\u00a0Bloku, blogu \u010dili z\u00e1pisn\u00edku:<\/p>\n","protected":false},"author":2,"featured_media":0,"parent":17,"menu_order":5,"comment_status":"closed","ping_status":"closed","template":"","meta":{"jetpack_post_was_ever_published":false,"footnotes":""},"categories":[],"tags":[],"class_list":["post-39192","page","type-page","status-publish","hentry"],"jetpack_shortlink":"https:\/\/wp.me\/P91gKE-ac8","jetpack-related-posts":[{"id":22185,"url":"https:\/\/tinnunculus.sy-sy.cz\/index.php\/blog\/nasi-rorysi\/","url_meta":{"origin":39192,"position":0},"title":"&#8222;Na\u0161i&#8220; ror\u00fdsi","author":"Zuzana Syrov\u00e1 An\u00fd\u017eov\u00e1","date":"02\/05\/2023","format":false,"excerpt":"P\u0159\u00edsp\u011bvky v Bloku, blogu \u010dili z\u00e1pisn\u00edku: Historie ror\u00fds\u00ed 2015\u2014????","rel":"","context":"V \u201e\"Na\u0161i\" ror\u00fdsi\u201c","block_context":{"text":"\"Na\u0161i\" ror\u00fdsi","link":"https:\/\/tinnunculus.sy-sy.cz\/index.php\/category\/nasi\/nasi-rorysi\/"},"img":{"alt_text":"","src":"","width":0,"height":0},"classes":[]},{"id":22189,"url":"https:\/\/tinnunculus.sy-sy.cz\/index.php\/blog\/nase-mysi\/","url_meta":{"origin":39192,"position":1},"title":"Na\u0161e my\u0161i","author":"Zuzana Syrov\u00e1 An\u00fd\u017eov\u00e1","date":"03\/05\/2023","format":false,"excerpt":"P\u0159\u00edsp\u011bvky v Bloku, blogu \u010dili z\u00e1pisn\u00edku: Historie chovan\u00fdch my\u0161ek 2009\u2014????","rel":"","context":"V \u201eN\u00e1jemn\u00edci a n\u00e1v\u0161t\u011bvn\u00edci\u201c","block_context":{"text":"N\u00e1jemn\u00edci a n\u00e1v\u0161t\u011bvn\u00edci","link":"https:\/\/tinnunculus.sy-sy.cz\/index.php\/category\/nasi\/"},"img":{"alt_text":"","src":"","width":0,"height":0},"classes":[]},{"id":21039,"url":"https:\/\/tinnunculus.sy-sy.cz\/index.php\/blog\/nase-postolky\/","url_meta":{"origin":39192,"position":2},"title":"&#8222;Na\u0161e&#8220; po\u0161tolky","author":"Zuzana Syrov\u00e1 An\u00fd\u017eov\u00e1","date":"20\/03\/2023","format":false,"excerpt":"P\u0159\u00edsp\u011bvky v Bloku, blogu \u010dili z\u00e1pisn\u00edku: Po\u0161tol\u010d\u00ed sez\u00f3ny 2007\u2014???? Historie po\u0161tol\u010d\u00edho hn\u00edzda","rel":"","context":"V \u201e\"Na\u0161e\" po\u0161tolky\u201c","block_context":{"text":"\"Na\u0161e\" po\u0161tolky","link":"https:\/\/tinnunculus.sy-sy.cz\/index.php\/category\/nasi\/nase-postolky\/"},"img":{"alt_text":"","src":"","width":0,"height":0},"classes":[]},{"id":22193,"url":"https:\/\/tinnunculus.sy-sy.cz\/index.php\/blog\/ostatni-najemnici-a-navstevnici\/","url_meta":{"origin":39192,"position":3},"title":"Ostatn\u00ed n\u00e1jemn\u00edci a&nbsp;n\u00e1v\u0161t\u011bvn\u00edci","author":"Zuzana Syrov\u00e1 An\u00fd\u017eov\u00e1","date":"03\/05\/2023","format":false,"excerpt":"P\u0159\u00edsp\u011bvky v Bloku, blogu \u010dili z\u00e1pisn\u00edku:","rel":"","context":"V \u201eN\u00e1jemn\u00edci a n\u00e1v\u0161t\u011bvn\u00edci\u201c","block_context":{"text":"N\u00e1jemn\u00edci a n\u00e1v\u0161t\u011bvn\u00edci","link":"https:\/\/tinnunculus.sy-sy.cz\/index.php\/category\/nasi\/"},"img":{"alt_text":"","src":"","width":0,"height":0},"classes":[]},{"id":24840,"url":"https:\/\/tinnunculus.sy-sy.cz\/index.php\/blog\/brnenske-postolky\/","url_meta":{"origin":39192,"position":4},"title":"Brn\u011bnsk\u00e9 po\u0161tolky","author":"Zuzana Syrov\u00e1 An\u00fd\u017eov\u00e1","date":"10\/10\/2023","format":false,"excerpt":"P\u0159\u00edsp\u011bvky v Bloku, blogu \u010dili z\u00e1pisn\u00edku: Info o \u017eiv\u00fdch p\u0159enosech Brno - Francouzsk\u00e1 Brno - Bohunice P\u0159\u00edm\u00e9 p\u0159enosy z\u00a0\u010cR P\u0159\u00edm\u00e9 p\u0159enosy odjinud.","rel":"","context":"V \u201e\"Na\u0161e\" po\u0161tolky\u201c","block_context":{"text":"\"Na\u0161e\" po\u0161tolky","link":"https:\/\/tinnunculus.sy-sy.cz\/index.php\/category\/nasi\/nase-postolky\/"},"img":{"alt_text":"","src":"","width":0,"height":0},"classes":[]},{"id":39202,"url":"https:\/\/tinnunculus.sy-sy.cz\/index.php\/zvirena-u-nas-v-ciste\/","url_meta":{"origin":39192,"position":5},"title":"Zv\u00ed\u0159ena u&nbsp;n\u00e1s v&nbsp;\u010cist\u00e9","author":"Zuzana Syrov\u00e1 An\u00fd\u017eov\u00e1","date":"21\/01\/2025","format":false,"excerpt":"\ufeff N\u00e1\u0161 vesnick\u00fd d\u016fm v \u010cist\u00e9 u Litomy\u0161le si pro trval\u00e9 bydlen\u00ed vybrali rehkov\u00e9, brhl\u00edci, netop\u00fd\u0159i a kuna. Od roku 2022 se v zadn\u00ed \u010d\u00e1sti p\u016fdy nad chl\u00e9vem za\u010daly objevovat v\u00fdvr\u017eky, kter\u00e9 sv\u011bd\u010d\u00ed o tom, \u017ee si toto m\u00edsto obl\u00edbila i sova p\u00e1len\u00e1. V prosinci 2024 jsme tam proto nainstalovali\u2026","rel":"","context":"V \u201eFotopast\u201c","block_context":{"text":"Fotopast","link":"https:\/\/tinnunculus.sy-sy.cz\/index.php\/category\/fotopast\/"},"img":{"alt_text":"","src":"","width":0,"height":0},"classes":[]}],"jetpack_sharing_enabled":true,"_links":{"self":[{"href":"https:\/\/tinnunculus.sy-sy.cz\/index.php\/wp-json\/wp\/v2\/pages\/39192","targetHints":{"allow":["GET"]}}],"collection":[{"href":"https:\/\/tinnunculus.sy-sy.cz\/index.php\/wp-json\/wp\/v2\/pages"}],"about":[{"href":"https:\/\/tinnunculus.sy-sy.cz\/index.php\/wp-json\/wp\/v2\/types\/page"}],"author":[{"embeddable":true,"href":"https:\/\/tinnunculus.sy-sy.cz\/index.php\/wp-json\/wp\/v2\/users\/2"}],"replies":[{"embeddable":true,"href":"https:\/\/tinnunculus.sy-sy.cz\/index.php\/wp-json\/wp\/v2\/comments?post=39192"}],"version-history":[{"count":3,"href":"https:\/\/tinnunculus.sy-sy.cz\/index.php\/wp-json\/wp\/v2\/pages\/39192\/revisions"}],"predecessor-version":[{"id":39210,"href":"https:\/\/tinnunculus.sy-sy.cz\/index.php\/wp-json\/wp\/v2\/pages\/39192\/revisions\/39210"}],"up":[{"embeddable":true,"href":"https:\/\/tinnunculus.sy-sy.cz\/index.php\/wp-json\/wp\/v2\/pages\/17"}],"wp:attachment":[{"href":"https:\/\/tinnunculus.sy-sy.cz\/index.php\/wp-json\/wp\/v2\/media?parent=39192"}],"wp:term":[{"taxonomy":"category","embeddable":true,"href":"https:\/\/tinnunculus.sy-sy.cz\/index.php\/wp-json\/wp\/v2\/categories?post=39192"},{"taxonomy":"post_tag","embeddable":true,"href":"https:\/\/tinnunculus.sy-sy.cz\/index.php\/wp-json\/wp\/v2\/tags?post=39192"}],"curies":[{"name":"wp","href":"https:\/\/api.w.org\/{rel}","templated":true}]}}