{"id":38520,"date":"2024-12-16T22:44:02","date_gmt":"2024-12-16T21:44:02","guid":{"rendered":"https:\/\/tinnunculus.sy-sy.cz\/?page_id=38520"},"modified":"2025-12-13T16:47:20","modified_gmt":"2025-12-13T15:47:20","slug":"overview-of-our-mice","status":"publish","type":"page","link":"https:\/\/tinnunculus.sy-sy.cz\/index.php\/en\/mice\/overview-of-our-mice\/","title":{"rendered":"Overview of our mice"},"content":{"rendered":"<p>The table records the date of acquisition of the mouse and the date of its death. If the date of birth is known, it is indicated with an asterisk. Lifespan is calculated in days (? d) or years, months and days (?r?m?d).<\/p>\n\n<table id=\"tablepress-23\" class=\"tablepress tablepress-id-23\">\n<thead>\n<tr class=\"row-1\">\n\t<td class=\"column-1\"><\/td><td class=\"column-2\"><\/td><td class=\"column-3\"><\/td><td class=\"column-4\"><\/td><th class=\"column-5\">(?d)<\/th><th class=\"column-6\">(?r ?m ?d)<\/th>\n<\/tr>\n<\/thead>\n<tbody class=\"row-striping row-hover\">\n<tr class=\"row-2\">\n\t<td class=\"column-1\">1<\/td><td class=\"column-2\">Rolanda<\/td><td class=\"column-3\">2009\/05\/30<\/td><td class=\"column-4\">2011\/05\/31<\/td><td class=\"column-5\">731<\/td><td class=\"column-6\">2r 00m 01d<\/td>\n<\/tr>\n<tr class=\"row-3\">\n\t<td class=\"column-1\">2<\/td><td class=\"column-2\">Rolandek<\/td><td class=\"column-3\">2011\/07\/06<\/td><td class=\"column-4\">2012\/10\/02<\/td><td class=\"column-5\">454<\/td><td class=\"column-6\">1r 02m 27d<\/td>\n<\/tr>\n<tr class=\"row-4\">\n\t<td class=\"column-1\">3<\/td><td class=\"column-2\">Martinka<\/td><td class=\"column-3\">2012\/11\/11<\/td><td class=\"column-4\">2013\/10\/2?<\/td><td class=\"column-5\">343<\/td><td class=\"column-6\">0r 11m 09d<\/td>\n<\/tr>\n<tr class=\"row-5\">\n\t<td class=\"column-1\">4<\/td><td class=\"column-2\">Cecilka<\/td><td class=\"column-3\">2013\/11\/22<\/td><td class=\"column-4\">2016\/04\/10<\/td><td class=\"column-5\">870<\/td><td class=\"column-6\">2r 04m 18d<\/td>\n<\/tr>\n<tr class=\"row-6\">\n\t<td class=\"column-1\">5<\/td><td class=\"column-2\">J\u016flie<\/td><td class=\"column-3\">2016\/04\/12<\/td><td class=\"column-4\">2017\/03\/21<\/td><td class=\"column-5\">343<\/td><td class=\"column-6\">0r 11m 09d<\/td>\n<\/tr>\n<tr class=\"row-7\">\n\t<td class=\"column-1\">6<\/td><td class=\"column-2\">Leont\u00fdna<\/td><td class=\"column-3\">2017\/03\/22<\/td><td class=\"column-4\">2017\/10\/02<\/td><td class=\"column-5\">194<\/td><td class=\"column-6\">0r 06m 11d<\/td>\n<\/tr>\n<tr class=\"row-8\">\n\t<td class=\"column-1\">7<\/td><td class=\"column-2\">\u00c9li\u0161ka<\/td><td class=\"column-3\">2017\/10\/05<\/td><td class=\"column-4\">2018\/09\/26<\/td><td class=\"column-5\">366<\/td><td class=\"column-6\">0r 11m 21d<\/td>\n<\/tr>\n<tr class=\"row-9\">\n\t<td class=\"column-1\">8<\/td><td class=\"column-2\">Iva<\/td><td class=\"column-3\">2018\/10\/01<\/td><td class=\"column-4\">2019\/10\/26<\/td><td class=\"column-5\">390<\/td><td class=\"column-6\">1r 00m 25d<\/td>\n<\/tr>\n<tr class=\"row-10\">\n\t<td class=\"column-1\">9<\/td><td class=\"column-2\">Wara<\/td><td class=\"column-3\">2018\/10\/01<\/td><td class=\"column-4\">2020\/01\/14<\/td><td class=\"column-5\">470<\/td><td class=\"column-6\">1r 03m 13d<\/td>\n<\/tr>\n<tr class=\"row-11\">\n\t<td class=\"column-1\">10<\/td><td class=\"column-2\">Bla\u017eenka<\/td><td class=\"column-3\">2020\/02\/03<\/td><td class=\"column-4\">2021\/05\/14<\/td><td class=\"column-5\">466<\/td><td class=\"column-6\">1r 03m 11d<\/td>\n<\/tr>\n<tr class=\"row-12\">\n\t<td class=\"column-1\">11<\/td><td class=\"column-2\">\u017dofie<\/td><td class=\"column-3\">2021\/05\/15<\/td><td class=\"column-4\">2023\/06\/24<\/td><td class=\"column-5\">769<\/td><td class=\"column-6\">2r 01m 08d<\/td>\n<\/tr>\n<tr class=\"row-13\">\n\t<td class=\"column-1\">12<\/td><td class=\"column-2\">M\u00e1linka<\/td><td class=\"column-3\">2023\/07\/10<\/td><td class=\"column-4\">2024\/12\/31<\/td><td class=\"column-5\">540<\/td><td class=\"column-6\">1r 05m 21d<\/td>\n<\/tr>\n<tr class=\"row-14\">\n\t<td class=\"column-1\">13<\/td><td class=\"column-2\">Jakubka<\/td><td class=\"column-3\">2023\/07\/24 *<\/td><td class=\"column-4\">2023\/10\/28<\/td><td class=\"column-5\">096 *<\/td><td class=\"column-6\">0r 03m 04d<\/td>\n<\/tr>\n<tr class=\"row-15\">\n\t<td class=\"column-1\">14<\/td><td class=\"column-2\">Haninka<\/td><td class=\"column-3\">2023\/07\/24 *<\/td><td class=\"column-4\">2024\/11\/13<\/td><td class=\"column-5\">478 *<\/td><td class=\"column-6\">1r 03m 20d<\/td>\n<\/tr>\n<tr class=\"row-16\">\n\t<td class=\"column-1\">15<\/td><td class=\"column-2\">Vilma<\/td><td class=\"column-3\">2025\/01\/07<\/td><td class=\"column-4\">2025\/12\/10<\/td><td class=\"column-5\">338<\/td><td class=\"column-6\">0r11m03d<\/td>\n<\/tr>\n<\/tbody>\n<tfoot>\n<tr class=\"row-17\">\n\t<th class=\"column-1\">16<\/th><th class=\"column-2\">Lucie<\/th><th class=\"column-3\">2025\/12\/13<\/th><td class=\"column-4\"><\/td><td class=\"column-5\"><\/td><td class=\"column-6\"><\/td>\n<\/tr>\n<\/tfoot>\n<\/table>\n<!-- #tablepress-23 from cache -->\n<p>Updated 2025-12-13 16:38:32<\/p>\n<hr \/>\n<p><span style=\"font-weight: 400;\">Lucie lives with us  <span class=\"dhcountup\" data-time=\"10652863\">123 dn\u016f 7 hodin<\/span> .<\/span><\/p>\n<ul>\n<li><a href=\"https:\/\/tinnunculus.sy-sy.cz\/index.php\/en\/mice\/\">Our mice<\/a><\/li>\n<\/ul>\n","protected":false},"excerpt":{"rendered":"<p>The table records the date of acquisition of the mouse and the date of its death. If the date of birth is known, it is indicated with an asterisk. Lifespan is calculated in days (? d) or years, months and days (?r?m?d). Updated Lucie lives with us . Our mice<\/p>\n","protected":false},"author":2,"featured_media":0,"parent":9851,"menu_order":0,"comment_status":"closed","ping_status":"closed","template":"","meta":{"jetpack_post_was_ever_published":false,"footnotes":""},"categories":[1141,1151],"tags":[],"class_list":["post-38520","page","type-page","status-publish","hentry","category-our-mice-en","category-tenants-and-visitors"],"jetpack_shortlink":"https:\/\/wp.me\/P91gKE-a1i","jetpack-related-posts":[{"id":1655,"url":"https:\/\/tinnunculus.sy-sy.cz\/index.php\/en\/basic-info\/","url_meta":{"origin":38520,"position":0},"title":"Of Mice and Kestrels","author":"Zuzana Syrov\u00e1 An\u00fd\u017eov\u00e1","date":"08\/08\/2017","format":false,"excerpt":"Kestrels (common or european kestrels) stay with us in our flat in a\u00a0housing estate in the suburb of Brno for a long time. Initially they used our balcony only as a shelter and dormitory, but since the fire in 2006, the situation changed. Starting with the 2007 season\u00a0kestrels are nesting\u2026","rel":"","context":"V \u201e\"Our\" kestrels\u201c","block_context":{"text":"\"Our\" kestrels","link":"https:\/\/tinnunculus.sy-sy.cz\/index.php\/en\/category\/tenants-and-visitors\/our-kestrels-en\/"},"img":{"alt_text":"","src":"https:\/\/i0.wp.com\/tinnunculus.sy-sy.cz\/wp-content\/uploads\/2017\/08\/dsc22907_24x10cb-e1501697514766.jpg?fit=1200%2C500&ssl=1&resize=350%2C200","width":350,"height":200,"srcset":"https:\/\/i0.wp.com\/tinnunculus.sy-sy.cz\/wp-content\/uploads\/2017\/08\/dsc22907_24x10cb-e1501697514766.jpg?fit=1200%2C500&ssl=1&resize=350%2C200 1x, https:\/\/i0.wp.com\/tinnunculus.sy-sy.cz\/wp-content\/uploads\/2017\/08\/dsc22907_24x10cb-e1501697514766.jpg?fit=1200%2C500&ssl=1&resize=525%2C300 1.5x, https:\/\/i0.wp.com\/tinnunculus.sy-sy.cz\/wp-content\/uploads\/2017\/08\/dsc22907_24x10cb-e1501697514766.jpg?fit=1200%2C500&ssl=1&resize=700%2C400 2x, https:\/\/i0.wp.com\/tinnunculus.sy-sy.cz\/wp-content\/uploads\/2017\/08\/dsc22907_24x10cb-e1501697514766.jpg?fit=1200%2C500&ssl=1&resize=1050%2C600 3x"},"classes":[]},{"id":9765,"url":"https:\/\/tinnunculus.sy-sy.cz\/index.php\/en\/introduction\/","url_meta":{"origin":38520,"position":1},"title":"Introduction","author":"Zuzana Syrov\u00e1 An\u00fd\u017eov\u00e1","date":"08\/12\/2019","format":false,"excerpt":"This site and blog or notebook is a follow-up to the older blog Of Mice and Kestrels, which we decided to launch back in 2014. It is dedicated mainly to kestrels, who decided to live with us under one roof on the balcony of our home office, and since 2007\u2026","rel":"","context":"Podobn\u00fd p\u0159\u00edsp\u011bvek","block_context":{"text":"Podobn\u00fd p\u0159\u00edsp\u011bvek","link":""},"img":{"alt_text":"Vlajka Spojen\u00e9ho kr\u00e1lovstv\u00ed","src":"https:\/\/i1.wp.com\/statni.vlajky.org\/32\/spojene_kralovstvi.png?resize=350%2C200","width":350,"height":200},"classes":[]},{"id":9783,"url":"https:\/\/tinnunculus.sy-sy.cz\/index.php\/en\/data-protection-decaration\/","url_meta":{"origin":38520,"position":2},"title":"Data protection declaration","author":"Zuzana Syrov\u00e1 An\u00fd\u017eov\u00e1","date":"08\/12\/2019","format":false,"excerpt":"Name and address of the representative The representative with respect to the European General Data Protection Regulation and national regulations of the member states as well as other relevant regulations for this purely personal and private website is: Zuzana Syrov\u00e1 - An\u00fd\u017eov\u00e1 and Ji\u0159\u00ed Syrov\u00fd Kur\u0161ova 30, Brno. 63500 The\u2026","rel":"","context":"Podobn\u00fd p\u0159\u00edsp\u011bvek","block_context":{"text":"Podobn\u00fd p\u0159\u00edsp\u011bvek","link":""},"img":{"alt_text":"","src":"","width":0,"height":0},"classes":[]},{"id":9804,"url":"https:\/\/tinnunculus.sy-sy.cz\/index.php\/en\/online\/","url_meta":{"origin":38520,"position":3},"title":"&#8222;Our&#8220; kestrels online","author":"Zuzana Syrov\u00e1 An\u00fd\u017eov\u00e1","date":"08\/12\/2019","format":false,"excerpt":"0\u00a6\u00a01\u00a6\u00a02\u00a6\u00a03\u00a6\u00a04\u00a6\u00a05\u00a6\u00a06\u00a6\u00a07\u00a6\u00a08\u00a6\u00a09\u00a612\u00a6\u00a013\u00a6\u00a014\u00a6\u00a015\u00a6\u00a016\u00a6\u00a017\u00a6\u00a018\u00a6\u00a019\u00a6\u00a020\u00a6 10\u00a6\u00a0 11\u00a6 21\u00a6 \u00a0 A virtual window into our balcony... Click the camera number to open the\u00a0 camera page; you can also select it from a list of our cameras. Main camera groups: the kestrel balcony\u00a0\u00a6\u00a0the swift nestboxes\u00a0\u00a6\u00a0the kestrel window. We are also testing a live stream on our\u2026","rel":"","context":"V \u201e\"Our\" kestrels\u201c","block_context":{"text":"\"Our\" kestrels","link":"https:\/\/tinnunculus.sy-sy.cz\/index.php\/en\/category\/tenants-and-visitors\/our-kestrels-en\/"},"img":{"alt_text":"Camera 1","src":"https:\/\/sy-sy.cz\/cam\/webapi\/entry.cgi?api=SYNO.SurveillanceStation.Stream.VideoStreaming&version=1&method=Stream&format=mjpeg&cameraId=2&StmKey=%229853f85e3f00a090389e5f3da7058a2c%22","width":350,"height":200,"srcset":"https:\/\/sy-sy.cz\/cam\/webapi\/entry.cgi?api=SYNO.SurveillanceStation.Stream.VideoStreaming&version=1&method=Stream&format=mjpeg&cameraId=2&StmKey=%229853f85e3f00a090389e5f3da7058a2c%22 1x, https:\/\/sy-sy.cz\/cam\/webapi\/entry.cgi?api=SYNO.SurveillanceStation.Stream.VideoStreaming&version=1&method=Stream&format=mjpeg&cameraId=2&StmKey=%229853f85e3f00a090389e5f3da7058a2c%22 1.5x, https:\/\/sy-sy.cz\/cam\/webapi\/entry.cgi?api=SYNO.SurveillanceStation.Stream.VideoStreaming&version=1&method=Stream&format=mjpeg&cameraId=2&StmKey=%229853f85e3f00a090389e5f3da7058a2c%22 2x, https:\/\/sy-sy.cz\/cam\/webapi\/entry.cgi?api=SYNO.SurveillanceStation.Stream.VideoStreaming&version=1&method=Stream&format=mjpeg&cameraId=2&StmKey=%229853f85e3f00a090389e5f3da7058a2c%22 3x, https:\/\/sy-sy.cz\/cam\/webapi\/entry.cgi?api=SYNO.SurveillanceStation.Stream.VideoStreaming&version=1&method=Stream&format=mjpeg&cameraId=2&StmKey=%229853f85e3f00a090389e5f3da7058a2c%22 4x"},"classes":[]},{"id":9851,"url":"https:\/\/tinnunculus.sy-sy.cz\/index.php\/en\/mice\/","url_meta":{"origin":38520,"position":4},"title":"Mice","author":"Zuzana Syrov\u00e1 An\u00fd\u017eov\u00e1","date":"08\/12\/2019","format":false,"excerpt":"Rolanda (2009\/05\/30\u20142011\/05\/31) Rolandek (2011\/07\/06\u20142012\/10\/02) Martinka (2012\/11\/11\u20142013\/10\/2?) Cecilka (2013\/11\/22\u20142016\/04\/10) J\u016flinka (2016\/04\/12\u20142017\/03\/21) Leont\u00fdnka (2017\/03\/22\u20142017\/10\/02) \u00c9li\u0161ka (2017\/10\/05\u20142018\/09\/26) Ivu\u0161ka (2018\/10\/01\u20142018\/10\/26-29) Waru\u0161ka (2018\/10\/01\u20142020\/01\/14) Bla\u017eenka (2020\/02\/03\u20142021\/05\/14) \u017dofie (2021\/05\/15\u20142023\/06\/24) Am\u00e1lka (2023\/07\/10\u20142024\/12\/31) Jakubka, Am\u00e1lka's daughter (2023\/08\/15\u20142023\/10\/28) Haninka, Am\u00e1lka's daughter (2023\/08\/15\u20142024\/11\/13) Vilma (2025\/01\/07\u20142025\/12\/10) Lucie (2025\/12\/13\u2014) Lucie lives with us . Overview of our mice","rel":"","context":"V \u201eHouse mouse\u201c","block_context":{"text":"House mouse","link":"https:\/\/tinnunculus.sy-sy.cz\/index.php\/en\/category\/mouse\/house-mouse-en\/"},"img":{"alt_text":"","src":"https:\/\/i0.wp.com\/tinnunculus.sy-sy.cz\/wp-content\/uploads\/2024\/03\/P1370792u1-1024x698.jpg?resize=350%2C200&ssl=1","width":350,"height":200,"srcset":"https:\/\/i0.wp.com\/tinnunculus.sy-sy.cz\/wp-content\/uploads\/2024\/03\/P1370792u1-1024x698.jpg?resize=350%2C200&ssl=1 1x, https:\/\/i0.wp.com\/tinnunculus.sy-sy.cz\/wp-content\/uploads\/2024\/03\/P1370792u1-1024x698.jpg?resize=525%2C300&ssl=1 1.5x"},"classes":[]},{"id":5970,"url":"https:\/\/tinnunculus.sy-sy.cz\/index.php\/en\/online\/our-webcams\/","url_meta":{"origin":38520,"position":5},"title":"Our webcams","author":"Zuzana Syrov\u00e1 An\u00fd\u017eov\u00e1","date":"29\/07\/2018","format":false,"excerpt":"0\u00a6\u00a01\u00a6\u00a02\u00a6\u00a03\u00a6\u00a04\u00a6\u00a05\u00a6\u00a06\u00a6\u00a07\u00a6\u00a08\u00a6\u00a09\u00a612\u00a6\u00a013\u00a6\u00a014\u00a6\u00a015\u00a6\u00a016\u00a6\u00a017\u00a6\u00a018\u00a6\u00a019\u00a6\u00a020\u00a6 10\u00a6\u00a0 11\u00a6 21\u00a6 \u2190\u00a0Camera list Part of the balcony near the door with the new nest \u2013 AXIS M1135 (1) New nest \u00a6 Perches above the new nest \u00a6 Swift nest boxes \u2013 AXIS M2014-E (1) Perches above the new nest \u2013 AXIS M1125 (1) Perches above the old\u2026","rel":"","context":"V \u201e(Web) cameras\u201c","block_context":{"text":"(Web) cameras","link":"https:\/\/tinnunculus.sy-sy.cz\/index.php\/en\/category\/live-broadcast\/webcams\/"},"img":{"alt_text":"","src":"https:\/\/i0.wp.com\/tinnunculus.sy-sy.cz\/wp-content\/uploads\/2021\/05\/youtube-1718976_960_720-300x300.png?resize=350%2C200&ssl=1","width":350,"height":200},"classes":[]}],"jetpack_sharing_enabled":true,"_links":{"self":[{"href":"https:\/\/tinnunculus.sy-sy.cz\/index.php\/wp-json\/wp\/v2\/pages\/38520","targetHints":{"allow":["GET"]}}],"collection":[{"href":"https:\/\/tinnunculus.sy-sy.cz\/index.php\/wp-json\/wp\/v2\/pages"}],"about":[{"href":"https:\/\/tinnunculus.sy-sy.cz\/index.php\/wp-json\/wp\/v2\/types\/page"}],"author":[{"embeddable":true,"href":"https:\/\/tinnunculus.sy-sy.cz\/index.php\/wp-json\/wp\/v2\/users\/2"}],"replies":[{"embeddable":true,"href":"https:\/\/tinnunculus.sy-sy.cz\/index.php\/wp-json\/wp\/v2\/comments?post=38520"}],"version-history":[{"count":3,"href":"https:\/\/tinnunculus.sy-sy.cz\/index.php\/wp-json\/wp\/v2\/pages\/38520\/revisions"}],"predecessor-version":[{"id":45293,"href":"https:\/\/tinnunculus.sy-sy.cz\/index.php\/wp-json\/wp\/v2\/pages\/38520\/revisions\/45293"}],"up":[{"embeddable":true,"href":"https:\/\/tinnunculus.sy-sy.cz\/index.php\/wp-json\/wp\/v2\/pages\/9851"}],"wp:attachment":[{"href":"https:\/\/tinnunculus.sy-sy.cz\/index.php\/wp-json\/wp\/v2\/media?parent=38520"}],"wp:term":[{"taxonomy":"category","embeddable":true,"href":"https:\/\/tinnunculus.sy-sy.cz\/index.php\/wp-json\/wp\/v2\/categories?post=38520"},{"taxonomy":"post_tag","embeddable":true,"href":"https:\/\/tinnunculus.sy-sy.cz\/index.php\/wp-json\/wp\/v2\/tags?post=38520"}],"curies":[{"name":"wp","href":"https:\/\/api.w.org\/{rel}","templated":true}]}}