{"id":38491,"date":"2024-12-16T21:05:55","date_gmt":"2024-12-16T20:05:55","guid":{"rendered":"https:\/\/tinnunculus.sy-sy.cz\/?page_id=38491"},"modified":"2026-04-18T09:32:35","modified_gmt":"2026-04-18T07:32:35","slug":"2026-2","status":"publish","type":"page","link":"https:\/\/tinnunculus.sy-sy.cz\/index.php\/deniky\/2026-2\/","title":{"rendered":"2026"},"content":{"rendered":"<p><a href=\"https:\/\/i0.wp.com\/tinnunculus.sy-sy.cz\/wp-content\/uploads\/2026\/02\/20260228-094239pe-0-e1772301422145.jpg?ssl=1\" target=\"_blank\" rel=\"noopener\"><img data-recalc-dims=\"1\" loading=\"lazy\" decoding=\"async\" data-attachment-id=\"46172\" data-permalink=\"https:\/\/tinnunculus.sy-sy.cz\/index.php\/2026\/02\/28\/sezona-zacina\/20260228-094239pe-0\/\" data-orig-file=\"https:\/\/i0.wp.com\/tinnunculus.sy-sy.cz\/wp-content\/uploads\/2026\/02\/20260228-094239pe-0-e1772301422145.jpg?fit=1038%2C585&amp;ssl=1\" data-orig-size=\"1038,585\" data-comments-opened=\"1\" data-image-meta=\"{&quot;aperture&quot;:&quot;0&quot;,&quot;credit&quot;:&quot;&quot;,&quot;camera&quot;:&quot;&quot;,&quot;caption&quot;:&quot;&quot;,&quot;created_timestamp&quot;:&quot;0&quot;,&quot;copyright&quot;:&quot;&quot;,&quot;focal_length&quot;:&quot;0&quot;,&quot;iso&quot;:&quot;0&quot;,&quot;shutter_speed&quot;:&quot;0&quot;,&quot;title&quot;:&quot;&quot;,&quot;orientation&quot;:&quot;0&quot;}\" data-image-title=\"20260228-094239pe-0\" data-image-description=\"\" data-image-caption=\"\" data-large-file=\"https:\/\/i0.wp.com\/tinnunculus.sy-sy.cz\/wp-content\/uploads\/2026\/02\/20260228-094239pe-0-e1772301422145.jpg?fit=525%2C296&amp;ssl=1\" class=\"aligncenter wp-image-46172 size-large\" src=\"https:\/\/i0.wp.com\/tinnunculus.sy-sy.cz\/wp-content\/uploads\/2026\/02\/20260228-094239pe-0-e1772301397717-1024x577.jpg?resize=525%2C296&#038;ssl=1\" alt=\"\" width=\"525\" height=\"296\" \/><\/a><\/p>\n<p style=\"text-align: center;\"><em>\u00a0<a href=\"https:\/\/tinnunculus.sy-sy.cz\/index.php\/deniky\/2025-2\/\">2025<\/a> p\u0159edchoz\u00ed rok \u2194 n\u00e1sleduj\u00edc\u00ed rok <a href=\"https:\/\/tinnunculus.sy-sy.cz\/index.php\/deniky\/2027-2\/\">2027<\/a> ?<\/em><\/p>\n<p><!--more--><\/p>\n<ul>\n<li style=\"text-align: left;\">2026\/01\/01 &#8211; po&nbsp;silvestrovsk\u00e9 noci str\u00e1ven\u00e9 v&nbsp;polici pod stropem nad hn\u00edzdem pan\u00ed po\u0161tolka odl\u00e9t\u00e1 v&nbsp;7:34; pan po\u0161tolka, kter\u00fd tr\u00e1vil noc nezn\u00e1mo kde, se vrac\u00ed hned po&nbsp;r\u00e1nu zahnat holuby (8:17).<\/li>\n<li>2026\/01\/03 &#8211; jedna kavka se sna\u017e\u00ed sebrat pan\u00ed po\u0161tolce hrabo\u0161e, kter\u00e9ho si p\u0159inesla na ror\u00fdsovn\u00edk (8:20\u20148:49).<\/li>\n<li>2026\/01\/06 &#8211; same\u010dek p\u0159in\u00e1\u0161\u00ed sami\u010dce prvn\u00edho hrabo\u0161e roku 2026<\/li>\n<li>2026\/01\/18 &#8211; prvn\u00ed p\u00e1\u0159en\u00ed v&nbsp;roce 2026 (7:21)<\/li>\n<li>2026\/03\/03 &#8211; kavka se pokou\u0161\u00ed sebrat pan\u00ed po\u0161tolce hrabo\u0161e a&nbsp;o&nbsp;n\u011bco pozd\u011bji (8:46) se dostat do ror\u00fdsovn\u00edku<\/li>\n<li>2026\/03\/07 &#8211; zah\u00e1n\u011bn\u00ed ciz\u00ed sami\u010dky (16:45)<\/li>\n<li>2026\/03\/11 &#8211; instalace kamery AXIS M20235-LE (2)<\/li>\n<li>2026\/03\/13 &#8211; minutu po&nbsp;p\u016flnoci sami\u010dka n\u011b\u010d\u00edm vypla\u0161ena odl\u00e9t\u00e1<\/li>\n<li>2026\/03\/17 &#8211; dom\u00e1c\u00ed p\u00e1r zah\u00e1n\u00ed holuby a&nbsp;z\u00e1rove\u0148 hlavn\u011b ciz\u00ed obletuj\u00edc\u00ed p\u00e1r po\u0161tolek (8:34\u20148:37); p\u00e1r po\u0161tolek se \u017eiv\u011b zaj\u00edm\u00e1 o&nbsp;truhl\u00edk, kter\u00fd jsme um\u00edstili na kuchy\u0148sk\u00e9 okno pro po\u0161tolky, kter\u00e9 loni hn\u00edzdili ve sp\u00ed\u017ei o&nbsp;patro n\u00ed\u017ee (9:45)<\/li>\n<li>2026\/03\/18 &#8211; prvn\u00ed p\u00e1\u0159en\u00ed druh\u00e9ho p\u00e1ru po\u0161tolek na kuchy\u0148sk\u00e9m okn\u011b (8:20)<\/li>\n<li>2026\/03\/20 &#8211; instalace fotopasti na parapetu kuchy\u0148sk\u00e9ho okna<\/li>\n<li>2026\/03\/22 &#8211; pan po\u0161tolka p\u0159in\u00e1\u0161\u00ed do lo\u017eie hrabo\u0161e, o&nbsp;kter\u00e9ho projev\u00ed z\u00e1jem dv\u011b po\u0161tolky, kter\u00e9 se poperou (18:06)<\/li>\n<li>2026\/03\/24 &#8211; ob\u011b &#8222;na\u0161e&#8220; po\u0161tolky odl\u00e9taj\u00ed do noci, kdy\u017e se v&nbsp;ulici ozve r\u00e1na (19:56)<\/li>\n<li>2026\/03\/27 &#8211; fotopast na parapetu kuchy\u0148sk\u00e9ho okna zaznamen\u00e1v\u00e1 pouze jednu n\u00e1v\u0161t\u011bvu po\u0161tolky (odst\u011bhovaly se?)<\/li>\n<li>2026\/03\/28 &#8211; dopoledne se p\u00e1r kavek intenzivn\u011b zaj\u00edm\u00e1 o&nbsp;ror\u00fdsovn\u00edk i&nbsp;po\u0161tol\u010d\u00ed lod\u017eii, tak\u017ee ho dom\u00e1c\u00ed po\u0161tolky musej\u00ed zah\u00e1n\u011bt<\/li>\n<li>2026\/03\/29 &#8211; kavky op\u011bt v&nbsp;lod\u017eii (7:29; 10:17)<\/li>\n<li>2026\/03\/31 &#8211; instalace kamery AXIS M20235-LE (3)<\/li>\n<li>2026\/04\/02 &#8211; ciz\u00ed sami\u010dka pron\u00e1sleduje pana po\u0161tolku do lod\u017eie; dom\u00e1c\u00ed ji musej\u00ed zah\u00e1n\u011bt (10:23)<\/li>\n<li><strong>2026\/04\/05<\/strong> &#8211; po&nbsp;n\u011bkolika dnech posed\u00e1v\u00e1n\u00ed v&nbsp;hn\u00edzdn\u00ed bed\u00fdnce snesla pan\u00ed po\u0161tolka prvn\u00ed leto\u0161n\u00ed vejce (9:15\u20149:17); ciz\u00ed po\u0161tolka pron\u00e1sleduje dom\u00e1c\u00ed same\u010dka a\u017e do lod\u017eie (9:46); on m\u00e1 po&nbsp;jej\u00edm zahn\u00e1n\u00ed p\u0159\u00edle\u017eitost si poprv\u00e9 posed\u011bt na vejci<\/li>\n<li><strong>2026\/04\/07<\/strong> &#8211; sneseno 2.&nbsp;vejce (9:57)<\/li>\n<li><strong>2026\/04\/09<\/strong> &#8211; sneseno 3.&nbsp;vejce (11:18)<\/li>\n<li><strong>2026\/04\/11<\/strong> &#8211; sneseno 4.&nbsp;vejce (14:34)<\/li>\n<li><strong>2026\/04\/13<\/strong> &#8211; sneseno 5.&nbsp;vejce (18:08)<\/li>\n<li>2026\/04\/14\u2014202604\/15 &#8211; sami\u010dka sed\u00ed v&nbsp;noci na vejc\u00edch do 2:48; vrac\u00ed se na n\u011b a\u017e r\u00e1no v&nbsp;6:29<\/li>\n<li>2026\/04\/15\u2014202604\/16 &#8211; sami\u010dka z\u016fst\u00e1v\u00e1 sed\u011bt celou noc na vejc\u00edch<\/li>\n<li><strong>2026\/04\/16<\/strong> &#8211; p\u0159ed 5:55, kdy same\u010dek p\u0159in\u00e1\u0161\u00ed sami\u010dce hrabo\u0161e, sneseno 6.&nbsp;vejce<\/li>\n<li>2026\/04\/17 &#8211; truhl\u00edk na parapetu kuchy\u0148sk\u00e9ho okna op\u011bt nav\u0161t\u011bvuje po\u0161tol\u010d\u00ed sami\u010dka a&nbsp;same\u010dek<\/li>\n<li><strong>2026\/04\/18<\/strong> &#8211; sneseno 7.&nbsp;vejce (p\u0159ed 6:10)<\/li>\n<\/ul>\n<div align=\"center\">Aktu\u00e1ln\u00ed d\u011bn\u00ed je mo\u017eno sledovat\u00a0<a href=\"https:\/\/tinnunculus.sy-sy.cz\/index.php\/v-primem-prenosu\/\" target=\"_blank\" rel=\"noopener noreferrer\">zde<\/a>.<\/div>\n<div align=\"center\">\u00dadaje z\u00a0<a href=\"https:\/\/tinnunculus.sy-sy.cz\/index.php\/krouzkovani\/\" target=\"_blank\" rel=\"noopener noreferrer\">krou\u017ekov\u00e1n\u00ed<\/a>.<\/div>\n<div align=\"center\">Foto a\u00a0videoarchiv\u00a0<a href=\"https:\/\/photo.sy-sy.cz\/photo\/?t=Albums\/album_706f73746f6c65\/album_706f73746f6c652f32303236#Albums\/album_706f73746f6c65\/album_706f73746f6c652f32303236\" target=\"_blank\" rel=\"noopener\">2026<\/a>.<\/div>\n<div align=\"center\">Rok\u00a0<a href=\"https:\/\/tinnunculus.sy-sy.cz\/index.php\/deniky\/2026-2\/sezona-2026\/\">2026<\/a>\u00a0v\u00a0Bloku (aneb blogu, bloku \u010dili z\u00e1pisn\u00edku).<\/div>\n<div align=\"center\">\u00a0\u2013<\/div>\n<p align=\"center\"><em><a href=\"https:\/\/tinnunculus.sy-sy.cz\/index.php\/deniky\/2025-2\/\">2025<\/a> p\u0159edchoz\u00ed rok \u2194 n\u00e1sleduj\u00edc\u00ed rok <a href=\"https:\/\/tinnunculus.sy-sy.cz\/index.php\/deniky\/2027-2\/\">2027<\/a><\/em><\/p>\n<p><em>Pozn.: Z\u00e1kladn\u00ed informace o\u00a0historii po\u0161tol\u010d\u00edho hn\u00edzda a\u00a0pr\u016fb\u011bhu po\u0161tol\u010d\u00edho roku v\u00a0lod\u017eii poskytuje \u010dl\u00e1nek\u00a0<a title=\"O po\u0161tolk\u00e1ch aneb historie hn\u00edzda\" href=\"https:\/\/tinnunculus.sy-sy.cz\/index.php\/2013\/05\/24\/o-postolkach-aneb-historie-hnizda\/\">O po\u0161tolk\u00e1ch aneb historie hn\u00edzda<\/a>\u00a0a\u00a0na n\u011bj navazuj\u00edc\u00ed\u00a0<a href=\"https:\/\/tinnunculus.sy-sy.cz\/index.php\/o-postolkach-aneb-historie-hnizda-ii\/\">Historie hn\u00edzda II<\/a>..<\/em><\/p>\n<p>Jak\u00e9 po\u010das\u00ed prov\u00e1z\u00ed sez\u00f3nu 2026 lze nahl\u00e9dnout v&nbsp;historick\u00fdch ro\u010dn\u00edch a&nbsp;m\u011bs\u00ed\u010dn\u00edch datech <em><a href=\"https:\/\/www.meteoblue.com\/cs\/po%C4%8Das%C3%AD\/historyclimate\/weatherarchive\/bystrc_%C4%8Cesko_3078308?fcstlength=1y&amp;year=2026&amp;month=1\" target=\"_blank\" rel=\"noopener\">zde<\/a>.<\/em><br \/>\nAktu\u00e1ln\u00ed stav po\u010das\u00ed u\u00a0n\u00e1s najdete\u00a0<em><a href=\"https:\/\/tinnunculus.sy-sy.cz\/index.php\/pocasi-u-nas\/\">zde<\/a><\/em><em>.<br \/>\n\u00dadaje p\u0159\u00edmo v\u00a0po\u0161tol\u010d\u00ed lod\u017eii m\u011b\u0159\u00ed \u00a0<a href=\"https:\/\/tinnunculus.tmep.cz\/\" target=\"_blank\" rel=\"noopener\">na\u0161e meteostanice<\/a>\u00a0.<\/em><\/p>\n<p>&nbsp;<\/p>\n<p>Aktualizov\u00e1no <span class=\"last-modified-timestamp\">18\/04\/2026 09:32<\/span><\/p>\n","protected":false},"excerpt":{"rendered":"<p>\u00a02025 p\u0159edchoz\u00ed rok \u2194 n\u00e1sleduj\u00edc\u00ed rok 2027 ?<\/p>\n","protected":false},"author":2,"featured_media":0,"parent":809,"menu_order":20,"comment_status":"closed","ping_status":"closed","template":"","meta":{"jetpack_post_was_ever_published":false,"footnotes":""},"categories":[147,148,119,116,299,308,105,110],"tags":[1536,1424,85,90,91],"class_list":["post-38491","page","type-page","status-publish","hentry","category-nase-postolky","category-nasi-rorysi","category-info","category-nasi","category-nase-mysi","category-ostatni-najemnici-a-navstevnici","category-postolka","category-postolka-obecna","tag-1536","tag-denik","tag-ps_73","tag-ps_96","tag-ps_95"],"jetpack_shortlink":"https:\/\/wp.me\/P91gKE-a0P","jetpack-related-posts":[{"id":45253,"url":"https:\/\/tinnunculus.sy-sy.cz\/index.php\/deniky\/2027-2\/","url_meta":{"origin":38491,"position":0},"title":"2027","author":"Zuzana Syrov\u00e1 An\u00fd\u017eov\u00e1","date":"12\/12\/2025","format":false,"excerpt":"\u00a02026 p\u0159edchoz\u00ed rok \u2194 n\u00e1sleduj\u00edc\u00ed rok 2028 ?","rel":"","context":"V \u201e\"Na\u0161e\" po\u0161tolky\u201c","block_context":{"text":"\"Na\u0161e\" po\u0161tolky","link":"https:\/\/tinnunculus.sy-sy.cz\/index.php\/category\/nasi\/nase-postolky\/"},"img":{"alt_text":"","src":"","width":0,"height":0},"classes":[]},{"id":29104,"url":"https:\/\/tinnunculus.sy-sy.cz\/index.php\/deniky\/2025-2\/","url_meta":{"origin":38491,"position":1},"title":"2025","author":"Zuzana Syrov\u00e1 An\u00fd\u017eov\u00e1","date":"28\/12\/2023","format":false,"excerpt":"\u00a02024 p\u0159edchoz\u00ed rok \u2194 n\u00e1sleduj\u00edc\u00ed rok 2026 ? 2025\/01\/01 - dom\u00e1c\u00ed po\u0161tol\u010d\u00ed p\u00e1r p\u0159e\u010dkal silvestrovskou noc v bezpe\u010d\u00ed lod\u017eie, on na bid\u00fdlku nad star\u00fdm hn\u00edzdem, ona v polici pod stropem nad hn\u00edzdem nov\u00fdm 2025\/01\/07 - pan\u00ed po\u0161tolka p\u0159il\u00e9t\u00e1 do lod\u017eie cel\u00e1 zkrvaven\u00e1, patrn\u011b se n\u011bkde poprala 2025\/02\/04 - pan po\u0161tolka\u2026","rel":"","context":"V \u201e\"Na\u0161e\" po\u0161tolky\u201c","block_context":{"text":"\"Na\u0161e\" po\u0161tolky","link":"https:\/\/tinnunculus.sy-sy.cz\/index.php\/category\/nasi\/nase-postolky\/"},"img":{"alt_text":"","src":"https:\/\/i0.wp.com\/tinnunculus.sy-sy.cz\/wp-content\/uploads\/2025\/02\/202502221082318-1024x576.jpg?resize=350%2C200&ssl=1","width":350,"height":200,"srcset":"https:\/\/i0.wp.com\/tinnunculus.sy-sy.cz\/wp-content\/uploads\/2025\/02\/202502221082318-1024x576.jpg?resize=350%2C200&ssl=1 1x, https:\/\/i0.wp.com\/tinnunculus.sy-sy.cz\/wp-content\/uploads\/2025\/02\/202502221082318-1024x576.jpg?resize=525%2C300&ssl=1 1.5x"},"classes":[]},{"id":786,"url":"https:\/\/tinnunculus.sy-sy.cz\/index.php\/v-primem-prenosu\/","url_meta":{"origin":38491,"position":2},"title":"V p\u0159\u00edm\u00e9m p\u0159enosu","author":"Zuzana Syrov\u00e1 An\u00fd\u017eov\u00e1","date":"04\/08\/2017","format":false,"excerpt":"0\u00a6\u00a01\u00a6\u00a02\u00a6\u00a03\u00a6\u00a04\u00a6\u00a05\u00a6\u00a06\u00a6\u00a07\u00a6\u00a08\u00a6\u00a09\u00a6\u00a012\u00a6\u00a013\u00a6\u00a014\u00a6\u00a015\u00a6\u00a016\u00a6\u00a017\u00a6\u00a018\u00a6\u00a019\u00a6\u00a020\u00a6 10\u00a6\u00a0\u00a011\u00a6 21\u00a6 \u00a0 Kameru ke sledov\u00e1n\u00ed zvol\u00edte kliknut\u00edm na \u010d\u00edslo kamery nebo ji m\u016f\u017eete vybrat ze seznamu kamer. V\u00edce na str\u00e1nce Na\u0161e kamery. K dispozici jsou skupiny kamer:\u00a0\u00a0z po\u0161tol\u010d\u00ed lod\u017eie (hn\u00edzdo,\u00a0bid\u00fdlka,\u00a0z\u00e1bradl\u00ed,\u00a0za oknem,\u00a0na podlaze, ror\u00fdsovn\u00edk), z okol\u00ed ror\u00fdsovn\u00edku a z po\u0161tol\u010d\u00edho okna. Testujeme rovn\u011b\u017e \u017eiv\u00e9 vys\u00edl\u00e1n\u00ed na na\u0161em po\u0161tol\u010d\u00edm YouTube\u2026","rel":"","context":"V \u201e\"Na\u0161e\" po\u0161tolky\u201c","block_context":{"text":"\"Na\u0161e\" po\u0161tolky","link":"https:\/\/tinnunculus.sy-sy.cz\/index.php\/category\/nasi\/nase-postolky\/"},"img":{"alt_text":"Camera 1","src":"https:\/\/sy-sy.cz\/cam\/webapi\/entry.cgi?api=SYNO.SurveillanceStation.Stream.VideoStreaming&version=1&method=Stream&format=mjpeg&cameraId=2&StmKey=%229853f85e3f00a090389e5f3da7058a2c%22","width":350,"height":200,"srcset":"https:\/\/sy-sy.cz\/cam\/webapi\/entry.cgi?api=SYNO.SurveillanceStation.Stream.VideoStreaming&version=1&method=Stream&format=mjpeg&cameraId=2&StmKey=%229853f85e3f00a090389e5f3da7058a2c%22 1x, https:\/\/sy-sy.cz\/cam\/webapi\/entry.cgi?api=SYNO.SurveillanceStation.Stream.VideoStreaming&version=1&method=Stream&format=mjpeg&cameraId=2&StmKey=%229853f85e3f00a090389e5f3da7058a2c%22 1.5x, https:\/\/sy-sy.cz\/cam\/webapi\/entry.cgi?api=SYNO.SurveillanceStation.Stream.VideoStreaming&version=1&method=Stream&format=mjpeg&cameraId=2&StmKey=%229853f85e3f00a090389e5f3da7058a2c%22 2x, https:\/\/sy-sy.cz\/cam\/webapi\/entry.cgi?api=SYNO.SurveillanceStation.Stream.VideoStreaming&version=1&method=Stream&format=mjpeg&cameraId=2&StmKey=%229853f85e3f00a090389e5f3da7058a2c%22 3x, https:\/\/sy-sy.cz\/cam\/webapi\/entry.cgi?api=SYNO.SurveillanceStation.Stream.VideoStreaming&version=1&method=Stream&format=mjpeg&cameraId=2&StmKey=%229853f85e3f00a090389e5f3da7058a2c%22 4x"},"classes":[]},{"id":20315,"url":"https:\/\/tinnunculus.sy-sy.cz\/index.php\/deniky\/2024-2\/","url_meta":{"origin":38491,"position":3},"title":"2024","author":"Zuzana Syrov\u00e1 An\u00fd\u017eov\u00e1","date":"31\/12\/2022","format":false,"excerpt":"\u00a02023 p\u0159edchoz\u00ed rok \u2194 n\u00e1sleduj\u00edc\u00ed rok 2025 2024\/01\/01 - pan po\u0161tolka vypla\u0161en silvestrovsk\u00fdmi petardami odl\u00e9t\u00e1 necelou minutu po p\u016flnoci; pan\u00ed po\u0161tolka z\u016fst\u00e1v\u00e1 a\u017e do r\u00e1na; pan po\u0161tolka se vrac\u00ed po jej\u00edm odletu v 8:02; ve\u010der se ale vrac\u00ed pouze pan\u00ed po\u0161tolka 2024\/01\/03 - pan po\u0161tolka se op\u011bt vrac\u00ed a\u017e r\u00e1no\u2026","rel":"","context":"V \u201e\"Na\u0161e\" po\u0161tolky\u201c","block_context":{"text":"\"Na\u0161e\" po\u0161tolky","link":"https:\/\/tinnunculus.sy-sy.cz\/index.php\/category\/nasi\/nase-postolky\/"},"img":{"alt_text":"","src":"https:\/\/i0.wp.com\/tinnunculus.sy-sy.cz\/wp-content\/uploads\/2024\/03\/20240323-1120525196-1024x576.jpg?resize=350%2C200&ssl=1","width":350,"height":200,"srcset":"https:\/\/i0.wp.com\/tinnunculus.sy-sy.cz\/wp-content\/uploads\/2024\/03\/20240323-1120525196-1024x576.jpg?resize=350%2C200&ssl=1 1x, https:\/\/i0.wp.com\/tinnunculus.sy-sy.cz\/wp-content\/uploads\/2024\/03\/20240323-1120525196-1024x576.jpg?resize=525%2C300&ssl=1 1.5x"},"classes":[]},{"id":17502,"url":"https:\/\/tinnunculus.sy-sy.cz\/index.php\/deniky\/2023-2\/","url_meta":{"origin":38491,"position":4},"title":"2023","author":"Zuzana Syrov\u00e1 An\u00fd\u017eov\u00e1","date":"30\/12\/2021","format":false,"excerpt":"2022 p\u0159edchoz\u00ed rok \u2194 n\u00e1sleduj\u00edc\u00ed rok\u00a02024 2023\/01\/01 - silvestrovskou noc p\u0159e\u010dkal \"n\u00e1\u0161\" po\u0161tol\u010d\u00ed p\u00e1r ve zdrav\u00ed na bid\u00fdlku; sami\u010dka po r\u00e1nu zah\u00e1n\u00ed drz\u00e9 holuby 2023\/01\/03 - same\u010dek se dvo\u0159\u00ed sami\u010dce na hn\u00edzd\u011b 2023\/02\/07 - obletuje ciz\u00ed same\u010dek, kter\u00e9ho pron\u00e1sleduje vr\u00e1na (8:32); dom\u00e1c\u00ed zah\u00e1n\u011bj\u00ed vet\u0159elce; prvn\u00ed p\u00e1\u0159en\u00ed na z\u00e1bradl\u00ed (8:34) 2023\/02\/08\u2026","rel":"","context":"V \u201e\"Na\u0161e\" po\u0161tolky\u201c","block_context":{"text":"\"Na\u0161e\" po\u0161tolky","link":"https:\/\/tinnunculus.sy-sy.cz\/index.php\/category\/nasi\/nase-postolky\/"},"img":{"alt_text":"","src":"https:\/\/i0.wp.com\/tinnunculus.sy-sy.cz\/wp-content\/uploads\/2023\/03\/20230309_09-05-15-e1678350442869-1024x576.jpg?resize=350%2C200&ssl=1","width":350,"height":200,"srcset":"https:\/\/i0.wp.com\/tinnunculus.sy-sy.cz\/wp-content\/uploads\/2023\/03\/20230309_09-05-15-e1678350442869-1024x576.jpg?resize=350%2C200&ssl=1 1x, https:\/\/i0.wp.com\/tinnunculus.sy-sy.cz\/wp-content\/uploads\/2023\/03\/20230309_09-05-15-e1678350442869-1024x576.jpg?resize=525%2C300&ssl=1 1.5x"},"classes":[]},{"id":45551,"url":"https:\/\/tinnunculus.sy-sy.cz\/index.php\/deniky\/2026-2\/sezona-2026\/","url_meta":{"origin":38491,"position":5},"title":"Sez\u00f3na 2026","author":"Zuzana Syrov\u00e1 An\u00fd\u017eov\u00e1","date":"30\/12\/2025","format":false,"excerpt":"\u00a0 Den\u00edk 2026","rel":"","context":"V \u201e\"Na\u0161e\" po\u0161tolky\u201c","block_context":{"text":"\"Na\u0161e\" po\u0161tolky","link":"https:\/\/tinnunculus.sy-sy.cz\/index.php\/category\/nasi\/nase-postolky\/"},"img":{"alt_text":"","src":"","width":0,"height":0},"classes":[]}],"jetpack_sharing_enabled":true,"_links":{"self":[{"href":"https:\/\/tinnunculus.sy-sy.cz\/index.php\/wp-json\/wp\/v2\/pages\/38491","targetHints":{"allow":["GET"]}}],"collection":[{"href":"https:\/\/tinnunculus.sy-sy.cz\/index.php\/wp-json\/wp\/v2\/pages"}],"about":[{"href":"https:\/\/tinnunculus.sy-sy.cz\/index.php\/wp-json\/wp\/v2\/types\/page"}],"author":[{"embeddable":true,"href":"https:\/\/tinnunculus.sy-sy.cz\/index.php\/wp-json\/wp\/v2\/users\/2"}],"replies":[{"embeddable":true,"href":"https:\/\/tinnunculus.sy-sy.cz\/index.php\/wp-json\/wp\/v2\/comments?post=38491"}],"version-history":[{"count":24,"href":"https:\/\/tinnunculus.sy-sy.cz\/index.php\/wp-json\/wp\/v2\/pages\/38491\/revisions"}],"predecessor-version":[{"id":49109,"href":"https:\/\/tinnunculus.sy-sy.cz\/index.php\/wp-json\/wp\/v2\/pages\/38491\/revisions\/49109"}],"up":[{"embeddable":true,"href":"https:\/\/tinnunculus.sy-sy.cz\/index.php\/wp-json\/wp\/v2\/pages\/809"}],"wp:attachment":[{"href":"https:\/\/tinnunculus.sy-sy.cz\/index.php\/wp-json\/wp\/v2\/media?parent=38491"}],"wp:term":[{"taxonomy":"category","embeddable":true,"href":"https:\/\/tinnunculus.sy-sy.cz\/index.php\/wp-json\/wp\/v2\/categories?post=38491"},{"taxonomy":"post_tag","embeddable":true,"href":"https:\/\/tinnunculus.sy-sy.cz\/index.php\/wp-json\/wp\/v2\/tags?post=38491"}],"curies":[{"name":"wp","href":"https:\/\/api.w.org\/{rel}","templated":true}]}}