{"id":37404,"date":"2024-08-13T17:40:55","date_gmt":"2024-08-13T15:40:55","guid":{"rendered":"https:\/\/tinnunculus.sy-sy.cz\/?page_id=37404"},"modified":"2025-03-15T08:24:05","modified_gmt":"2025-03-15T07:24:05","slug":"country-codes-2","status":"publish","type":"page","link":"https:\/\/tinnunculus.sy-sy.cz\/index.php\/en\/birds-online\/country-codes-2\/","title":{"rendered":"Country codes"},"content":{"rendered":"\n<table id=\"tablepress-19\" class=\"tablepress tablepress-id-19\">\n<thead>\n<tr class=\"row-1\">\n\t<td class=\"column-1\"><\/td><td class=\"column-2\"><\/td><th class=\"column-3\">EN<\/th><th class=\"column-4\"><img data-recalc-dims=\"1\" loading=\"lazy\" decoding=\"async\" src=\"https:\/\/i0.wp.com\/tinnunculus.sy-sy.cz\/wp-content\/uploads\/2024\/08\/kestrel_S.jpg?resize=30%2C30&#038;ssl=1\" alt=\"\" width=\"30\" height=\"30\" class=\"alignnone size-medium wp-image-37370\" \/><\/th><th class=\"column-5\"><img data-recalc-dims=\"1\" loading=\"lazy\" decoding=\"async\" src=\"https:\/\/i0.wp.com\/tinnunculus.sy-sy.cz\/wp-content\/uploads\/2024\/08\/swift-S1o.jpg?resize=30%2C30&#038;ssl=1\" alt=\"\" width=\"30\" height=\"30\" class=\"alignnone size-full wp-image-37373\" srcset=\"https:\/\/i0.wp.com\/tinnunculus.sy-sy.cz\/wp-content\/uploads\/2024\/08\/swift-S1o.jpg?w=108&amp;ssl=1 108w, https:\/\/i0.wp.com\/tinnunculus.sy-sy.cz\/wp-content\/uploads\/2024\/08\/swift-S1o.jpg?resize=100%2C100&amp;ssl=1 100w, https:\/\/i0.wp.com\/tinnunculus.sy-sy.cz\/wp-content\/uploads\/2024\/08\/swift-S1o.jpg?resize=50%2C50&amp;ssl=1 50w\" sizes=\"auto, (max-width: 30px) 100vw, 30px\" \/><\/th>\n<\/tr>\n<\/thead>\n<tbody class=\"row-striping row-hover\">\n<tr class=\"row-2\">\n\t<td class=\"column-1\">AT<\/td><td class=\"column-2\">\u00d6sterreich<\/td><td class=\"column-3\">Austria<\/td><td class=\"column-4\"><a href=\"https:\/\/tinnunculus.sy-sy.cz\/index.php\/en\/links\/falco-tinnunculus-online\/?table_filter=AT\">AT\u2192<\/a><\/td><td class=\"column-5\"><\/td>\n<\/tr>\n<tr class=\"row-3\">\n\t<td class=\"column-1\">BE<\/td><td class=\"column-2\">Belgique\u202f; <br \/>\nBelgi\u00eb\u202f; <br \/>\nBelgien<\/td><td class=\"column-3\">Belgium<\/td><td class=\"column-4\"><a href=\"https:\/\/tinnunculus.sy-sy.cz\/index.php\/en\/links\/falco-tinnunculus-online\/?table_filter=BE\">BE\u2192<\/a><\/td><td class=\"column-5\"><a href=\"https:\/\/tinnunculus.sy-sy.cz\/index.php\/en\/links\/apus-apus-online\/?table_filter=BE\">BE\u2192<\/a><\/td>\n<\/tr>\n<tr class=\"row-4\">\n\t<td class=\"column-1\">BY<\/td><td class=\"column-2\">\u0411\u0435\u043b\u0430\u0440\u0443\u0441\u044c<\/td><td class=\"column-3\">Belarus<\/td><td class=\"column-4\"><a href=\"https:\/\/tinnunculus.sy-sy.cz\/index.php\/en\/links\/falco-tinnunculus-online\/?table_filter=BY\">BY\u2192<\/a><\/td><td class=\"column-5\"><\/td>\n<\/tr>\n<tr class=\"row-5\">\n\t<td class=\"column-1\">CH<\/td><td class=\"column-2\">Conf\u0153deratio Helvetica<\/td><td class=\"column-3\">Switzerland<\/td><td class=\"column-4\"><a href=\"https:\/\/tinnunculus.sy-sy.cz\/index.php\/en\/links\/falco-tinnunculus-online\/?table_filter=CH\">CH\u2192<\/a><\/td><td class=\"column-5\"><a href=\"https:\/\/tinnunculus.sy-sy.cz\/index.php\/en\/links\/apus-apus-online\/?table_filter=CH\">CH\u2192<\/a><\/td>\n<\/tr>\n<tr class=\"row-6\">\n\t<td class=\"column-1\">CZ<\/td><td class=\"column-2\">\u010cesk\u00e1 republika<\/td><td class=\"column-3\">Czech Republic<\/td><td class=\"column-4\"><a href=\"https:\/\/tinnunculus.sy-sy.cz\/index.php\/en\/links\/falco-tinnunculus-online\/?table_filter=CZ\">CZ\u2192<\/a><\/td><td class=\"column-5\"><a href=\"https:\/\/tinnunculus.sy-sy.cz\/index.php\/en\/links\/apus-apus-online\/?table_filter=CZ\">CZ\u2192<\/a><\/td>\n<\/tr>\n<tr class=\"row-7\">\n\t<td class=\"column-1\">DE<\/td><td class=\"column-2\">Bundesrepublik Deutschland <\/td><td class=\"column-3\">Germany<\/td><td class=\"column-4\"><a href=\"https:\/\/tinnunculus.sy-sy.cz\/index.php\/en\/links\/falco-tinnunculus-online\/?table_filter=DE\">DE\u2192<\/a><\/td><td class=\"column-5\"><a href=\"https:\/\/tinnunculus.sy-sy.cz\/index.php\/en\/links\/apus-apus-online\/?table_filter=DE\">DE\u2192<\/a><\/td>\n<\/tr>\n<tr class=\"row-8\">\n\t<td class=\"column-1\">DK<\/td><td class=\"column-2\">Kongeriget Danmark<\/td><td class=\"column-3\">Denmark<\/td><td class=\"column-4\"><a href=\"https:\/\/tinnunculus.sy-sy.cz\/index.php\/en\/links\/falco-tinnunculus-online\/?table_filter=DK\">DK\u2192<\/a><\/td><td class=\"column-5\"><\/td>\n<\/tr>\n<tr class=\"row-9\">\n\t<td class=\"column-1\">ES<\/td><td class=\"column-2\">Espa\u00f1a<\/td><td class=\"column-3\">Spain<\/td><td class=\"column-4\"><a href=\"https:\/\/tinnunculus.sy-sy.cz\/index.php\/en\/links\/falco-tinnunculus-online\/?table_filter=ES\">ES\u2192<\/a><\/td><td class=\"column-5\"><a href=\"https:\/\/tinnunculus.sy-sy.cz\/index.php\/odkazy\/apus-apus-online\/?table_filter=ES\">ES\u2192<\/a><\/td>\n<\/tr>\n<tr class=\"row-10\">\n\t<td class=\"column-1\">FI<\/td><td class=\"column-2\">Suomen Tasavalta<\/td><td class=\"column-3\">Finland<\/td><td class=\"column-4\"><a href=\"https:\/\/tinnunculus.sy-sy.cz\/index.php\/en\/links\/falco-tinnunculus-online\/?table_filter=FI\">FI\u2192<\/a><\/td><td class=\"column-5\"><\/td>\n<\/tr>\n<tr class=\"row-11\">\n\t<td class=\"column-1\">FR<\/td><td class=\"column-2\">R\u00e9publique fran\u00e7aise<\/td><td class=\"column-3\">France<\/td><td class=\"column-4\"><a href=\"https:\/\/tinnunculus.sy-sy.cz\/index.php\/en\/links\/falco-tinnunculus-online\/?table_filter=FR\">FR\u2192<\/a><\/td><td class=\"column-5\"><a href=\"https:\/\/tinnunculus.sy-sy.cz\/index.php\/odkazy\/apus-apus-online\/?table_filter=FR\">FR\u2192<\/a><\/td>\n<\/tr>\n<tr class=\"row-12\">\n\t<td class=\"column-1\">GB<\/td><td class=\"column-2\">United Kingdom<\/td><td class=\"column-3\">United Kingdom<\/td><td class=\"column-4\"><a href=\"https:\/\/tinnunculus.sy-sy.cz\/index.php\/en\/links\/falco-tinnunculus-online\/?table_filter=GB\">GB\u2192<\/a><\/td><td class=\"column-5\"><a href=\"https:\/\/tinnunculus.sy-sy.cz\/index.php\/en\/links\/apus-apus-online\/?table_filter=GB\">GB\u2192<\/a><\/td>\n<\/tr>\n<tr class=\"row-13\">\n\t<td class=\"column-1\">GI<\/td><td class=\"column-2\">Gibraltar<\/td><td class=\"column-3\">Gibraltar<\/td><td class=\"column-4\"><\/td><td class=\"column-5\"><a href=\"https:\/\/tinnunculus.sy-sy.cz\/index.php\/odkazy\/apus-apus-online\/?table_filter=GI\">GI\u2192<\/a><\/td>\n<\/tr>\n<tr class=\"row-14\">\n\t<td class=\"column-1\">GR<\/td><td class=\"column-2\">\u0395\u03bb\u03bb\u03ac\u03b4\u03b1<\/td><td class=\"column-3\">Greece<\/td><td class=\"column-4\"><a href=\"https:\/\/tinnunculus.sy-sy.cz\/index.php\/en\/links\/falco-tinnunculus-online\/?table_filter=GR\">GR\u2192<\/a><\/td><td class=\"column-5\"><\/td>\n<\/tr>\n<tr class=\"row-15\">\n\t<td class=\"column-1\">HU<\/td><td class=\"column-2\">Magyarorsz\u00e1g<\/td><td class=\"column-3\">Hungary<\/td><td class=\"column-4\"><a href=\"https:\/\/tinnunculus.sy-sy.cz\/index.php\/en\/links\/falco-tinnunculus-online\/?table_filter=HU\">HU\u2192<\/a><\/td><td class=\"column-5\"><\/td>\n<\/tr>\n<tr class=\"row-16\">\n\t<td class=\"column-1\">IE<\/td><td class=\"column-2\">\u00c9ire<\/td><td class=\"column-3\">Ireland<\/td><td class=\"column-4\"><a href=\"https:\/\/tinnunculus.sy-sy.cz\/index.php\/en\/links\/falco-tinnunculus-online\/?table_filter=IE\">IE\u2192<\/a><\/td><td class=\"column-5\"><a href=\"https:\/\/tinnunculus.sy-sy.cz\/index.php\/en\/links\/apus-apus-online\/?table_filter=IE\">IE\u2192<\/a><\/td>\n<\/tr>\n<tr class=\"row-17\">\n\t<td class=\"column-1\">IL<\/td><td class=\"column-2\">\u05de\u05b0\u05d3\u05b4\u05d9\u05e0\u05b7\u05ea \u05d9\u05b4\u05e9\u05b0\u05c2\u05e8\u05b8\u05d0\u05b5\u05dc<\/td><td class=\"column-3\">Israel<br \/>\n<\/td><td class=\"column-4\"><a href=\"https:\/\/tinnunculus.sy-sy.cz\/index.php\/en\/links\/falco-tinnunculus-online\/?table_filter=IL\">IL\u2192<\/a><\/td><td class=\"column-5\"><a href=\"https:\/\/tinnunculus.sy-sy.cz\/index.php\/en\/links\/apus-apus-online\/?table_filter=IL\">IL\u2192<\/a><\/td>\n<\/tr>\n<tr class=\"row-18\">\n\t<td class=\"column-1\">IT<\/td><td class=\"column-2\">Italia<\/td><td class=\"column-3\">Italy<\/td><td class=\"column-4\"><a href=\"https:\/\/tinnunculus.sy-sy.cz\/index.php\/en\/links\/falco-tinnunculus-online\/?table_filter=IT\">IT\u2192<\/a><\/td><td class=\"column-5\"><a href=\"https:\/\/tinnunculus.sy-sy.cz\/index.php\/en\/links\/apus-apus-online\/?table_filter=IT\">IT\u2192<\/a><\/td>\n<\/tr>\n<tr class=\"row-19\">\n\t<td class=\"column-1\">LU<\/td><td class=\"column-2\">Groussherzogtum L\u00ebtzebuerg<\/td><td class=\"column-3\">Luxembourg<\/td><td class=\"column-4\"><a href=\"https:\/\/tinnunculus.sy-sy.cz\/index.php\/en\/links\/falco-tinnunculus-online\/?table_filter=LU\">LU\u2192<\/a><\/td><td class=\"column-5\"><\/td>\n<\/tr>\n<tr class=\"row-20\">\n\t<td class=\"column-1\">LV<\/td><td class=\"column-2\">Latvijas<\/td><td class=\"column-3\">Latvia<\/td><td class=\"column-4\"><a href=\"https:\/\/tinnunculus.sy-sy.cz\/index.php\/en\/links\/falco-tinnunculus-online\/?table_filter=LV\">LV\u2192<\/a><\/td><td class=\"column-5\"><a href=\"https:\/\/tinnunculus.sy-sy.cz\/index.php\/en\/links\/apus-apus-online\/?table_filter=LV\">LV\u2192<\/a><\/td>\n<\/tr>\n<tr class=\"row-21\">\n\t<td class=\"column-1\">NL<\/td><td class=\"column-2\">Nederland<\/td><td class=\"column-3\">Netherlands<\/td><td class=\"column-4\"><a href=\"https:\/\/tinnunculus.sy-sy.cz\/index.php\/en\/links\/falco-tinnunculus-online\/?table_filter=NL\">NL\u2192<\/a><\/td><td class=\"column-5\"><a href=\"https:\/\/tinnunculus.sy-sy.cz\/index.php\/en\/links\/apus-apus-online\/?table_filter=NL\">NL\u2192<\/a><\/td>\n<\/tr>\n<tr class=\"row-22\">\n\t<td class=\"column-1\">PL<br \/>\n<\/td><td class=\"column-2\">Polska<\/td><td class=\"column-3\">Poland<\/td><td class=\"column-4\"><a href=\"https:\/\/tinnunculus.sy-sy.cz\/index.php\/en\/links\/falco-tinnunculus-online\/?table_filter=PL\">PL\u2192<\/a><\/td><td class=\"column-5\"><a href=\"https:\/\/tinnunculus.sy-sy.cz\/index.php\/en\/links\/apus-apus-online\/?table_filter=PL\">PL\u2192<\/a><\/td>\n<\/tr>\n<tr class=\"row-23\">\n\t<td class=\"column-1\">PT<\/td><td class=\"column-2\">Portugal<\/td><td class=\"column-3\">Portugal<\/td><td class=\"column-4\"><a href=\"https:\/\/tinnunculus.sy-sy.cz\/index.php\/en\/links\/falco-tinnunculus-online\/?table_filter=PT\">PT\u2192<\/a><\/td><td class=\"column-5\"><\/td>\n<\/tr>\n<tr class=\"row-24\">\n\t<td class=\"column-1\">RO<\/td><td class=\"column-2\">Rom\u00e2nia<\/td><td class=\"column-3\">Romania<\/td><td class=\"column-4\"><a href=\"https:\/\/tinnunculus.sy-sy.cz\/index.php\/en\/links\/falco-tinnunculus-online\/?table_filter=RO\">RO\u2192<\/a><\/td><td class=\"column-5\"><\/td>\n<\/tr>\n<tr class=\"row-25\">\n\t<td class=\"column-1\">RU<\/td><td class=\"column-2\">\u0420\u043e\u0441\u0441\u0438\u0439\u0441\u043a\u0430\u044f \u0424\u0435\u0434\u0435\u0440\u0430\u0446\u0438\u044f<\/td><td class=\"column-3\">Russia<br \/>\n<\/td><td class=\"column-4\"><a href=\"https:\/\/tinnunculus.sy-sy.cz\/index.php\/en\/links\/falco-tinnunculus-online\/?table_filter=RU\">RU\u2192<\/a><\/td><td class=\"column-5\"><a href=\"https:\/\/tinnunculus.sy-sy.cz\/index.php\/en\/links\/apus-apus-online\/?table_filter=RU\">RU\u2192<\/a><\/td>\n<\/tr>\n<tr class=\"row-26\">\n\t<td class=\"column-1\">SE<\/td><td class=\"column-2\">Sverige<\/td><td class=\"column-3\">Sweden<\/td><td class=\"column-4\"><a href=\"https:\/\/tinnunculus.sy-sy.cz\/index.php\/en\/links\/falco-tinnunculus-online\/?table_filter=SE\">SE\u2192<\/a><\/td><td class=\"column-5\"><\/td>\n<\/tr>\n<tr class=\"row-27\">\n\t<td class=\"column-1\">SK<\/td><td class=\"column-2\">Slovensk\u00e1 republika<\/td><td class=\"column-3\">Slovakia<\/td><td class=\"column-4\"><a href=\"https:\/\/tinnunculus.sy-sy.cz\/index.php\/en\/links\/falco-tinnunculus-online\/?table_filter=SK\">SK\u2192<\/a><\/td><td class=\"column-5\"><a href=\"https:\/\/tinnunculus.sy-sy.cz\/index.php\/en\/links\/apus-apus-online\/?table_filter=SK\">SK\u2192<\/a><\/td>\n<\/tr>\n<\/tbody>\n<tfoot>\n<tr class=\"row-28\">\n\t<td class=\"column-1\"><\/td><td class=\"column-2\"><\/td><td class=\"column-3\"><\/td><td class=\"column-4\"><\/td><td class=\"column-5\"><\/td>\n<\/tr>\n<\/tfoot>\n<\/table>\n\n<p>Updated 2026-05-02 11:43:11<\/p>\n<ul>\n<li><a href=\"http:\/\/www.iso.org\/iso\/home\/standards\/country_codes.htm\" target=\"_blank\" rel=\"noopener noreferrer\">Country Codes &#8211; ISO 3166<\/a><\/li>\n<\/ul>\n","protected":false},"excerpt":{"rendered":"<p>Updated Country Codes &#8211; ISO 3166<\/p>\n","protected":false},"author":2,"featured_media":0,"parent":40328,"menu_order":200,"comment_status":"closed","ping_status":"closed","template":"","meta":{"footnotes":""},"categories":[],"tags":[],"class_list":["post-37404","page","type-page","status-publish","hentry"],"jetpack_shortlink":"https:\/\/wp.me\/P91gKE-9Ji","jetpack-related-posts":[{"id":9823,"url":"https:\/\/tinnunculus.sy-sy.cz\/index.php\/en\/birds-online\/apus-apus-online\/","url_meta":{"origin":37404,"position":0},"title":"Apus apus online","author":"Zuzana Syrov\u00e1 An\u00fd\u017eov\u00e1","date":"08\/12\/2019","format":false,"excerpt":"Updated Czech Terms: lokalita = locality, site kamera = camera Abbreviations: on+ camera on-line on- camera on-line, but another kind of bird off\u00a0 camera off-line The table shows the last year in which the swifts nested successfully or unsuccessfully in the locality. Country codes Links: View nesting birds: common swift\u2026","rel":"","context":"Podobn\u00fd p\u0159\u00edsp\u011bvek","block_context":{"text":"Podobn\u00fd p\u0159\u00edsp\u011bvek","link":""},"img":{"alt_text":"","src":"","width":0,"height":0},"classes":[]},{"id":9813,"url":"https:\/\/tinnunculus.sy-sy.cz\/index.php\/en\/birds-online\/falco-tinnunculus-online\/","url_meta":{"origin":37404,"position":1},"title":"Falco tinnunculus online","author":"Zuzana Syrov\u00e1 An\u00fd\u017eov\u00e1","date":"08\/12\/2019","format":false,"excerpt":"Updated Czech Terms: lokalita = locality, site kamera = camera Abbreviations: on+ camera on-line on- camera on-line, but another kind of bird off\u00a0 camera off-line The table shows the last year in which the kestrels nested successfully or unsuccessfully in the locality. Country codes 2026 selection\u00a0\u00a0\u2194 All data without filter\u2026","rel":"","context":"Podobn\u00fd p\u0159\u00edsp\u011bvek","block_context":{"text":"Podobn\u00fd p\u0159\u00edsp\u011bvek","link":""},"img":{"alt_text":"","src":"","width":0,"height":0},"classes":[]},{"id":37074,"url":"https:\/\/tinnunculus.sy-sy.cz\/index.php\/en\/online\/our-webcams\/camera-list\/","url_meta":{"origin":37404,"position":2},"title":"Camera list","author":"Zuzana Syrov\u00e1 An\u00fd\u017eov\u00e1","date":"23\/07\/2024","format":false,"excerpt":"Updated Kestrel balcony \u2194 Swift nestboxes \u2194 Kestrel window \u2194 All cameras \u2190\u00a0Our webcams \u2190\u00a0YouTube Live","rel":"","context":"Podobn\u00fd p\u0159\u00edsp\u011bvek","block_context":{"text":"Podobn\u00fd p\u0159\u00edsp\u011bvek","link":""},"img":{"alt_text":"","src":"","width":0,"height":0},"classes":[]},{"id":38520,"url":"https:\/\/tinnunculus.sy-sy.cz\/index.php\/en\/mice\/overview-of-our-mice\/","url_meta":{"origin":37404,"position":3},"title":"Overview of our mice","author":"Zuzana Syrov\u00e1 An\u00fd\u017eov\u00e1","date":"16\/12\/2024","format":false,"excerpt":"The table records the date of acquisition of the mouse and the date of its death. If the date of birth is known, it is indicated with an asterisk. Lifespan is calculated in days (? d) or years, months and days (?r?m?d). Updated Lucie lives with us . Our mice","rel":"","context":"V \u201eOur mice\u201c","block_context":{"text":"Our mice","link":"https:\/\/tinnunculus.sy-sy.cz\/index.php\/en\/category\/tenants-and-visitors\/our-mice-en\/"},"img":{"alt_text":"","src":"","width":0,"height":0},"classes":[]},{"id":39224,"url":"https:\/\/tinnunculus.sy-sy.cz\/index.php\/en\/wildlife-in-our-country-house\/","url_meta":{"origin":37404,"position":4},"title":"Wildlife in our country house","author":"Zuzana Syrov\u00e1 An\u00fd\u017eov\u00e1","date":"22\/01\/2025","format":false,"excerpt":"\ufeff Our country house in \u010cist\u00e1 near Litomy\u0161l has several animal tenants: redstarts, nuthatches, bats and martens. In 2022, we discovered in the attic above the barn pellets, that indicate the presence of a barn owl. Therefore, in December 2024, we installed a camera trap there. The yard and garden\u2026","rel":"","context":"V \u201eTenants and visitors\u201c","block_context":{"text":"Tenants and visitors","link":"https:\/\/tinnunculus.sy-sy.cz\/index.php\/en\/category\/tenants-and-visitors\/"},"img":{"alt_text":"","src":"","width":0,"height":0},"classes":[]},{"id":20996,"url":"https:\/\/tinnunculus.sy-sy.cz\/index.php\/en\/calendars\/","url_meta":{"origin":37404,"position":5},"title":"Calendars","author":"Zuzana Syrov\u00e1 An\u00fd\u017eov\u00e1","date":"19\/03\/2023","format":false,"excerpt":"","rel":"","context":"Podobn\u00fd p\u0159\u00edsp\u011bvek","block_context":{"text":"Podobn\u00fd p\u0159\u00edsp\u011bvek","link":""},"img":{"alt_text":"","src":"","width":0,"height":0},"classes":[]}],"jetpack_sharing_enabled":true,"_links":{"self":[{"href":"https:\/\/tinnunculus.sy-sy.cz\/index.php\/wp-json\/wp\/v2\/pages\/37404","targetHints":{"allow":["GET"]}}],"collection":[{"href":"https:\/\/tinnunculus.sy-sy.cz\/index.php\/wp-json\/wp\/v2\/pages"}],"about":[{"href":"https:\/\/tinnunculus.sy-sy.cz\/index.php\/wp-json\/wp\/v2\/types\/page"}],"author":[{"embeddable":true,"href":"https:\/\/tinnunculus.sy-sy.cz\/index.php\/wp-json\/wp\/v2\/users\/2"}],"replies":[{"embeddable":true,"href":"https:\/\/tinnunculus.sy-sy.cz\/index.php\/wp-json\/wp\/v2\/comments?post=37404"}],"version-history":[{"count":2,"href":"https:\/\/tinnunculus.sy-sy.cz\/index.php\/wp-json\/wp\/v2\/pages\/37404\/revisions"}],"predecessor-version":[{"id":37420,"href":"https:\/\/tinnunculus.sy-sy.cz\/index.php\/wp-json\/wp\/v2\/pages\/37404\/revisions\/37420"}],"up":[{"embeddable":true,"href":"https:\/\/tinnunculus.sy-sy.cz\/index.php\/wp-json\/wp\/v2\/pages\/40328"}],"wp:attachment":[{"href":"https:\/\/tinnunculus.sy-sy.cz\/index.php\/wp-json\/wp\/v2\/media?parent=37404"}],"wp:term":[{"taxonomy":"category","embeddable":true,"href":"https:\/\/tinnunculus.sy-sy.cz\/index.php\/wp-json\/wp\/v2\/categories?post=37404"},{"taxonomy":"post_tag","embeddable":true,"href":"https:\/\/tinnunculus.sy-sy.cz\/index.php\/wp-json\/wp\/v2\/tags?post=37404"}],"curies":[{"name":"wp","href":"https:\/\/api.w.org\/{rel}","templated":true}]}}