{"id":37398,"date":"2024-08-13T16:50:11","date_gmt":"2024-08-13T14:50:11","guid":{"rendered":"https:\/\/tinnunculus.sy-sy.cz\/?page_id=37398"},"modified":"2025-12-15T09:10:16","modified_gmt":"2025-12-15T08:10:16","slug":"kody-zemi","status":"publish","type":"page","link":"https:\/\/tinnunculus.sy-sy.cz\/index.php\/v-primem-prenosu-odjinud\/kody-zemi\/","title":{"rendered":"K\u00f3dy zem\u00ed"},"content":{"rendered":"\n<table id=\"tablepress-18\" class=\"tablepress tablepress-id-18\">\n<thead>\n<tr class=\"row-1\">\n\t<td class=\"column-1\"><\/td><td class=\"column-2\"><\/td><th class=\"column-3\">CZ<\/th><th class=\"column-4\"><img data-recalc-dims=\"1\" loading=\"lazy\" decoding=\"async\" src=\"https:\/\/i0.wp.com\/tinnunculus.sy-sy.cz\/wp-content\/uploads\/2024\/08\/kestrel_S.jpg?resize=30%2C30&#038;ssl=1\" alt=\"\" width=\"30\" height=\"30\" class=\"alignnone size-medium wp-image-37370\" \/><\/th><th class=\"column-5\"><img data-recalc-dims=\"1\" loading=\"lazy\" decoding=\"async\" src=\"https:\/\/i0.wp.com\/tinnunculus.sy-sy.cz\/wp-content\/uploads\/2024\/08\/swift-S1o.jpg?resize=30%2C30&#038;ssl=1\" alt=\"\" width=\"30\" height=\"30\" class=\"alignnone size-full wp-image-37373\" srcset=\"https:\/\/i0.wp.com\/tinnunculus.sy-sy.cz\/wp-content\/uploads\/2024\/08\/swift-S1o.jpg?w=108&amp;ssl=1 108w, https:\/\/i0.wp.com\/tinnunculus.sy-sy.cz\/wp-content\/uploads\/2024\/08\/swift-S1o.jpg?resize=100%2C100&amp;ssl=1 100w, https:\/\/i0.wp.com\/tinnunculus.sy-sy.cz\/wp-content\/uploads\/2024\/08\/swift-S1o.jpg?resize=50%2C50&amp;ssl=1 50w\" sizes=\"auto, (max-width: 30px) 100vw, 30px\" \/><\/th>\n<\/tr>\n<\/thead>\n<tbody class=\"row-striping row-hover\">\n<tr class=\"row-2\">\n\t<td class=\"column-1\">AT<\/td><td class=\"column-2\">\u00d6sterreich<\/td><td class=\"column-3\">Rakousko<\/td><td class=\"column-4\"><a href=\"https:\/\/tinnunculus.sy-sy.cz\/index.php\/odkazy\/falco-tinnunculus-online\/?table_filter=AT\">AT\u2192<\/a><\/td><td class=\"column-5\"><\/td>\n<\/tr>\n<tr class=\"row-3\">\n\t<td class=\"column-1\">BE<\/td><td class=\"column-2\">Belgique\u202f; <br \/>\nBelgi\u00eb\u202f; <br \/>\nBelgien<\/td><td class=\"column-3\">Belgie<\/td><td class=\"column-4\"><a href=\"https:\/\/tinnunculus.sy-sy.cz\/index.php\/odkazy\/falco-tinnunculus-online\/?table_filter=BE\">BE\u2192<\/a><\/td><td class=\"column-5\"><a href=\"https:\/\/tinnunculus.sy-sy.cz\/index.php\/odkazy\/apus-apus-online\/?table_filter=BE\">BE\u2192<\/a><\/td>\n<\/tr>\n<tr class=\"row-4\">\n\t<td class=\"column-1\">BY<\/td><td class=\"column-2\">\u0411\u0435\u043b\u0430\u0440\u0443\u0441\u044c<\/td><td class=\"column-3\">B\u011blorusko<\/td><td class=\"column-4\"><a href=\"https:\/\/tinnunculus.sy-sy.cz\/index.php\/odkazy\/falco-tinnunculus-online\/?table_filter=BY\">BY\u2192<\/a><\/td><td class=\"column-5\"><\/td>\n<\/tr>\n<tr class=\"row-5\">\n\t<td class=\"column-1\">CH<\/td><td class=\"column-2\">Conf\u0153deratio Helvetica<\/td><td class=\"column-3\">\u0160v\u00fdcarsko<\/td><td class=\"column-4\"><a href=\"https:\/\/tinnunculus.sy-sy.cz\/index.php\/odkazy\/falco-tinnunculus-online\/?table_filter=CH\">CH\u2192<\/a><\/td><td class=\"column-5\"><a href=\"https:\/\/tinnunculus.sy-sy.cz\/index.php\/odkazy\/apus-apus-online\/?table_filter=CH\">CH\u2192<\/a><\/td>\n<\/tr>\n<tr class=\"row-6\">\n\t<td class=\"column-1\">CZ<\/td><td class=\"column-2\">\u010cesk\u00e1 republika<\/td><td class=\"column-3\">\u010cesk\u00e1 republika<\/td><td class=\"column-4\"><a href=\"https:\/\/tinnunculus.sy-sy.cz\/index.php\/odkazy\/falco-tinnunculus-online\/?table_filter=CZ\">CZ\u2192<\/a><\/td><td class=\"column-5\"><a href=\"https:\/\/tinnunculus.sy-sy.cz\/index.php\/odkazy\/apus-apus-online\/?table_filter=CZ\">CZ\u2192<\/a><\/td>\n<\/tr>\n<tr class=\"row-7\">\n\t<td class=\"column-1\">DE<\/td><td class=\"column-2\">Bundesrepublik Deutschland <\/td><td class=\"column-3\">N\u011bmecko<\/td><td class=\"column-4\"><a href=\"https:\/\/tinnunculus.sy-sy.cz\/index.php\/odkazy\/falco-tinnunculus-online\/?table_filter=DE\">DE\u2192<\/a><\/td><td class=\"column-5\"><a href=\"https:\/\/tinnunculus.sy-sy.cz\/index.php\/odkazy\/apus-apus-online\/?table_filter=DE\">DE\u2192<\/a><\/td>\n<\/tr>\n<tr class=\"row-8\">\n\t<td class=\"column-1\">DK<\/td><td class=\"column-2\">Kongeriget Danmark<\/td><td class=\"column-3\">D\u00e1nsko<\/td><td class=\"column-4\"><a href=\"https:\/\/tinnunculus.sy-sy.cz\/index.php\/odkazy\/falco-tinnunculus-online\/?table_filter=DK\">DK\u2192<\/a><\/td><td class=\"column-5\"><\/td>\n<\/tr>\n<tr class=\"row-9\">\n\t<td class=\"column-1\">ES<\/td><td class=\"column-2\">Espa\u00f1a<\/td><td class=\"column-3\">\u0160pan\u011blsko<\/td><td class=\"column-4\"><a href=\"https:\/\/tinnunculus.sy-sy.cz\/index.php\/odkazy\/falco-tinnunculus-online\/?table_filter=ES\">ES\u2192<\/a><\/td><td class=\"column-5\"><a href=\"https:\/\/tinnunculus.sy-sy.cz\/index.php\/odkazy\/apus-apus-online\/?table_filter=ES\">ES\u2192<\/a><\/td>\n<\/tr>\n<tr class=\"row-10\">\n\t<td class=\"column-1\">FI<\/td><td class=\"column-2\">Suomen Tasavalta<\/td><td class=\"column-3\">Finsko<\/td><td class=\"column-4\"><a href=\"https:\/\/tinnunculus.sy-sy.cz\/index.php\/odkazy\/falco-tinnunculus-online\/?table_filter=FI\">FI\u2192<\/a><\/td><td class=\"column-5\"><\/td>\n<\/tr>\n<tr class=\"row-11\">\n\t<td class=\"column-1\">FR<\/td><td class=\"column-2\">R\u00e9publique fran\u00e7aise<\/td><td class=\"column-3\">Francie<\/td><td class=\"column-4\"><a href=\"https:\/\/tinnunculus.sy-sy.cz\/index.php\/odkazy\/falco-tinnunculus-online\/?table_filter=FR\">FR\u2192<\/a><\/td><td class=\"column-5\"><\/td>\n<\/tr>\n<tr class=\"row-12\">\n\t<td class=\"column-1\">GB<\/td><td class=\"column-2\">United Kingdom<\/td><td class=\"column-3\">Spojen\u00e9 kr\u00e1lovstv\u00ed<\/td><td class=\"column-4\"><a href=\"https:\/\/tinnunculus.sy-sy.cz\/index.php\/odkazy\/falco-tinnunculus-online\/?table_filter=GB\">GB\u2192<\/a><\/td><td class=\"column-5\"><a href=\"https:\/\/tinnunculus.sy-sy.cz\/index.php\/odkazy\/apus-apus-online\/?table_filter=GB\">GB\u2192<\/a><\/td>\n<\/tr>\n<tr class=\"row-13\">\n\t<td class=\"column-1\">GI<\/td><td class=\"column-2\">Gibraltar<\/td><td class=\"column-3\">Gibraltar<\/td><td class=\"column-4\"><\/td><td class=\"column-5\"><a href=\"https:\/\/tinnunculus.sy-sy.cz\/index.php\/odkazy\/apus-apus-online\/?table_filter=GI\">GI\u2192<\/a><\/td>\n<\/tr>\n<tr class=\"row-14\">\n\t<td class=\"column-1\">GR<\/td><td class=\"column-2\">\u0395\u03bb\u03bb\u03ac\u03b4\u03b1<\/td><td class=\"column-3\">\u0158ecko<\/td><td class=\"column-4\"><a href=\"https:\/\/tinnunculus.sy-sy.cz\/index.php\/odkazy\/falco-tinnunculus-online\/?table_filter=GR\">GR\u2192<\/a><\/td><td class=\"column-5\"><\/td>\n<\/tr>\n<tr class=\"row-15\">\n\t<td class=\"column-1\">HU<\/td><td class=\"column-2\">Magyarorsz\u00e1g<\/td><td class=\"column-3\">Ma\u010farsko<\/td><td class=\"column-4\"><a href=\"https:\/\/tinnunculus.sy-sy.cz\/index.php\/odkazy\/falco-tinnunculus-online\/?table_filter=HU\">HU\u2192<\/a><\/td><td class=\"column-5\"><\/td>\n<\/tr>\n<tr class=\"row-16\">\n\t<td class=\"column-1\">IE<\/td><td class=\"column-2\">\u00c9ire<\/td><td class=\"column-3\">Irsko<\/td><td class=\"column-4\"><a href=\"https:\/\/tinnunculus.sy-sy.cz\/index.php\/odkazy\/falco-tinnunculus-online\/?table_filter=IE\">IE\u2192<\/a><\/td><td class=\"column-5\"><a href=\"https:\/\/tinnunculus.sy-sy.cz\/index.php\/odkazy\/apus-apus-online\/?table_filter=IE\">IE\u2192<\/a><\/td>\n<\/tr>\n<tr class=\"row-17\">\n\t<td class=\"column-1\">IL<\/td><td class=\"column-2\">\u05de\u05b0\u05d3\u05b4\u05d9\u05e0\u05b7\u05ea \u05d9\u05b4\u05e9\u05b0\u05c2\u05e8\u05b8\u05d0\u05b5\u05dc<\/td><td class=\"column-3\">Izrael<\/td><td class=\"column-4\"><a href=\"https:\/\/tinnunculus.sy-sy.cz\/index.php\/odkazy\/falco-tinnunculus-online\/?table_filter=IL\">IL\u2192<\/a><\/td><td class=\"column-5\"><a href=\"https:\/\/tinnunculus.sy-sy.cz\/index.php\/odkazy\/apus-apus-online\/?table_filter=IL\">IL\u2192<\/a><\/td>\n<\/tr>\n<tr class=\"row-18\">\n\t<td class=\"column-1\">IT<\/td><td class=\"column-2\">Italia<\/td><td class=\"column-3\">It\u00e1lie<\/td><td class=\"column-4\"><a href=\"https:\/\/tinnunculus.sy-sy.cz\/index.php\/odkazy\/falco-tinnunculus-online\/?table_filter=IT\">IT\u2192<\/a><\/td><td class=\"column-5\"><a href=\"https:\/\/tinnunculus.sy-sy.cz\/index.php\/odkazy\/apus-apus-online\/?table_filter=IT\">IT\u2192<\/a><\/td>\n<\/tr>\n<tr class=\"row-19\">\n\t<td class=\"column-1\">LU<\/td><td class=\"column-2\">Groussherzogtum L\u00ebtzebuerg<\/td><td class=\"column-3\">Lucembursko<\/td><td class=\"column-4\"><a href=\"https:\/\/tinnunculus.sy-sy.cz\/index.php\/odkazy\/falco-tinnunculus-online\/?table_filter=LU\">LU\u2192<\/a><\/td><td class=\"column-5\"><\/td>\n<\/tr>\n<tr class=\"row-20\">\n\t<td class=\"column-1\">LV<\/td><td class=\"column-2\">Latvijas<\/td><td class=\"column-3\">Loty\u0161sko<\/td><td class=\"column-4\"><a href=\"https:\/\/tinnunculus.sy-sy.cz\/index.php\/odkazy\/falco-tinnunculus-online\/?table_filter=LV\">LV\u2192<\/a><\/td><td class=\"column-5\"><a href=\"https:\/\/tinnunculus.sy-sy.cz\/index.php\/odkazy\/apus-apus-online\/?table_filter=LV\">LV\u2192<\/a><\/td>\n<\/tr>\n<tr class=\"row-21\">\n\t<td class=\"column-1\">NL<\/td><td class=\"column-2\">Nederland<\/td><td class=\"column-3\">Nizozemsko<\/td><td class=\"column-4\"><a href=\"https:\/\/tinnunculus.sy-sy.cz\/index.php\/odkazy\/falco-tinnunculus-online\/?table_filter=NL\">NL\u2192<\/a><\/td><td class=\"column-5\"><a href=\"https:\/\/tinnunculus.sy-sy.cz\/index.php\/odkazy\/apus-apus-online\/?table_filter=NL\">NL\u2192<\/a><\/td>\n<\/tr>\n<tr class=\"row-22\">\n\t<td class=\"column-1\">PL<br \/>\n<\/td><td class=\"column-2\">Polska<\/td><td class=\"column-3\">Polsko<\/td><td class=\"column-4\"><a href=\"https:\/\/tinnunculus.sy-sy.cz\/index.php\/odkazy\/falco-tinnunculus-online\/?table_filter=PL\">PL\u2192<\/a><\/td><td class=\"column-5\"><a href=\"https:\/\/tinnunculus.sy-sy.cz\/index.php\/odkazy\/apus-apus-online\/?table_filter=PL\">PL\u2192<\/a><\/td>\n<\/tr>\n<tr class=\"row-23\">\n\t<td class=\"column-1\">PT<\/td><td class=\"column-2\">Portugal<\/td><td class=\"column-3\">Portugalsko<\/td><td class=\"column-4\"><a href=\"https:\/\/tinnunculus.sy-sy.cz\/index.php\/odkazy\/falco-tinnunculus-online\/?table_filter=PT\">PT\u2192<\/a><\/td><td class=\"column-5\"><\/td>\n<\/tr>\n<tr class=\"row-24\">\n\t<td class=\"column-1\">RO<\/td><td class=\"column-2\">Rom\u00e2nia<\/td><td class=\"column-3\">Rumunsko<\/td><td class=\"column-4\"><a href=\"https:\/\/tinnunculus.sy-sy.cz\/index.php\/odkazy\/falco-tinnunculus-online\/?table_filter=RO\">RO\u2192<\/a><\/td><td class=\"column-5\"><\/td>\n<\/tr>\n<tr class=\"row-25\">\n\t<td class=\"column-1\">RU<\/td><td class=\"column-2\">\u0420\u043e\u0441\u0441\u0438\u0439\u0441\u043a\u0430\u044f \u0424\u0435\u0434\u0435\u0440\u0430\u0446\u0438\u044f<\/td><td class=\"column-3\">Rusko<br \/>\n<\/td><td class=\"column-4\"><a href=\"https:\/\/tinnunculus.sy-sy.cz\/index.php\/odkazy\/falco-tinnunculus-online\/?table_filter=RU\">RU\u2192<\/a><\/td><td class=\"column-5\"><a href=\"https:\/\/tinnunculus.sy-sy.cz\/index.php\/odkazy\/apus-apus-online\/?table_filter=RU\">RU\u2192<\/a><\/td>\n<\/tr>\n<tr class=\"row-26\">\n\t<td class=\"column-1\">SE<\/td><td class=\"column-2\">Sverige<\/td><td class=\"column-3\">\u0160v\u00e9dsko<\/td><td class=\"column-4\"><a href=\"https:\/\/tinnunculus.sy-sy.cz\/index.php\/odkazy\/falco-tinnunculus-online\/?table_filter=SE\">SE\u2192<\/a><\/td><td class=\"column-5\"><\/td>\n<\/tr>\n<tr class=\"row-27\">\n\t<td class=\"column-1\">SK<\/td><td class=\"column-2\">Slovensk\u00e1 republika<\/td><td class=\"column-3\">Slovensko<\/td><td class=\"column-4\"><a href=\"https:\/\/tinnunculus.sy-sy.cz\/index.php\/odkazy\/falco-tinnunculus-online\/?table_filter=SK\">SK\u2192<\/a><\/td><td class=\"column-5\"><a href=\"https:\/\/tinnunculus.sy-sy.cz\/index.php\/odkazy\/apus-apus-online\/?table_filter=SK\">SK\u2192<\/a><\/td>\n<\/tr>\n<\/tbody>\n<tfoot>\n<tr class=\"row-28\">\n\t<td class=\"column-1\"><\/td><td class=\"column-2\"><\/td><td class=\"column-3\"><\/td><td class=\"column-4\"><\/td><td class=\"column-5\"><\/td>\n<\/tr>\n<\/tfoot>\n<\/table>\n<!-- #tablepress-18 from cache -->\n<p>Aktualizov\u00e1no 2026-03-29 23:52:37<\/p>\n<p>K\u00f3dy zem\u00ed dle ISO 3166-1.<br \/>\nZdroj: <a href=\"https:\/\/www.czso.cz\/csu\/czso\/ciselnik_zemi_-czem-\" target=\"_blank\" rel=\"noopener noreferrer\">\u010c\u00edseln\u00edk zem\u00ed (CZEM); \u010cS\u00da<\/a><\/p>\n<p>viz t\u00e9\u017e <a href=\"http:\/\/www.iso.org\/iso\/home\/standards\/country_codes.htm\" target=\"_blank\" rel=\"noopener noreferrer\">Country Codes &#8211; ISO 3166<\/a><\/p>\n","protected":false},"excerpt":{"rendered":"<p>Aktualizov\u00e1no K\u00f3dy zem\u00ed dle ISO 3166-1. Zdroj: \u010c\u00edseln\u00edk zem\u00ed (CZEM); \u010cS\u00da viz t\u00e9\u017e Country Codes &#8211; ISO 3166<\/p>\n","protected":false},"author":2,"featured_media":0,"parent":2888,"menu_order":200,"comment_status":"closed","ping_status":"closed","template":"","meta":{"jetpack_post_was_ever_published":false,"footnotes":""},"categories":[],"tags":[],"class_list":["post-37398","page","type-page","status-publish","hentry"],"jetpack_shortlink":"https:\/\/wp.me\/P91gKE-9Jc","jetpack-related-posts":[{"id":35020,"url":"https:\/\/tinnunculus.sy-sy.cz\/index.php\/v-primem-prenosu-odjinud\/sturnus-vulgaris-online\/","url_meta":{"origin":37398,"position":0},"title":"Sturnus vulgaris online","author":"Zuzana Syrov\u00e1 An\u00fd\u017eov\u00e1","date":"03\/05\/2024","format":false,"excerpt":"Aktualizov\u00e1no Pou\u017eit\u00e9 zkratky: on+ kamera on-line on- kamera on-line, ale sn\u00edm\u00e1 jin\u00fd druh pt\u00e1k\u016f off\u00a0 kamera off-line V tabulce se uv\u00e1d\u00ed posledn\u00ed rok, v n\u011bm\u017e \u0161pa\u010dci v dan\u00e9 lokalit\u011b \u00fasp\u011b\u0161n\u011b \u010di ne\u00fasp\u011b\u0161n\u011b hn\u00edzdili. K\u00f3dy zemi odkazy: View nesting birds: European Starling","rel":"","context":"Podobn\u00fd p\u0159\u00edsp\u011bvek","block_context":{"text":"Podobn\u00fd p\u0159\u00edsp\u011bvek","link":""},"img":{"alt_text":"","src":"","width":0,"height":0},"classes":[]},{"id":1937,"url":"https:\/\/tinnunculus.sy-sy.cz\/index.php\/v-primem-prenosu-odjinud\/apus-apus-online\/","url_meta":{"origin":37398,"position":1},"title":"Apus apus online","author":"Zuzana Syrov\u00e1 An\u00fd\u017eov\u00e1","date":"14\/08\/2017","format":false,"excerpt":"Aktualizov\u00e1no Pou\u017eit\u00e9 zkratky: on+ kamera on-line on- kamera on-line, ale sn\u00edm\u00e1 jin\u00fd druh pt\u00e1k\u016f off\u00a0 kamera off-line V tabulce se uv\u00e1d\u00ed posledn\u00ed rok, v n\u011bm\u017e ror\u00fdsi v dan\u00e9 lokalit\u011b \u00fasp\u011b\u0161n\u011b \u010di ne\u00fasp\u011b\u0161n\u011b hn\u00edzdili. K\u00f3dy zemi \u00a6 Country codes odkazy: View nesting birds: common swift Webcams gierzwaluwen","rel":"","context":"V \u201e\"Na\u0161i\" ror\u00fdsi\u201c","block_context":{"text":"\"Na\u0161i\" ror\u00fdsi","link":"https:\/\/tinnunculus.sy-sy.cz\/index.php\/category\/nasi\/nasi-rorysi\/"},"img":{"alt_text":"","src":"","width":0,"height":0},"classes":[]},{"id":1828,"url":"https:\/\/tinnunculus.sy-sy.cz\/index.php\/v-primem-prenosu-odjinud\/falco-tinnunculus-online\/","url_meta":{"origin":37398,"position":2},"title":"Falco tinnunculus online","author":"Zuzana Syrov\u00e1 An\u00fd\u017eov\u00e1","date":"14\/08\/2017","format":false,"excerpt":"Aktualizov\u00e1no Pou\u017eit\u00e9 zkratky: on+ kamera on-line on- kamera on-line, ale sn\u00edm\u00e1 jin\u00fd druh pt\u00e1k\u016f off\u00a0 kamera off-line V tabulce se uv\u00e1d\u00ed posledn\u00ed rok, v n\u011bm\u017e po\u0161tolky v dan\u00e9 lokalit\u011b \u00fasp\u011b\u0161n\u011b \u010di ne\u00fasp\u011b\u0161n\u011b hn\u00edzdily. K\u00f3dy zem\u00ed \u00a0 V\u00fdb\u011br hn\u00edzd sledovan\u00fdch v roce 2026\u00a0 \u00a6 Tabulka 2026 \u2194 Cel\u00e1 tabulka Souvisej\u00edc\u00ed p\u0159\u00edsp\u011bvky\u2026","rel":"","context":"Podobn\u00fd p\u0159\u00edsp\u011bvek","block_context":{"text":"Podobn\u00fd p\u0159\u00edsp\u011bvek","link":""},"img":{"alt_text":"","src":"","width":0,"height":0},"classes":[]},{"id":37028,"url":"https:\/\/tinnunculus.sy-sy.cz\/index.php\/v-primem-prenosu\/nase-kamery\/seznam-kamer\/","url_meta":{"origin":37398,"position":3},"title":"Seznam kamer","author":"Zuzana Syrov\u00e1 An\u00fd\u017eov\u00e1","date":"23\/07\/2024","format":false,"excerpt":"Aktualizov\u00e1no \u00a0Po\u0161tol\u010d\u00ed lod\u017eie \u2194 Ror\u00fdsovn\u00edk\u00a0\u2194 Po\u0161tol\u010d\u00ed okno\u00a0\u2194 V\u0161echny kamery \u2190 Na\u0161e kamery \u2190\u00a0YouTube Live","rel":"","context":"Podobn\u00fd p\u0159\u00edsp\u011bvek","block_context":{"text":"Podobn\u00fd p\u0159\u00edsp\u011bvek","link":""},"img":{"alt_text":"","src":"","width":0,"height":0},"classes":[]},{"id":38217,"url":"https:\/\/tinnunculus.sy-sy.cz\/index.php\/historie-mysi\/prehled-mysi\/","url_meta":{"origin":37398,"position":4},"title":"P\u0159ehled chovan\u00fdch my\u0161ek","author":"Zuzana Syrov\u00e1 An\u00fd\u017eov\u00e1","date":"17\/11\/2024","format":false,"excerpt":"V tabulce zaznamen\u00e1no datum po\u0159\u00edzen\u00ed my\u0161ky a datum jej\u00edho \u00famrt\u00ed. V p\u0159\u00edpad\u011b, \u017ee je zn\u00e1mo datum narozen\u00ed, je uvedeno s hv\u011bzdi\u010dkou. D\u00e9lka do\u017eit\u00ed je po\u010d\u00edt\u00e1na na dny (? d) a roky, m\u011bs\u00edce a dny (?r ?m ?d). Aktualizov\u00e1no Lucie u n\u00e1s bydl\u00ed . Historie my\u0161\u00ed Na\u0161e my\u0161i v Bloku (aneb\u2026","rel":"","context":"V \u201eN\u00e1jemn\u00edci a n\u00e1v\u0161t\u011bvn\u00edci\u201c","block_context":{"text":"N\u00e1jemn\u00edci a n\u00e1v\u0161t\u011bvn\u00edci","link":"https:\/\/tinnunculus.sy-sy.cz\/index.php\/category\/nasi\/"},"img":{"alt_text":"","src":"","width":0,"height":0},"classes":[]},{"id":20985,"url":"https:\/\/tinnunculus.sy-sy.cz\/index.php\/kalendare\/","url_meta":{"origin":37398,"position":5},"title":"Kalend\u00e1\u0159e","author":"Zuzana Syrov\u00e1 An\u00fd\u017eov\u00e1","date":"19\/03\/2023","format":false,"excerpt":"","rel":"","context":"Podobn\u00fd p\u0159\u00edsp\u011bvek","block_context":{"text":"Podobn\u00fd p\u0159\u00edsp\u011bvek","link":""},"img":{"alt_text":"","src":"","width":0,"height":0},"classes":[]}],"jetpack_sharing_enabled":true,"_links":{"self":[{"href":"https:\/\/tinnunculus.sy-sy.cz\/index.php\/wp-json\/wp\/v2\/pages\/37398","targetHints":{"allow":["GET"]}}],"collection":[{"href":"https:\/\/tinnunculus.sy-sy.cz\/index.php\/wp-json\/wp\/v2\/pages"}],"about":[{"href":"https:\/\/tinnunculus.sy-sy.cz\/index.php\/wp-json\/wp\/v2\/types\/page"}],"author":[{"embeddable":true,"href":"https:\/\/tinnunculus.sy-sy.cz\/index.php\/wp-json\/wp\/v2\/users\/2"}],"replies":[{"embeddable":true,"href":"https:\/\/tinnunculus.sy-sy.cz\/index.php\/wp-json\/wp\/v2\/comments?post=37398"}],"version-history":[{"count":3,"href":"https:\/\/tinnunculus.sy-sy.cz\/index.php\/wp-json\/wp\/v2\/pages\/37398\/revisions"}],"predecessor-version":[{"id":37413,"href":"https:\/\/tinnunculus.sy-sy.cz\/index.php\/wp-json\/wp\/v2\/pages\/37398\/revisions\/37413"}],"up":[{"embeddable":true,"href":"https:\/\/tinnunculus.sy-sy.cz\/index.php\/wp-json\/wp\/v2\/pages\/2888"}],"wp:attachment":[{"href":"https:\/\/tinnunculus.sy-sy.cz\/index.php\/wp-json\/wp\/v2\/media?parent=37398"}],"wp:term":[{"taxonomy":"category","embeddable":true,"href":"https:\/\/tinnunculus.sy-sy.cz\/index.php\/wp-json\/wp\/v2\/categories?post=37398"},{"taxonomy":"post_tag","embeddable":true,"href":"https:\/\/tinnunculus.sy-sy.cz\/index.php\/wp-json\/wp\/v2\/tags?post=37398"}],"curies":[{"name":"wp","href":"https:\/\/api.w.org\/{rel}","templated":true}]}}