{"id":35020,"date":"2024-05-03T17:53:42","date_gmt":"2024-05-03T15:53:42","guid":{"rendered":"https:\/\/tinnunculus.sy-sy.cz\/?page_id=35020"},"modified":"2025-12-15T09:09:58","modified_gmt":"2025-12-15T08:09:58","slug":"sturnus-vulgaris-online","status":"publish","type":"page","link":"https:\/\/tinnunculus.sy-sy.cz\/index.php\/v-primem-prenosu-odjinud\/sturnus-vulgaris-online\/","title":{"rendered":"Sturnus vulgaris online"},"content":{"rendered":"\n<table id=\"tablepress-12\" class=\"tablepress tablepress-id-12\">\n<thead>\n<tr class=\"row-1\">\n\t<td class=\"column-1\"><\/td><th class=\"column-2\">lokalita<\/th><th class=\"column-3\">www<\/th><td class=\"column-4\"><\/td><td class=\"column-5\"><\/td><td class=\"column-6\"><\/td>\n<\/tr>\n<\/thead>\n<tbody class=\"row-striping row-hover\">\n<tr class=\"row-2\">\n\t<td class=\"column-1\">DE<\/td><td class=\"column-2\">?<\/td><td class=\"column-3\"><a href=\"https:\/\/www.youtube.com\/@Biotopgarten\/streams\" rel=\"noopener\" target=\"_blank\">Biotopgarten<\/a><\/td><td class=\"column-4\"><a href=\"https:\/\/www.youtube.com\/@Biotopgarten\/streams\" rel=\"noopener\" target=\"_blank\">YouTube<\/a><\/td><td class=\"column-5\">on+<\/td><td class=\"column-6\"><strong><span style=\"color: #ff0000;\">2024<\/span><\/strong><\/td>\n<\/tr>\n<tr class=\"row-3\">\n\t<td class=\"column-1\">FR<\/td><td class=\"column-2\">Th\u00e9ding<\/td><td class=\"column-3\"><a href=\"https:\/\/nidoscope.fr\/fr\/nid-etourneau-sansonnet\/\" rel=\"noopener\" target=\"_blank\">Nidoscope<\/a><\/td><td class=\"column-4\"><a href=\"https:\/\/nidoscope.fr\/fr\/nid-etourneau-sansonnet\/\" rel=\"noopener\" target=\"_blank\">kamera-1-2<\/a><\/td><td class=\"column-5\">on+<\/td><td class=\"column-6\"><strong><span style=\"color: #ff0000;\">2024<\/span><\/strong><\/td>\n<\/tr>\n<tr class=\"row-4\">\n\t<td class=\"column-1\">LV<\/td><td class=\"column-2\">Northern Gauja<\/td><td class=\"column-3\"><a href=\"https:\/\/www.youtube.com\/@NatureNest-cz7cf\/streams\" rel=\"noopener\" target=\"_blank\">Nature Nest<\/a><\/td><td class=\"column-4\"><a href=\"https:\/\/www.youtube.com\/@NatureNest-cz7cf\/streams\" rel=\"noopener\" target=\"_blank\">YouTube<\/a><\/td><td class=\"column-5\">on+<\/td><td class=\"column-6\"><strong><span style=\"color: #ff0000;\">2024<\/span><\/strong><\/td>\n<\/tr>\n<tr class=\"row-5\">\n\t<td class=\"column-1\">PL<\/td><td class=\"column-2\">?<\/td><td class=\"column-3\"><a href=\"https:\/\/www.youtube.com\/@Cyberbudka\/streams\" rel=\"noopener\" target=\"_blank\">Cyberbudka: Budka Szpaka Mateusza<\/a><\/td><td class=\"column-4\"><a href=\"https:\/\/www.youtube.com\/@Cyberbudka\/streams\" rel=\"noopener\" target=\"_blank\">YouTube<\/a><\/td><td class=\"column-5\">off<\/td><td class=\"column-6\">2022<\/td>\n<\/tr>\n<tr class=\"row-6\">\n\t<td class=\"column-1\">?<\/td><td class=\"column-2\">?<\/td><td class=\"column-3\"><a href=\"https:\/\/www.youtube.com\/@the-starling-nest-box-at-no-12\/streams\" rel=\"noopener\" target=\"_blank\">Live Starling Nest Box At Number 12<\/a><\/td><td class=\"column-4\"><a href=\"https:\/\/www.youtube.com\/@the-starling-nest-box-at-no-12\/streams\" rel=\"noopener\" target=\"_blank\">YouTube<\/a><\/td><td class=\"column-5\">on+<\/td><td class=\"column-6\"><strong><span style=\"color: #ff0000;\">2024<\/span><\/strong><\/td>\n<\/tr>\n<tr class=\"row-7\">\n\t<td class=\"column-1\"><\/td><td class=\"column-2\"><\/td><td class=\"column-3\"><\/td><td class=\"column-4\"><\/td><td class=\"column-5\"><\/td><td class=\"column-6\"><\/td>\n<\/tr>\n<tr class=\"row-8\">\n\t<td class=\"column-1\"><\/td><td class=\"column-2\"><\/td><td class=\"column-3\"><\/td><td class=\"column-4\"><\/td><td class=\"column-5\"><\/td><td class=\"column-6\"><\/td>\n<\/tr>\n<tr class=\"row-9\">\n\t<td class=\"column-1\"><\/td><td class=\"column-2\"><\/td><td class=\"column-3\"><\/td><td class=\"column-4\"><\/td><td class=\"column-5\"><\/td><td class=\"column-6\"><\/td>\n<\/tr>\n<tr class=\"row-10\">\n\t<td class=\"column-1\"><\/td><td class=\"column-2\"><\/td><td class=\"column-3\"><\/td><td class=\"column-4\"><\/td><td class=\"column-5\"><\/td><td class=\"column-6\"><\/td>\n<\/tr>\n<tr class=\"row-11\">\n\t<td class=\"column-1\"><\/td><td class=\"column-2\"><\/td><td class=\"column-3\"><\/td><td class=\"column-4\"><\/td><td class=\"column-5\"><\/td><td class=\"column-6\"><\/td>\n<\/tr>\n<tr class=\"row-12\">\n\t<td class=\"column-1\"><\/td><td class=\"column-2\"><\/td><td class=\"column-3\"><\/td><td class=\"column-4\"><\/td><td class=\"column-5\"><\/td><td class=\"column-6\"><\/td>\n<\/tr>\n<\/tbody>\n<tfoot>\n<tr class=\"row-13\">\n\t<td class=\"column-1\"><\/td><td class=\"column-2\"><\/td><td class=\"column-3\"><\/td><td class=\"column-4\"><\/td><td class=\"column-5\"><\/td><td class=\"column-6\"><\/td>\n<\/tr>\n<\/tfoot>\n<\/table>\n<!-- #tablepress-12 from cache -->\n<p>Aktualizov\u00e1no 2024-08-14 06:35:23<\/p>\n<h5 id=\"pou\u017eit\u00e9-zkratky:\">Pou\u017eit\u00e9 zkratky:<\/h5>\n<ul>\n<li>on+ kamera on-line<\/li>\n<li>on- kamera on-line, ale sn\u00edm\u00e1 jin\u00fd druh pt\u00e1k\u016f<\/li>\n<li>off\u00a0 kamera off-line<br \/>\nV&nbsp;tabulce se uv\u00e1d\u00ed posledn\u00ed rok, v&nbsp;n\u011bm\u017e \u0161pa\u010dci v&nbsp;dan\u00e9 lokalit\u011b \u00fasp\u011b\u0161n\u011b \u010di&nbsp;ne\u00fasp\u011b\u0161n\u011b hn\u00edzdili.<\/li>\n<\/ul>\n<p><a href=\"https:\/\/tinnunculus.sy-sy.cz\/index.php\/kody-zemi\/\" target=\"_blank\" rel=\"noopener noreferrer\">K\u00f3dy zemi<\/a><\/p>\n<h5 id=\"odkazy:\">odkazy:<\/h5>\n<ul>\n<li><a href=\"https:\/\/www.viewbirds.com\/#european_starling\" target=\"_blank\" rel=\"noopener\">View nesting birds: European Starling<\/a><\/li>\n<\/ul>\n","protected":false},"excerpt":{"rendered":"<p>Aktualizov\u00e1no Pou\u017eit\u00e9 zkratky: on+ kamera on-line on- kamera on-line, ale sn\u00edm\u00e1 jin\u00fd druh pt\u00e1k\u016f off\u00a0 kamera off-line V&nbsp;tabulce se uv\u00e1d\u00ed posledn\u00ed rok, v&nbsp;n\u011bm\u017e \u0161pa\u010dci v&nbsp;dan\u00e9 lokalit\u011b \u00fasp\u011b\u0161n\u011b \u010di&nbsp;ne\u00fasp\u011b\u0161n\u011b hn\u00edzdili. K\u00f3dy zemi odkazy: View nesting birds: European Starling<\/p>\n","protected":false},"author":2,"featured_media":0,"parent":2888,"menu_order":4,"comment_status":"closed","ping_status":"closed","template":"","meta":{"jetpack_post_was_ever_published":false,"footnotes":""},"categories":[],"tags":[],"class_list":["post-35020","page","type-page","status-publish","hentry"],"jetpack_shortlink":"https:\/\/wp.me\/P91gKE-96Q","jetpack-related-posts":[{"id":1937,"url":"https:\/\/tinnunculus.sy-sy.cz\/index.php\/v-primem-prenosu-odjinud\/apus-apus-online\/","url_meta":{"origin":35020,"position":0},"title":"Apus apus online","author":"Zuzana Syrov\u00e1 An\u00fd\u017eov\u00e1","date":"14\/08\/2017","format":false,"excerpt":"Aktualizov\u00e1no Pou\u017eit\u00e9 zkratky: on+ kamera on-line on- kamera on-line, ale sn\u00edm\u00e1 jin\u00fd druh pt\u00e1k\u016f off\u00a0 kamera off-line V tabulce se uv\u00e1d\u00ed posledn\u00ed rok, v n\u011bm\u017e ror\u00fdsi v dan\u00e9 lokalit\u011b \u00fasp\u011b\u0161n\u011b \u010di ne\u00fasp\u011b\u0161n\u011b hn\u00edzdili. K\u00f3dy zemi \u00a6 Country codes odkazy: View nesting birds: common swift Webcams gierzwaluwen","rel":"","context":"V \u201e\"Na\u0161i\" ror\u00fdsi\u201c","block_context":{"text":"\"Na\u0161i\" ror\u00fdsi","link":"https:\/\/tinnunculus.sy-sy.cz\/index.php\/category\/nasi\/nasi-rorysi\/"},"img":{"alt_text":"","src":"","width":0,"height":0},"classes":[]},{"id":1828,"url":"https:\/\/tinnunculus.sy-sy.cz\/index.php\/v-primem-prenosu-odjinud\/falco-tinnunculus-online\/","url_meta":{"origin":35020,"position":1},"title":"Falco tinnunculus online","author":"Zuzana Syrov\u00e1 An\u00fd\u017eov\u00e1","date":"14\/08\/2017","format":false,"excerpt":"Aktualizov\u00e1no Pou\u017eit\u00e9 zkratky: on+ kamera on-line on- kamera on-line, ale sn\u00edm\u00e1 jin\u00fd druh pt\u00e1k\u016f off\u00a0 kamera off-line V tabulce se uv\u00e1d\u00ed posledn\u00ed rok, v n\u011bm\u017e po\u0161tolky v dan\u00e9 lokalit\u011b \u00fasp\u011b\u0161n\u011b \u010di ne\u00fasp\u011b\u0161n\u011b hn\u00edzdily. K\u00f3dy zem\u00ed \u00a0 V\u00fdb\u011br hn\u00edzd sledovan\u00fdch v roce 2026\u00a0 \u00a6 Tabulka 2026 \u2194 Cel\u00e1 tabulka Souvisej\u00edc\u00ed p\u0159\u00edsp\u011bvky\u2026","rel":"","context":"Podobn\u00fd p\u0159\u00edsp\u011bvek","block_context":{"text":"Podobn\u00fd p\u0159\u00edsp\u011bvek","link":""},"img":{"alt_text":"","src":"","width":0,"height":0},"classes":[]},{"id":37028,"url":"https:\/\/tinnunculus.sy-sy.cz\/index.php\/v-primem-prenosu\/nase-kamery\/seznam-kamer\/","url_meta":{"origin":35020,"position":2},"title":"Seznam kamer","author":"Zuzana Syrov\u00e1 An\u00fd\u017eov\u00e1","date":"23\/07\/2024","format":false,"excerpt":"Aktualizov\u00e1no \u00a0Po\u0161tol\u010d\u00ed lod\u017eie \u2194 Ror\u00fdsovn\u00edk\u00a0\u2194 Po\u0161tol\u010d\u00ed okno\u00a0\u2194 V\u0161echny kamery \u2190 Na\u0161e kamery \u2190\u00a0YouTube Live","rel":"","context":"Podobn\u00fd p\u0159\u00edsp\u011bvek","block_context":{"text":"Podobn\u00fd p\u0159\u00edsp\u011bvek","link":""},"img":{"alt_text":"","src":"","width":0,"height":0},"classes":[]},{"id":38217,"url":"https:\/\/tinnunculus.sy-sy.cz\/index.php\/historie-mysi\/prehled-mysi\/","url_meta":{"origin":35020,"position":3},"title":"P\u0159ehled chovan\u00fdch my\u0161ek","author":"Zuzana Syrov\u00e1 An\u00fd\u017eov\u00e1","date":"17\/11\/2024","format":false,"excerpt":"V tabulce zaznamen\u00e1no datum po\u0159\u00edzen\u00ed my\u0161ky a datum jej\u00edho \u00famrt\u00ed. V p\u0159\u00edpad\u011b, \u017ee je zn\u00e1mo datum narozen\u00ed, je uvedeno s hv\u011bzdi\u010dkou. D\u00e9lka do\u017eit\u00ed je po\u010d\u00edt\u00e1na na dny (? d) a roky, m\u011bs\u00edce a dny (?r ?m ?d). Aktualizov\u00e1no Lucie u n\u00e1s bydl\u00ed . Historie my\u0161\u00ed Na\u0161e my\u0161i v Bloku (aneb\u2026","rel":"","context":"V \u201eN\u00e1jemn\u00edci a n\u00e1v\u0161t\u011bvn\u00edci\u201c","block_context":{"text":"N\u00e1jemn\u00edci a n\u00e1v\u0161t\u011bvn\u00edci","link":"https:\/\/tinnunculus.sy-sy.cz\/index.php\/category\/nasi\/"},"img":{"alt_text":"","src":"","width":0,"height":0},"classes":[]},{"id":37398,"url":"https:\/\/tinnunculus.sy-sy.cz\/index.php\/v-primem-prenosu-odjinud\/kody-zemi\/","url_meta":{"origin":35020,"position":4},"title":"K\u00f3dy zem\u00ed","author":"Zuzana Syrov\u00e1 An\u00fd\u017eov\u00e1","date":"13\/08\/2024","format":false,"excerpt":"Aktualizov\u00e1no K\u00f3dy zem\u00ed dle ISO 3166-1. Zdroj: \u010c\u00edseln\u00edk zem\u00ed (CZEM); \u010cS\u00da viz t\u00e9\u017e Country Codes - ISO 3166","rel":"","context":"Podobn\u00fd p\u0159\u00edsp\u011bvek","block_context":{"text":"Podobn\u00fd p\u0159\u00edsp\u011bvek","link":""},"img":{"alt_text":"","src":"","width":0,"height":0},"classes":[]},{"id":43402,"url":"https:\/\/tinnunculus.sy-sy.cz\/index.php\/v-primem-prenosu\/nase-kamery\/webkamery-z-nasi-lodzie-rorysovnik\/","url_meta":{"origin":35020,"position":5},"title":"(Web)kamery z&nbsp;na\u0161\u00ed lod\u017eie: ror\u00fdsovn\u00edk","author":"Zuzana Syrov\u00e1 An\u00fd\u017eov\u00e1","date":"08\/11\/2025","format":false,"excerpt":"","rel":"","context":"V \u201e(Web)kamery\u201c","block_context":{"text":"(Web)kamery","link":"https:\/\/tinnunculus.sy-sy.cz\/index.php\/category\/zivy-prenos\/kamery\/"},"img":{"alt_text":"","src":"","width":0,"height":0},"classes":[]}],"jetpack_sharing_enabled":true,"_links":{"self":[{"href":"https:\/\/tinnunculus.sy-sy.cz\/index.php\/wp-json\/wp\/v2\/pages\/35020","targetHints":{"allow":["GET"]}}],"collection":[{"href":"https:\/\/tinnunculus.sy-sy.cz\/index.php\/wp-json\/wp\/v2\/pages"}],"about":[{"href":"https:\/\/tinnunculus.sy-sy.cz\/index.php\/wp-json\/wp\/v2\/types\/page"}],"author":[{"embeddable":true,"href":"https:\/\/tinnunculus.sy-sy.cz\/index.php\/wp-json\/wp\/v2\/users\/2"}],"replies":[{"embeddable":true,"href":"https:\/\/tinnunculus.sy-sy.cz\/index.php\/wp-json\/wp\/v2\/comments?post=35020"}],"version-history":[{"count":3,"href":"https:\/\/tinnunculus.sy-sy.cz\/index.php\/wp-json\/wp\/v2\/pages\/35020\/revisions"}],"predecessor-version":[{"id":37498,"href":"https:\/\/tinnunculus.sy-sy.cz\/index.php\/wp-json\/wp\/v2\/pages\/35020\/revisions\/37498"}],"up":[{"embeddable":true,"href":"https:\/\/tinnunculus.sy-sy.cz\/index.php\/wp-json\/wp\/v2\/pages\/2888"}],"wp:attachment":[{"href":"https:\/\/tinnunculus.sy-sy.cz\/index.php\/wp-json\/wp\/v2\/media?parent=35020"}],"wp:term":[{"taxonomy":"category","embeddable":true,"href":"https:\/\/tinnunculus.sy-sy.cz\/index.php\/wp-json\/wp\/v2\/categories?post=35020"},{"taxonomy":"post_tag","embeddable":true,"href":"https:\/\/tinnunculus.sy-sy.cz\/index.php\/wp-json\/wp\/v2\/tags?post=35020"}],"curies":[{"name":"wp","href":"https:\/\/api.w.org\/{rel}","templated":true}]}}