{"id":2453,"date":"2018-07-02T08:48:36","date_gmt":"2018-07-02T06:48:36","guid":{"rendered":"http:\/\/tinnunculus.sy-sy.cz\/?page_id=2453"},"modified":"2025-12-15T08:47:48","modified_gmt":"2025-12-15T07:47:48","slug":"pocasi-u-nas","status":"publish","type":"page","link":"https:\/\/tinnunculus.sy-sy.cz\/index.php\/pocasi-u-nas\/","title":{"rendered":"Po\u010das\u00ed v&nbsp;Bystrci"},"content":{"rendered":"<p><iframe style=\"width: 460px; height: 600px;\" src=\"https:\/\/www.meteoblue.com\/cs\/po%C4%8Das%C3%AD\/widget\/three\/bystrc_%c4%8cesko_3078308?geoloc=fixed&amp;nocurrent=0&amp;noforecast=0&amp;days=4&amp;tempunit=CELSIUS&amp;windunit=KILOMETER_PER_HOUR&amp;layout=bright\" frameborder=\"0\" scrolling=\"NO\" sandbox=\"allow-same-origin allow-scripts allow-popups allow-popups-to-escape-sandbox\"><\/iframe><\/p>\n<p><!-- DO NOT REMOVE THIS LINK --><a href=\"https:\/\/www.meteoblue.com\/cs\/po%C4%8Das%C3%AD\/p%C5%99edpov%C4%9B%C4%8F\/t%C3%BDden\/bystrc_%c4%8cesko_3078308?utm_source=weather_widget&amp;utm_medium=linkus&amp;utm_content=three&amp;utm_campaign=Weather%2BWidget\" target=\"_blank\" rel=\"noopener noreferrer\">meteoblue<\/a><\/p>\n<p><a href=\"https:\/\/tinnunculus.tmep.cz\/\" target=\"_blank\" rel=\"noopener\">Meteostanice v&nbsp;na\u0161\u00ed lod\u017eii\u00a0<\/a><\/p>\n<p><a href=\"https:\/\/tinnunculus.sy-sy.cz\/index.php\/pocasi-u-nas\/\">Po\u010das\u00ed v&nbsp;Bystrci<\/a> \u00a6 <a href=\"https:\/\/tinnunculus.sy-sy.cz\/index.php\/pocasi-u-nas\/pocasi-mapa\/\">Mapa<\/a> \u00a6 <a href=\"https:\/\/tinnunculus.sy-sy.cz\/index.php\/pocasi-u-nas\/archiv-pocasi\/\">Archiv<\/a> \u00a6 <a href=\"https:\/\/tinnunculus.sy-sy.cz\/index.php\/pocasi-u-nas\/webkamery-v-okoli\/\">Meteostanice a&nbsp;webkamery<\/a><\/p>\n","protected":false},"excerpt":{"rendered":"<p>meteoblue Meteostanice v&nbsp;na\u0161\u00ed lod\u017eii\u00a0 Po\u010das\u00ed v&nbsp;Bystrci \u00a6 Mapa \u00a6 Archiv \u00a6 Meteostanice a&nbsp;webkamery<\/p>\n","protected":false},"author":2,"featured_media":0,"parent":0,"menu_order":60,"comment_status":"closed","ping_status":"closed","template":"","meta":{"jetpack_post_was_ever_published":false,"footnotes":""},"categories":[],"tags":[],"class_list":["post-2453","page","type-page","status-publish","hentry"],"jetpack_shortlink":"https:\/\/wp.me\/P91gKE-Dz","jetpack-related-posts":[{"id":14134,"url":"https:\/\/tinnunculus.sy-sy.cz\/index.php\/pocasi-u-nas\/pocasi-mapa\/","url_meta":{"origin":2453,"position":0},"title":"Po\u010das\u00ed \u00a6 mapa","author":"Zuzana Syrov\u00e1 An\u00fd\u017eov\u00e1","date":"11\/01\/2021","format":false,"excerpt":"\ufeff meteoblue Meteostanice v na\u0161\u00ed lod\u017eii Po\u010das\u00ed v Bystrci \u00a6 Mapa \u00a6 Archiv \u00a6 Meteostanice a webkamery","rel":"","context":"Podobn\u00fd p\u0159\u00edsp\u011bvek","block_context":{"text":"Podobn\u00fd p\u0159\u00edsp\u011bvek","link":""},"img":{"alt_text":"","src":"","width":0,"height":0},"classes":[]},{"id":14121,"url":"https:\/\/tinnunculus.sy-sy.cz\/index.php\/pocasi-u-nas\/webkamery-v-okoli\/","url_meta":{"origin":2453,"position":1},"title":"Po\u010das\u00ed kolem n\u00e1s","author":"Zuzana Syrov\u00e1 An\u00fd\u017eov\u00e1","date":"11\/01\/2021","format":false,"excerpt":"Brno \u203a Sever: Brno Reservoir Brn\u011bnsk\u00e1 p\u0159ehrada (0,5 km) \u010cHM\u00da: Brno - \u017dabov\u0159esky (webkamera) (4, 75 km) Mapa webov\u00fdch kamer Stanice Brno - Tu\u0159any Aladin - meteogram Bystrc Meteo-pocasi.cz Meteostanice Brno - Kn\u00edni\u010dky \u00a0Meteoblue: Multimodel - meteogram Bystrc Webkamery v okol\u00ed Meteostanice v na\u0161\u00ed lod\u017eii Po\u010das\u00ed v Bystrci \u00a6 Mapa\u2026","rel":"","context":"Podobn\u00fd p\u0159\u00edsp\u011bvek","block_context":{"text":"Podobn\u00fd p\u0159\u00edsp\u011bvek","link":""},"img":{"alt_text":"","src":"","width":0,"height":0},"classes":[]},{"id":14057,"url":"https:\/\/tinnunculus.sy-sy.cz\/index.php\/pocasi-u-nas\/archiv-pocasi\/","url_meta":{"origin":2453,"position":2},"title":"Archiv po\u010das\u00ed","author":"Zuzana Syrov\u00e1 An\u00fd\u017eov\u00e1","date":"01\/01\/2021","format":false,"excerpt":"Jak\u00e9 po\u010das\u00ed prov\u00e1zelo jednotliv\u00e9 sez\u00f3ny od r. 2007, lze nahl\u00e9dnout v historick\u00fdch ro\u010dn\u00edch a m\u011bs\u00ed\u010dn\u00edch datech: 2007 \u00a6 2008 \u00a6 2009 \u00a6 2010 \u00a6 2011 \u00a6 2012 \u00a6 2013 \u00a6 2014 \u00a6 2015 \u00a6 2016 \u00a6 2017 \u00a6 2018 \u00a6 2019 \u00a6 2020 \u00a6 2021 \u00a6 2022 \u00a6 2023 \u00a6\u2026","rel":"","context":"Podobn\u00fd p\u0159\u00edsp\u011bvek","block_context":{"text":"Podobn\u00fd p\u0159\u00edsp\u011bvek","link":""},"img":{"alt_text":"","src":"https:\/\/i0.wp.com\/tinnunculus.sy-sy.cz\/wp-content\/uploads\/2021\/01\/pocasi02-BWL-1024x633.jpg?resize=350%2C200&ssl=1","width":350,"height":200,"srcset":"https:\/\/i0.wp.com\/tinnunculus.sy-sy.cz\/wp-content\/uploads\/2021\/01\/pocasi02-BWL-1024x633.jpg?resize=350%2C200&ssl=1 1x, https:\/\/i0.wp.com\/tinnunculus.sy-sy.cz\/wp-content\/uploads\/2021\/01\/pocasi02-BWL-1024x633.jpg?resize=525%2C300&ssl=1 1.5x"},"classes":[]},{"id":17513,"url":"https:\/\/tinnunculus.sy-sy.cz\/index.php\/pocasi-u-nas\/archiv-pocasi\/pocasi-2021\/","url_meta":{"origin":2453,"position":3},"title":"Po\u010das\u00ed 2021","author":"Zuzana Syrov\u00e1 An\u00fd\u017eov\u00e1","date":"01\/01\/2022","format":false,"excerpt":"2007 \u00a6 2008 \u00a6 2009 \u00a6 2010 \u00a6 2011 \u00a6 2012 \u00a6 2013 \u00a6 2014 \u00a6 2015 \u00a6 2016 \u00a6 2017 \u00a6 2018 \u00a6 2019 \u00a6 2020 \u00a6 2021 \u00a6 2022 \u00a6 2023 \u00a6 2024 \u00a6 2025 \u00a6 2026 \u00a0 Po\u010das\u00ed v Bystrci \u00a6 Mapa \u00a6 Archiv \u00a6 Meteostanice a\u2026","rel":"","context":"Podobn\u00fd p\u0159\u00edsp\u011bvek","block_context":{"text":"Podobn\u00fd p\u0159\u00edsp\u011bvek","link":""},"img":{"alt_text":"","src":"https:\/\/i0.wp.com\/tinnunculus.sy-sy.cz\/wp-content\/uploads\/2022\/01\/history_simple_2021.png?resize=350%2C200&ssl=1","width":350,"height":200,"srcset":"https:\/\/i0.wp.com\/tinnunculus.sy-sy.cz\/wp-content\/uploads\/2022\/01\/history_simple_2021.png?resize=350%2C200&ssl=1 1x, https:\/\/i0.wp.com\/tinnunculus.sy-sy.cz\/wp-content\/uploads\/2022\/01\/history_simple_2021.png?resize=525%2C300&ssl=1 1.5x, https:\/\/i0.wp.com\/tinnunculus.sy-sy.cz\/wp-content\/uploads\/2022\/01\/history_simple_2021.png?resize=700%2C400&ssl=1 2x"},"classes":[]},{"id":20329,"url":"https:\/\/tinnunculus.sy-sy.cz\/index.php\/pocasi-u-nas\/archiv-pocasi\/pocasi-2022\/","url_meta":{"origin":2453,"position":4},"title":"Po\u010das\u00ed 2022","author":"Zuzana Syrov\u00e1 An\u00fd\u017eov\u00e1","date":"01\/01\/2023","format":false,"excerpt":"2007 \u00a6 2008 \u00a6 2009 \u00a6 2010 \u00a6 2011 \u00a6 2012 \u00a6 2013 \u00a6 2014 \u00a6 2015 \u00a6 2016 \u00a6 2017 \u00a6 2018 \u00a6 2019 \u00a6 2020 \u00a6 2021 \u00a6 2022 \u00a6 2023 \u00a6 2024 \u00a6 2025 \u00a6 2026 \u00a0 Po\u010das\u00ed v Bystrci \u00a6 Mapa \u00a6 Archiv \u00a6 Meteostanice a\u2026","rel":"","context":"Podobn\u00fd p\u0159\u00edsp\u011bvek","block_context":{"text":"Podobn\u00fd p\u0159\u00edsp\u011bvek","link":""},"img":{"alt_text":"","src":"https:\/\/i0.wp.com\/tinnunculus.sy-sy.cz\/wp-content\/uploads\/2023\/01\/2022_CZ.png?resize=350%2C200&ssl=1","width":350,"height":200,"srcset":"https:\/\/i0.wp.com\/tinnunculus.sy-sy.cz\/wp-content\/uploads\/2023\/01\/2022_CZ.png?resize=350%2C200&ssl=1 1x, https:\/\/i0.wp.com\/tinnunculus.sy-sy.cz\/wp-content\/uploads\/2023\/01\/2022_CZ.png?resize=525%2C300&ssl=1 1.5x, https:\/\/i0.wp.com\/tinnunculus.sy-sy.cz\/wp-content\/uploads\/2023\/01\/2022_CZ.png?resize=700%2C400&ssl=1 2x"},"classes":[]},{"id":45622,"url":"https:\/\/tinnunculus.sy-sy.cz\/index.php\/pocasi-u-nas\/archiv-pocasi\/pocasi-2025\/","url_meta":{"origin":2453,"position":5},"title":"Po\u010das\u00ed 2025","author":"Zuzana Syrov\u00e1 An\u00fd\u017eov\u00e1","date":"02\/01\/2026","format":false,"excerpt":"2007 \u00a6 2008 \u00a6 2009 \u00a6 2010 \u00a6 2011 \u00a6 2012 \u00a6 2013 \u00a6 2014 \u00a6 2015 \u00a6 2016 \u00a6 2017 \u00a6 2018 \u00a6 2019 \u00a6 2020 \u00a6 2021 \u00a6 2022 \u00a6 2023 \u00a6 2024 \u00a6 2025 \u00a6 2026 \u00a0 Po\u010das\u00ed v Bystrci \u00a6 Mapa \u00a6 Archiv \u00a6 Meteostanice a\u2026","rel":"","context":"Podobn\u00fd p\u0159\u00edsp\u011bvek","block_context":{"text":"Podobn\u00fd p\u0159\u00edsp\u011bvek","link":""},"img":{"alt_text":"","src":"https:\/\/i0.wp.com\/tinnunculus.sy-sy.cz\/wp-content\/uploads\/2026\/01\/meteogram_history_2025-CZ-1-1024x894.png?resize=350%2C200&ssl=1","width":350,"height":200,"srcset":"https:\/\/i0.wp.com\/tinnunculus.sy-sy.cz\/wp-content\/uploads\/2026\/01\/meteogram_history_2025-CZ-1-1024x894.png?resize=350%2C200&ssl=1 1x, https:\/\/i0.wp.com\/tinnunculus.sy-sy.cz\/wp-content\/uploads\/2026\/01\/meteogram_history_2025-CZ-1-1024x894.png?resize=525%2C300&ssl=1 1.5x"},"classes":[]}],"jetpack_sharing_enabled":true,"_links":{"self":[{"href":"https:\/\/tinnunculus.sy-sy.cz\/index.php\/wp-json\/wp\/v2\/pages\/2453","targetHints":{"allow":["GET"]}}],"collection":[{"href":"https:\/\/tinnunculus.sy-sy.cz\/index.php\/wp-json\/wp\/v2\/pages"}],"about":[{"href":"https:\/\/tinnunculus.sy-sy.cz\/index.php\/wp-json\/wp\/v2\/types\/page"}],"author":[{"embeddable":true,"href":"https:\/\/tinnunculus.sy-sy.cz\/index.php\/wp-json\/wp\/v2\/users\/2"}],"replies":[{"embeddable":true,"href":"https:\/\/tinnunculus.sy-sy.cz\/index.php\/wp-json\/wp\/v2\/comments?post=2453"}],"version-history":[{"count":3,"href":"https:\/\/tinnunculus.sy-sy.cz\/index.php\/wp-json\/wp\/v2\/pages\/2453\/revisions"}],"predecessor-version":[{"id":29424,"href":"https:\/\/tinnunculus.sy-sy.cz\/index.php\/wp-json\/wp\/v2\/pages\/2453\/revisions\/29424"}],"wp:attachment":[{"href":"https:\/\/tinnunculus.sy-sy.cz\/index.php\/wp-json\/wp\/v2\/media?parent=2453"}],"wp:term":[{"taxonomy":"category","embeddable":true,"href":"https:\/\/tinnunculus.sy-sy.cz\/index.php\/wp-json\/wp\/v2\/categories?post=2453"},{"taxonomy":"post_tag","embeddable":true,"href":"https:\/\/tinnunculus.sy-sy.cz\/index.php\/wp-json\/wp\/v2\/tags?post=2453"}],"curies":[{"name":"wp","href":"https:\/\/api.w.org\/{rel}","templated":true}]}}