{"id":2210,"date":"2017-10-15T12:22:27","date_gmt":"2017-10-15T10:22:27","guid":{"rendered":"http:\/\/tinnunculus.sy-sy.cz\/?page_id=2210"},"modified":"2026-03-16T22:51:04","modified_gmt":"2026-03-16T21:51:04","slug":"o-rorysech","status":"publish","type":"page","link":"https:\/\/tinnunculus.sy-sy.cz\/index.php\/odkazy\/o-rorysech\/","title":{"rendered":"Odkazy: Ror\u00fds obecn\u00fd"},"content":{"rendered":"<h5 id=\"v-\u010de\u0161tin\u011b-\u00a6-\u010de\u0161tina:\">V \u010de\u0161tin\u011b \u00a6 \u010de\u0161tina:<\/h5>\n<ul>\n<li>Avibase: <a href=\"http:\/\/avibase.bsc-eoc.org\/species.jsp?lang=CS&amp;avibaseid=4E6EF3F983079D73\" target=\"_blank\" rel=\"noopener noreferrer\">Ror\u00fds obecn\u00fd Apus apus (Linnaeus, 1758)<\/a><\/li>\n<li><a href=\"http:\/\/cs.wikipedia.org\/wiki\/Ror%C3%BDs_obecn%C3%BD\" target=\"_blank\" rel=\"noopener noreferrer\">Ror\u00fds obecn\u00fd<\/a> na Wikipedii<\/li>\n<li><a href=\"https:\/\/www.facebook.com\/Ror%C3%BDsi-100868760000419\/\" target=\"_blank\" rel=\"noopener noreferrer\">Ror\u00fdsi na FB<\/a><\/li>\n<li>\u010cesk\u00e1 spole\u010dnost ornitologick\u00e1: <a href=\"https:\/\/tinnunculus.sy-sy.cz\/wp-content\/uploads\/2025\/07\/ptak_roku_2004.pdf\" target=\"_blank\" rel=\"noopener noreferrer\">Pt\u00e1k roku 2004<\/a><\/li>\n<li><a href=\"https:\/\/tinnunculus.sy-sy.cz\/wp-content\/uploads\/2025\/07\/ptak_roku_2004.pdf\" target=\"_blank\" rel=\"noopener noreferrer\">Pt\u00e1k roku 2004<\/a> (bro\u017eura \u010cSO)<\/li>\n<li><a href=\"http:\/\/www.rorysi.cz\/\" target=\"_blank\" rel=\"noopener noreferrer\">Rorysi.cz<\/a> (web \u010cSO)<\/li>\n<li><a href=\"https:\/\/www.birdlife.cz\/co-delame\/vyzkum-a-ochrana-ptaku\/ochrana-druhu\/o-rorysovi\/projekty-na-ochranu-rorysu\/\" target=\"_blank\" rel=\"noopener noreferrer\">P\u0159\u00e1tel\u00e9 ror\u00fds\u016f<\/a><\/li>\n<li>\u010cesk\u00fd rozhlas :<a href=\"https:\/\/temata.rozhlas.cz\/rorys-obecny-7970791\" target=\"_blank\" rel=\"noopener noreferrer\"> Hlas pro tento den<\/a><\/li>\n<li>\u010cesk\u00fd rozhlas: T\u011b\u017ek\u00fd \u017eivot ror\u00fdse <a href=\"https:\/\/sever.rozhlas.cz\/tezky-zivot-roryse-1-cast-7793955\" target=\"_blank\" rel=\"noopener noreferrer\">1.&nbsp;\u010d\u00e1st<\/a>, <a href=\"https:\/\/www.rozhlas.cz\/tezky-zivot-roryse-2-cast-7851931\" target=\"_blank\" rel=\"noopener noreferrer\">2.&nbsp;\u010d\u00e1st<\/a><\/li>\n<li>OSEL.CZ:\u00a0 <a href=\"http:\/\/www.osel.cz\/9081-deseti-mesici-nepretrziteho-letu-rorys-zahanbuje-vsechny-ptaci-stavajici-rekordmany.html\" target=\"_blank\" rel=\"noopener noreferrer\">Desetim\u011bs\u00ed\u010dn\u00edm nep\u0159etr\u017eit\u00fdm letem ror\u00fds zahanbil v\u0161echny pta\u010d\u00ed rekordmany<\/a><\/li>\n<li>Projekt MOS 2012-2014: <a href=\"https:\/\/www.birdlife.cz\/co-delame\/vyzkum-a-ochrana-ptaku\/ochrana-druhu\/o-rorysovi\/projekty-na-ochranu-rorysu\/\" target=\"_blank\" rel=\"noopener noreferrer\">Pod jednou st\u0159echou<\/a><\/li>\n<li><a href=\"http:\/\/www.ceson.org\/document\/brozura_final.pdf\" target=\"_blank\" rel=\"noopener noreferrer\">Ochrana ror\u00fds\u016f a&nbsp;netop\u00fdr\u016f p\u0159i&nbsp;rekonstrukci budov<\/a> (bro\u017eura CESON)<\/li>\n<li><del>Ror\u00fdsi<\/del> \u2013 sebran\u00e9 informace z\u00a0r\u016fzn\u00fdch zdroj\u016f<\/li>\n<li>Forum ochrany p\u0159\u00edrody: <a href=\"https:\/\/www.forumochranyprirody.cz\/odborne-informace\/pravni-nazory\/ochrana-volne-zijicich-ptaku-hnizdicich-na-budovach\" target=\"_blank\" rel=\"noopener noreferrer\">Ochrana voln\u011b \u017eij\u00edc\u00edch pt\u00e1k\u016f hn\u00edzd\u00edc\u00edch na budov\u00e1ch<\/a><\/li>\n<li><a href=\"http:\/\/www.biblioteka.cz\/\" target=\"_blank\" rel=\"noopener\">\u010cesk\u00e1 p\u0159\u00edrodov\u011bdn\u00e1 bibliot\u00e9ka<\/a>:\u00a0<del>Seznam citac\u00ed p\u0159i\u0159azen\u00fdch k&nbsp;druhu Ror\u00fds obecn\u00fd<\/del><\/li>\n<li>ISOP (AOPK): <a href=\"http:\/\/portal.nature.cz\/publik_syst\/nd_nalez-public.php?idTaxon=1015\" target=\"_blank\" rel=\"noopener noreferrer\">Apus apus (Linnaeus, 1758) &#8211; ror\u00fds obecn\u00fd <\/a><\/li>\n<li>P\u0159\u00edb\u011bhy p\u0159\u00edrody: <a href=\"https:\/\/youtu.be\/4DLMQu9vDt0\" target=\"_blank\" rel=\"noopener noreferrer\">Ror\u00fds<\/a> (z\u00e1chrana p\u0159ed\u010dasn\u011b vylet\u011bl\u00e9ho ror\u00fdska)<\/li>\n<li>iFauna: <a href=\"https:\/\/www.ifauna.cz\/clanky\/8965-rorys-obecny-poznamky-na-objednavku.html\" target=\"_blank\" rel=\"noopener\">Ror\u00fds obecn\u00fd \u2013 pozn\u00e1mky na objedn\u00e1vku<\/a> (Petr Podp\u011bra)<\/li>\n<li>Zelen\u00e1 dom\u00e1cnost: <a href=\"https:\/\/www.zelenadomacnost.com\/blog\/index.php\/2023\/05\/30\/rorysi-a-jejich-souziti-s-lidmi\/\">Ror\u00fdsi a&nbsp;jejich sou\u017eit\u00ed s&nbsp;lidmi<\/a><\/li>\n<\/ul>\n<h5 id=\"ve-sloven\u0161tin\u011b-\u00a6-sloven\u010din\">Ve sloven\u0161tin\u011b \u00a6 sloven\u010dina:<\/h5>\n<ul>\n<li><a href=\"https:\/\/www.facebook.com\/navratdazdovnikov\/\" target=\"_blank\" rel=\"noopener noreferrer\">N\u00e1vrat d\u00e1\u017e\u010fovn\u00edkov<\/a><\/li>\n<li>BROZ: <a href=\"https:\/\/broz.sk\/dazdovnik-obycajny\/\" target=\"_blank\" rel=\"noopener\">D\u00e1\u017e\u010fovn\u00edk oby\u010dajn\u00fd (Apus apus)<\/a><\/li>\n<\/ul>\n<h5 id=\"ve-francouz\u0161tin\u011b-\u00a6-fran\u00e7ai\">Ve francouz\u0161tin\u011b \u00a6 fran\u00e7ais:<\/h5>\n<ul>\n<li>portail ornithologique Oiseaux.net: <a href=\"https:\/\/oiseaux.net\/oiseaux\/martinet.noir.html\" target=\"_blank\" rel=\"noopener noreferrer\">Martinet noir<\/a><\/li>\n<li>Corif (Centre ornithologique \u00cele-de-France): <del>L&#8217;esp\u00e8ce du mois: Le Martinet noir<\/del><\/li>\n<li>LPO: <a href=\"https:\/\/www.lpo.fr\/decouvrir-la-nature\/fiches-especes\/fiches-especes\/oiseaux\/hirondelles-martinets\/martinet-noir\" target=\"_blank\" rel=\"noopener\">Martinet noir<\/a><\/li>\n<li>Vogelwarte: <a href=\"http:\/\/www.vogelwarte.ch\/fr\/oiseaux\/les-oiseaux-de-suisse\/martinet-noir\">Martinet noir<\/a><\/li>\n<li><del>Martinets Sans Fronti\u00e8res \u00a6 Journ\u00e9e internationale des Martinets<\/del><\/li>\n<li><a href=\"https:\/\/sosmartinets.com\/\" target=\"_blank\" rel=\"noopener\">SOS martinets<\/a><\/li>\n<li><a href=\"https:\/\/www.mauersegler.com\/intro\/?L=fr\" target=\"_blank\" rel=\"noopener\">Soci\u00e9t\u00e9 allemande de sauvegarde du martinet<\/a><\/li>\n<\/ul>\n<h5 id=\"v-angli\u010dtin\u011b-\u00a6-english:\">V angli\u010dtin\u011b \u00a6 English:<\/h5>\n<ul>\n<li>IUCN Red List: <a href=\"http:\/\/www.iucnredlist.org\/details\/22686800\/0\" target=\"_blank\" rel=\"noopener noreferrer\">Apus apus (Common Swift, European Swift, Swift)<\/a><\/li>\n<li>Animal Diversity Web: <a href=\"http:\/\/animaldiversity.org\/accounts\/Apus_apus\/\" target=\"_blank\" rel=\"noopener noreferrer\">Apus apus<\/a><\/li>\n<li><a href=\"http:\/\/actionforswifts.blogspot.com\/\" target=\"_blank\" rel=\"noopener noreferrer\">Action for swifts\u00a0<\/a><\/li>\n<li><del>Arkive: Common swift<\/del> (offline since 02\/2019)<\/li>\n<li><del>BBC Nature wildlife: Common swift <\/del><\/li>\n<li><a href=\"http:\/\/www.bbc.co.uk\/insideout\/south\/series7\/swifts.shtml\" target=\"_blank\" rel=\"noopener noreferrer\">BBC: The Devil&#8217;s&nbsp;Bird<\/a><\/li>\n<li><a href=\"http:\/\/www.commonswift.org\/common_swift.html\" target=\"_blank\" rel=\"noopener noreferrer\">Commonswift worldwide\u00a0<\/a><\/li>\n<li><a href=\"http:\/\/concernforswifts.com\/\" target=\"_blank\" rel=\"noopener noreferrer\">Concern for swifts<\/a><\/li>\n<li><a href=\"https:\/\/www.mauersegler.com\/intro\/?L=en\" target=\"_blank\" rel=\"noopener\">German Association for the Protection of Common Swifts <\/a><\/li>\n<li><a href=\"https:\/\/www.rspb.org.uk\/birds-and-wildlife\/swift\" target=\"_blank\" rel=\"noopener noreferrer\">RSPB: Swift<\/a><\/li>\n<li><del>RSPB: Amazing swift facts<\/del><\/li>\n<li><del>RSPB swift survey <\/del><\/li>\n<li><a href=\"http:\/\/www.swift-conservation.org\/\" target=\"_blank\" rel=\"noopener noreferrer\">Swift conservation <\/a><\/li>\n<li><a href=\"http:\/\/blascozumeta.com\/specie_files\/07950_ENG_Apus_apus_aranzadi.pdf\" target=\"_blank\" rel=\"noopener noreferrer\">Swift (Javier Blasco-Zumeta &amp; Gerd-Michael Heinze)<\/a><\/li>\n<li><a href=\"https:\/\/www.bristolswifts.co.uk\/swift_photos_videos\/\" target=\"_blank\" rel=\"noopener\">Bristol swifts<\/a><\/li>\n<li>BTO: <a href=\"https:\/\/www.bto.org\/our-science\/topics\/tracking\/tracking-studies\/swifts\" target=\"_blank\" rel=\"noopener\">Tracking Swifts<\/a><\/li>\n<li><a href=\"https:\/\/worldswiftday.org\/en\/home\/\" target=\"_blank\" rel=\"noopener noreferrer\">Swifts without frontiers \u00a6 World Swift Day<\/a><\/li>\n<\/ul>\n<h5 id=\"v-n\u011bm\u010din\u011b-\u00a6-deutsch:\">V n\u011bm\u010din\u011b \u00a6 Deutsch:<\/h5>\n<ul>\n<li><a class=\"external text\" href=\"http:\/\/www.apusapus.net\/\" target=\"_blank\" rel=\"noopener noreferrer\">Deutsche Gesellschaft f\u00fcr Mauersegler<\/a><\/li>\n<li><a href=\"https:\/\/www.nabu.de\/tiere-und-pflanzen\/aktionen-und-projekte\/vogel-des-jahres\/2003-mauersegler\/index.html\" target=\"_blank\" rel=\"noopener noreferrer\">Mauersegler war Vogel des Jahres 2003<\/a><\/li>\n<\/ul>\n<h5 id=\"v-jin\u00fdch-jazyc\u00edch:\">V jin\u00fdch jazyc\u00edch:<\/h5>\n<ul>\n<li><a href=\"http:\/\/gierzwaluwbescherming.nl\/\" target=\"_blank\" rel=\"noopener noreferrer\">Gierzwaluwbescherming<\/a><\/li>\n<li><a href=\"https:\/\/tinnunculus.sy-sy.cz\/wp-content\/uploads\/2025\/11\/Associazione-Progetto-Natura-Linee-Guida-SOS-Rondoni.pdf\" target=\"_blank\" rel=\"noopener\">Linee Guida per la tutela dei rondoni<\/a><\/li>\n<\/ul>\n<p>&nbsp;<\/p>\n<p>Aktualizov\u00e1no: <span class=\"last-modified-timestamp\">16\/03\/2026 22:51<\/span><\/p>\n","protected":false},"excerpt":{"rendered":"<p>V \u010de\u0161tin\u011b \u00a6 \u010de\u0161tina: Avibase: Ror\u00fds obecn\u00fd Apus apus (Linnaeus, 1758) Ror\u00fds obecn\u00fd na Wikipedii Ror\u00fdsi na FB \u010cesk\u00e1 spole\u010dnost ornitologick\u00e1: Pt\u00e1k roku 2004 Pt\u00e1k roku 2004 (bro\u017eura \u010cSO) Rorysi.cz (web \u010cSO) P\u0159\u00e1tel\u00e9 ror\u00fds\u016f \u010cesk\u00fd rozhlas : Hlas pro tento den \u010cesk\u00fd rozhlas: T\u011b\u017ek\u00fd \u017eivot ror\u00fdse 1.&nbsp;\u010d\u00e1st, 2.&nbsp;\u010d\u00e1st OSEL.CZ:\u00a0 Desetim\u011bs\u00ed\u010dn\u00edm nep\u0159etr\u017eit\u00fdm letem ror\u00fds zahanbil v\u0161echny &hellip; <\/p>\n<p class=\"link-more\"><a href=\"https:\/\/tinnunculus.sy-sy.cz\/index.php\/odkazy\/o-rorysech\/\" class=\"more-link\">Pokra\u010dovat ve \u010dten\u00ed<span class=\"screen-reader-text\"> &#8222;Odkazy: Ror\u00fds obecn\u00fd&#8220;<\/span><\/a><\/p>\n","protected":false},"author":2,"featured_media":0,"parent":1928,"menu_order":2,"comment_status":"closed","ping_status":"closed","template":"","meta":{"jetpack_post_was_ever_published":false,"footnotes":""},"categories":[],"tags":[],"class_list":["post-2210","page","type-page","status-publish","hentry"],"jetpack_shortlink":"https:\/\/wp.me\/P91gKE-zE","jetpack-related-posts":[{"id":9664,"url":"https:\/\/tinnunculus.sy-sy.cz\/index.php\/odkazy\/o-rorysech\/apus-apus-in-avif\/","url_meta":{"origin":2210,"position":0},"title":"Apus apus in Avif","author":"Zuzana Syrov\u00e1 An\u00fd\u017eov\u00e1","date":"23\/11\/2019","format":false,"excerpt":"pozorov\u00e1n\u00ed ror\u00fdse obecn\u00e9ho ve faunistick\u00e9 datab\u00e1zi \u010cSO: \u00a0 Kliknut\u00edm na z\u00e1znam se dostanete na jeho detail na avif.birdlife.cz, kde m\u00e1te mo\u017enost dal\u0161\u00edho podrobn\u011bj\u0161\u00edho vyhled\u00e1v\u00e1n\u00ed. \ufeff O faunistick\u00e9 datab\u00e1zi avif.birds.cz O ror\u00fdsovi: Vyhled\u00e1v\u00e1n\u00ed a vkl\u00e1d\u00e1n\u00ed hn\u00edzdi\u0161\u0165","rel":"","context":"Podobn\u00fd p\u0159\u00edsp\u011bvek","block_context":{"text":"Podobn\u00fd p\u0159\u00edsp\u011bvek","link":""},"img":{"alt_text":"","src":"","width":0,"height":0},"classes":[]},{"id":1928,"url":"https:\/\/tinnunculus.sy-sy.cz\/index.php\/odkazy\/","url_meta":{"origin":2210,"position":1},"title":"Odkazy","author":"Zuzana Syrov\u00e1 An\u00fd\u017eov\u00e1","date":"14\/08\/2017","format":false,"excerpt":"Hrabo\u0161 poln\u00ed (Microtus arvalis) My\u0161 dom\u00e1c\u00ed (Mus musculus) Po\u0161tolka obecn\u00e1 (Falco tinnunculus) Ror\u00fds obecn\u00fd (Apus apus) Faunistick\u00e1 datab\u00e1ze \u010cSO: Po\u0161tolka obecn\u00e1 (Falco tinnunclus) in Avif Ror\u00fds obecn\u00fd (Apus apus) in Avif P\u0159\u00edm\u00e9 p\u0159enosy: Po\u0161tolka obecn\u00e1 (Falco tinnunculus) online Ror\u00fds obecn\u00fd (Apus apus) online Dal\u0161\u00ed druhy pt\u00e1k\u016f online: View Nesting Birds\u2026","rel":"","context":"Podobn\u00fd p\u0159\u00edsp\u011bvek","block_context":{"text":"Podobn\u00fd p\u0159\u00edsp\u011bvek","link":""},"img":{"alt_text":"","src":"","width":0,"height":0},"classes":[]},{"id":1937,"url":"https:\/\/tinnunculus.sy-sy.cz\/index.php\/v-primem-prenosu-odjinud\/apus-apus-online\/","url_meta":{"origin":2210,"position":2},"title":"Apus apus online","author":"Zuzana Syrov\u00e1 An\u00fd\u017eov\u00e1","date":"14\/08\/2017","format":false,"excerpt":"Aktualizov\u00e1no Pou\u017eit\u00e9 zkratky: on+ kamera on-line on- kamera on-line, ale sn\u00edm\u00e1 jin\u00fd druh pt\u00e1k\u016f off\u00a0 kamera off-line V tabulce se uv\u00e1d\u00ed posledn\u00ed rok, v n\u011bm\u017e ror\u00fdsi v dan\u00e9 lokalit\u011b \u00fasp\u011b\u0161n\u011b \u010di ne\u00fasp\u011b\u0161n\u011b hn\u00edzdili. K\u00f3dy zemi \u00a6 Country codes odkazy: View nesting birds: common swift Webcams gierzwaluwen","rel":"","context":"V \u201e\"Na\u0161i\" ror\u00fdsi\u201c","block_context":{"text":"\"Na\u0161i\" ror\u00fdsi","link":"https:\/\/tinnunculus.sy-sy.cz\/index.php\/category\/nasi\/nasi-rorysi\/"},"img":{"alt_text":"","src":"","width":0,"height":0},"classes":[]},{"id":19973,"url":"https:\/\/tinnunculus.sy-sy.cz\/index.php\/rorys-obecny-obecne\/","url_meta":{"origin":2210,"position":3},"title":"Ror\u00fds obecn\u00fd | obecn\u011b","author":"Zuzana Syrov\u00e1 An\u00fd\u017eov\u00e1","date":"13\/08\/2022","format":false,"excerpt":"V\u011bdeck\u00fd n\u00e1zev | Apus apus Linnaeus, 1758 \u00a0- ror\u00fds obecn\u00fd Taxonomick\u00e9 za\u0159azen\u00ed | \u0159\u00ed\u0161e Animalia \/ kmen Chordata \/ t\u0159\u00edda Aves \/ \u0159\u00e1d Apodiformes\u00a0 \/ \u010dele\u010f Apodidae \/ rod Apus anglicky: Common Swift | b\u011blorusky: \u0427\u043e\u0440\u043d\u044b \u0441\u0432\u0456\u0440\u0433\u0443\u043b\u044c\u00a0| bulharsky: \u0427\u0435\u0440\u0435\u043d \u0431\u044a\u0440\u0437\u043e\u043b\u0435\u0442 | \u010desky: Ror\u00fds obecn\u00fd | d\u00e1nsky: Mursejler | finsky: Tervap\u00e4\u00e4sky\u00a0|\u2026","rel":"","context":"Podobn\u00fd p\u0159\u00edsp\u011bvek","block_context":{"text":"Podobn\u00fd p\u0159\u00edsp\u011bvek","link":""},"img":{"alt_text":"","src":"https:\/\/i0.wp.com\/tinnunculus.sy-sy.cz\/wp-content\/uploads\/2022\/08\/2022-07-19-1232167234u-300x203.jpg?resize=350%2C200&ssl=1","width":350,"height":200,"srcset":"https:\/\/i0.wp.com\/tinnunculus.sy-sy.cz\/wp-content\/uploads\/2022\/08\/2022-07-19-1232167234u-300x203.jpg?resize=350%2C200&ssl=1 1x, https:\/\/i0.wp.com\/tinnunculus.sy-sy.cz\/wp-content\/uploads\/2022\/08\/2022-07-19-1232167234u-300x203.jpg?resize=525%2C300&ssl=1 1.5x"},"classes":[]},{"id":2888,"url":"https:\/\/tinnunculus.sy-sy.cz\/index.php\/v-primem-prenosu-odjinud\/","url_meta":{"origin":2210,"position":4},"title":"V p\u0159\u00edm\u00e9m p\u0159enosu odjinud","author":"Zuzana Syrov\u00e1 An\u00fd\u017eov\u00e1","date":"12\/01\/2018","format":false,"excerpt":"Po\u0161tolka obecn\u00e1 (Falco tinnunculus) online Ror\u00fds obecn\u00fd (Apus apus) online Dal\u0161\u00ed druhy pt\u00e1k\u016f online: View Nesting Birds (Bird\u00a0Cams)","rel":"","context":"Podobn\u00fd p\u0159\u00edsp\u011bvek","block_context":{"text":"Podobn\u00fd p\u0159\u00edsp\u011bvek","link":""},"img":{"alt_text":"","src":"","width":0,"height":0},"classes":[]},{"id":18,"url":"https:\/\/tinnunculus.sy-sy.cz\/index.php\/a-homepage-section\/","url_meta":{"origin":2210,"position":5},"title":"O my\u0161\u00edch a&nbsp;po\u0161tolk\u00e1ch","author":"Zuzana Syrov\u00e1 An\u00fd\u017eov\u00e1","date":"28\/07\/2017","format":false,"excerpt":"Pro\u010d o po\u0161tolk\u00e1ch? Za d\u00e1vn\u00fdch a d\u00e1vn\u00fdch \u010das\u016f, n\u011bkdy t\u011bsn\u011b po roce 1986, kdy jsme se nast\u011bhovali do nov\u00e9ho bytu v panelov\u00e9m dom\u011b v s\u00eddli\u0161ti na okraji Brna, se v na\u0161\u00ed lod\u017eii objevily po\u0161tolky. Dlouh\u00e1 l\u00e9ta byla jejich obl\u00edben\u00fdm m\u00edstem pro p\u0159esp\u00e1n\u00ed a od roku 2007 zde i hn\u00edzd\u00ed. Vybraly\u2026","rel":"","context":"V \u201e\"Na\u0161e\" po\u0161tolky\u201c","block_context":{"text":"\"Na\u0161e\" po\u0161tolky","link":"https:\/\/tinnunculus.sy-sy.cz\/index.php\/category\/nasi\/nase-postolky\/"},"img":{"alt_text":"","src":"https:\/\/i0.wp.com\/tinnunculus.sy-sy.cz\/wp-content\/uploads\/2017\/08\/dsc22907_24x10cb-e1501697514766.jpg?fit=1200%2C500&ssl=1&resize=350%2C200","width":350,"height":200,"srcset":"https:\/\/i0.wp.com\/tinnunculus.sy-sy.cz\/wp-content\/uploads\/2017\/08\/dsc22907_24x10cb-e1501697514766.jpg?fit=1200%2C500&ssl=1&resize=350%2C200 1x, https:\/\/i0.wp.com\/tinnunculus.sy-sy.cz\/wp-content\/uploads\/2017\/08\/dsc22907_24x10cb-e1501697514766.jpg?fit=1200%2C500&ssl=1&resize=525%2C300 1.5x, https:\/\/i0.wp.com\/tinnunculus.sy-sy.cz\/wp-content\/uploads\/2017\/08\/dsc22907_24x10cb-e1501697514766.jpg?fit=1200%2C500&ssl=1&resize=700%2C400 2x, https:\/\/i0.wp.com\/tinnunculus.sy-sy.cz\/wp-content\/uploads\/2017\/08\/dsc22907_24x10cb-e1501697514766.jpg?fit=1200%2C500&ssl=1&resize=1050%2C600 3x"},"classes":[]}],"jetpack_sharing_enabled":true,"_links":{"self":[{"href":"https:\/\/tinnunculus.sy-sy.cz\/index.php\/wp-json\/wp\/v2\/pages\/2210","targetHints":{"allow":["GET"]}}],"collection":[{"href":"https:\/\/tinnunculus.sy-sy.cz\/index.php\/wp-json\/wp\/v2\/pages"}],"about":[{"href":"https:\/\/tinnunculus.sy-sy.cz\/index.php\/wp-json\/wp\/v2\/types\/page"}],"author":[{"embeddable":true,"href":"https:\/\/tinnunculus.sy-sy.cz\/index.php\/wp-json\/wp\/v2\/users\/2"}],"replies":[{"embeddable":true,"href":"https:\/\/tinnunculus.sy-sy.cz\/index.php\/wp-json\/wp\/v2\/comments?post=2210"}],"version-history":[{"count":3,"href":"https:\/\/tinnunculus.sy-sy.cz\/index.php\/wp-json\/wp\/v2\/pages\/2210\/revisions"}],"predecessor-version":[{"id":46958,"href":"https:\/\/tinnunculus.sy-sy.cz\/index.php\/wp-json\/wp\/v2\/pages\/2210\/revisions\/46958"}],"up":[{"embeddable":true,"href":"https:\/\/tinnunculus.sy-sy.cz\/index.php\/wp-json\/wp\/v2\/pages\/1928"}],"wp:attachment":[{"href":"https:\/\/tinnunculus.sy-sy.cz\/index.php\/wp-json\/wp\/v2\/media?parent=2210"}],"wp:term":[{"taxonomy":"category","embeddable":true,"href":"https:\/\/tinnunculus.sy-sy.cz\/index.php\/wp-json\/wp\/v2\/categories?post=2210"},{"taxonomy":"post_tag","embeddable":true,"href":"https:\/\/tinnunculus.sy-sy.cz\/index.php\/wp-json\/wp\/v2\/tags?post=2210"}],"curies":[{"name":"wp","href":"https:\/\/api.w.org\/{rel}","templated":true}]}}