{"id":20962,"date":"2023-03-18T22:55:31","date_gmt":"2023-03-18T21:55:31","guid":{"rendered":"https:\/\/tinnunculus.sy-sy.cz\/?page_id=20962"},"modified":"2025-12-14T23:43:51","modified_gmt":"2025-12-14T22:43:51","slug":"sezona-2012","status":"publish","type":"page","link":"https:\/\/tinnunculus.sy-sy.cz\/index.php\/deniky\/2012-2\/sezona-2012\/","title":{"rendered":"Sez\u00f3na 2012"},"content":{"rendered":"<div class=\"pt-cv-wrapper\"><div class=\"pt-cv-view pt-cv-collapsible\" id=\"pt-cv-view-6668e21ub0\"><div data-id=\"pt-cv-page-1\" class=\"pt-cv-page\" data-cvc=\"1\"><div class=\"panel-group\" id=\"4765268r71\"><div class=\"panel panel-default pt-cv-content-item pt-cv-1-col\" >\r\n<div class=\"panel-heading pt-cv-title\">\r\n    <a class=\"panel-title\" data-toggle=\"cvcollapse\" data-parent=\"#4765268r71\" data-target=\"#ef4c8e35rb\" href='https:\/\/tinnunculus.sy-sy.cz\/index.php\/2014\/10\/06\/o-hrabosi-a-postolceti\/' onclick='event.preventDefault()'>\r\n\t\tO hrabo\u0161i a&nbsp;po\u0161tol\u010deti\t<\/a>\r\n\t<\/div>\r\n<div id=\"ef4c8e35rb\" class=\"panel-collapse collapse in\">\r\n\t<div class=\"panel-body\">\r\n\t\t<div class=\"pt-cv-content\"><p>Jak to tehdy bylo?<\/p>\n<p>Jednou v&nbsp;\u010dervnu 2012, kdy\u017e se sami\u010dka ji\u017e n\u011bjakou dobu musela sama starat o&nbsp;po\u0161tol\u010data (same\u010dek zmizel koncem kv\u011btna), p\u0159inesla po\u0161tol\u010dat\u016fm a\u017e p\u0159\u00edli\u0161 \u017eiv\u00e9ho hrabo\u0161e. Mil\u00fd hrabo\u0161 prok\u00e1zal obdivuhodnou vitalitu a&nbsp;dokonce maso\u017eravost, ba t\u00e9m\u011b\u0159 kanibalismus, kdy\u017e po\u0161tol\u010dat\u016fm kradl my\u0161\u00ed hol\u00e1tka, kter\u00fdmi jsme je vzhledem k&nbsp;nastal\u00e9 situaci po&nbsp;ztr\u00e1t\u011b jednoho z&nbsp;rodi\u010d\u016f p\u0159ikrmovali. Kanibalismus pouze t\u00e9m\u011b\u0159, neb <span class=\"st\"><a title=\"hrabo\u0161 poln\u00ed\" href=\"http:\/\/cs.wikipedia.org\/wiki\/Hrabo%C5%A1_poln%C3%AD\" target=\"_blank\" rel=\"noopener noreferrer\"><em>hrabo\u0161 poln\u00ed (Microtus arvalis)<\/em><\/a> nen\u00ed <\/span><a title=\"my\u0161 dom\u00e1c\u00ed\" href=\"http:\/\/cs.wikipedia.org\/wiki\/My%C5%A1_dom%C3%A1c%C3%AD\" target=\"_blank\" rel=\"noopener noreferrer\"><em>my\u0161 dom\u00e1c\u00ed (Mus musculus)<\/em><\/a>. Po&nbsp;\u0159adu dn\u00ed si \u017eil v&nbsp;lod\u017eii v&nbsp;poklidu, na\u0161el si skr\u00fd\u0161 a&nbsp;po\u0161tol\u010dat si moc nev\u0161\u00edmal.<\/p>\n<p> <a href=\"https:\/\/tinnunculus.sy-sy.cz\/index.php\/2014\/10\/06\/o-hrabosi-a-postolceti\/#more-140\" class=\"more-link\"><span aria-label=\"Pokra\u010dov\u00e1n\u00ed textu O hrabo\u0161i a&nbsp;po\u0161tol\u010deti\">(Pokra\u010dov\u00e1n\u00ed textu&hellip;)<\/span><\/a><\/p>\n<\/div>\t<\/div>\r\n<\/div><\/div>\n<div class=\"panel panel-default pt-cv-content-item pt-cv-1-col\" >\r\n<div class=\"panel-heading pt-cv-title\">\r\n    <a class=\"panel-title\" data-toggle=\"cvcollapse\" data-parent=\"#4765268r71\" data-target=\"#b9127835e4\" href='https:\/\/tinnunculus.sy-sy.cz\/index.php\/2017\/04\/13\/zeleny-ctvrtek\/' onclick='event.preventDefault()'>\r\n\t\tZelen\u00fd \u010dtvrtek\t<\/a>\r\n\t<\/div>\r\n<div id=\"b9127835e4\" class=\"panel-collapse collapse \">\r\n\t<div class=\"panel-body\">\r\n\t\t<div class=\"pt-cv-content\"><p>Zelen\u00fd \u010dvrtek p\u0159i\u0161el \u00fadajn\u011b ke sv\u00e9mu p\u0159\u00edvlastku omylem, a&nbsp;sice zkomolen\u00edm p\u016fvodn\u00edho n\u011bmeck\u00e9ho n\u00e1zvu Greindonnerstag (lkav\u00fd \u010dtvrtek) na Gr\u00fcndonnerstag (Zelen\u00fd \u010dtvrtek). Na Zelen\u00e9m \u010dtvrtku ov\u0161em leccos zelen\u00e9ho bylo a&nbsp;je.K tradici pat\u0159\u00ed j\u00edst p\u0159edev\u0161\u00edm zelen\u00e9 pokrmy jako zel\u00ed, \u0161pen\u00e1t a&nbsp;hr\u00e1ch, kter\u00e9 m\u011bly \u010dlov\u011bku zaru\u010dit pevn\u00e9 zdrav\u00ed na cel\u00fd rok.<\/p>\n<p>I na\u0161e po\u0161tolky r\u00e1dy v&nbsp;t\u00e9to dob\u011b, i&nbsp;kdy\u017e to nemus\u00ed b\u00fdt p\u0159esn\u011b na Zelen\u00fd \u010dtvrtek, konzumuj\u00ed v\u0161e zelen\u00e9. Jak ukazuj\u00ed sn\u00edmky z&nbsp;let 2011 a&nbsp;2012, nemus\u00ed to b\u00fdt jen je\u0161t\u011brky, &#8230; <a href=\"https:\/\/tinnunculus.sy-sy.cz\/index.php\/2017\/04\/13\/zeleny-ctvrtek\/#more-393\" class=\"more-link\"><span aria-label=\"Pokra\u010dov\u00e1n\u00ed textu Zelen\u00fd \u010dtvrtek\">(Pokra\u010dov\u00e1n\u00ed textu&hellip;)<\/span><\/a><\/p>\n<\/div>\t<\/div>\r\n<\/div><\/div>\n<div class=\"panel panel-default pt-cv-content-item pt-cv-1-col\" >\r\n<div class=\"panel-heading pt-cv-title\">\r\n    <a class=\"panel-title\" data-toggle=\"cvcollapse\" data-parent=\"#4765268r71\" data-target=\"#8f8243ef2u\" href='https:\/\/tinnunculus.sy-sy.cz\/index.php\/2017\/06\/24\/uvaha-statisticka\/' onclick='event.preventDefault()'>\r\n\t\t\u00davaha statistick\u00e1\t<\/a>\r\n\t<\/div>\r\n<div id=\"8f8243ef2u\" class=\"panel-collapse collapse \">\r\n\t<div class=\"panel-body\">\r\n\t\t<div class=\"pt-cv-content\"><p>V\u010derej\u0161\u00ed n\u00e1v\u0161t\u011bva u&nbsp;po\u0161tolek na konci na\u0161\u00ed ulice n\u00e1s vedla k&nbsp;\u00favaze, zda tamn\u00ed p\u00e1r m\u016f\u017ee b\u00fdt ten &#8222;n\u00e1\u0161&#8220;. Odpov\u00edd\u00e1 vzhled a&nbsp;dovednosti tamn\u00edch po\u0161tol\u010dat tomu, jak by mohla vypadat po\u0161tol\u010data &#8222;na\u0161eho&#8220; leto\u0161n\u00edho p\u00e1ru? Sami\u010dka p\u0159espala v&nbsp;na\u0161\u00ed lod\u017eii naposledy v&nbsp;noci na 30.&nbsp;dubna. Do t\u00e9 doby zde p\u0159esp\u00e1vala pravideln\u011b ka\u017edou noc a&nbsp;nemohla tedy n\u011bkde jinde \u0159\u00e1dn\u011b sed\u011bt na vejc\u00edch. Z&nbsp;pozorov\u00e1n\u00ed z&nbsp;let p\u0159edchoz\u00edch, m\u016f\u017eete odvodit, \u017ee po\u0161tol\u010data by byla ve v\u011bku asi 24 dn\u016f od vyl\u00edhnut\u00ed toho posledn\u00edho. Jak ta z&nbsp;let 2007-2016 vypadala a&nbsp;co um\u011bla?<\/p>\n<h4 id=\"anchor-65eb542de31af\"><strong>2007<\/strong><\/h4>\n<p>Posledn\u00ed z&nbsp;p\u011bti po\u0161tol\u010dat se onoho roku, kdy u&nbsp;n\u00e1s po\u0161tolky hn\u00edzdily poprv\u00e9, vyl\u00edhlo 5.\u010dervna. 29.&nbsp;\u010dervna u\u017e v\u0161echna tr\u00e1vila v\u011bt\u0161inu dne v&nbsp;kv\u011btin\u00e1\u010d\u00edch.\u00a0 O&nbsp;den pozd\u011bji se u\u017e za\u010dala, je\u0161t\u011b s&nbsp;posledn\u00edm chm\u00fd\u0159\u00edm na hlav\u011b a&nbsp;k\u0159\u00eddlech promenovat po&nbsp;z\u00e1bradl\u00ed.<br \/>\nV\u00edce o&nbsp;pr\u016fb\u011bhu hn\u00edzdn\u00ed sez\u00f3ny najdete <a href=\"https:\/\/tinnunculus.sy-sy.cz\/index.php\/deniky\/2007-2\/\">zde<\/a>.<\/p>\n<p style=\"text-align: center;\"><a href=\"https:\/\/i0.wp.com\/tinnunculus.sy-sy.cz\/wp-content\/uploads\/2017\/06\/DSC_5644_uprav.jpg?ssl=1\" target=\"_blank\" rel=\"noopener\"><img data-recalc-dims=\"1\" loading=\"lazy\" decoding=\"async\" data-attachment-id=\"1788\" data-permalink=\"https:\/\/tinnunculus.sy-sy.cz\/index.php\/2017\/06\/24\/uvaha-statisticka\/dsc_5644_uprav\/\" data-orig-file=\"https:\/\/i0.wp.com\/tinnunculus.sy-sy.cz\/wp-content\/uploads\/2017\/06\/DSC_5644_uprav-e1503218758561.jpg?fit=1038%2C690&amp;ssl=1\" data-orig-size=\"1038,690\" data-comments-opened=\"1\" data-image-meta=\"{&quot;aperture&quot;:&quot;0&quot;,&quot;credit&quot;:&quot;&quot;,&quot;camera&quot;:&quot;&quot;,&quot;caption&quot;:&quot;&quot;,&quot;created_timestamp&quot;:&quot;0&quot;,&quot;copyright&quot;:&quot;&quot;,&quot;focal_length&quot;:&quot;0&quot;,&quot;iso&quot;:&quot;0&quot;,&quot;shutter_speed&quot;:&quot;0&quot;,&quot;title&quot;:&quot;&quot;,&quot;orientation&quot;:&quot;0&quot;}\" data-image-title=\"DSC_5644_uprav\" data-image-description=\"\" data-image-caption=\"\" data-large-file=\"https:\/\/i0.wp.com\/tinnunculus.sy-sy.cz\/wp-content\/uploads\/2017\/06\/DSC_5644_uprav-e1503218758561.jpg?fit=525%2C349&amp;ssl=1\" class=\"aligncenter wp-image-1788 size-medium\" src=\"https:\/\/i0.wp.com\/tinnunculus.sy-sy.cz\/wp-content\/uploads\/2017\/06\/DSC_5644_uprav.jpg?resize=300%2C199&#038;ssl=1\" alt=\"\" width=\"300\" height=\"199\" \/><\/a><\/p>\n<p style=\"text-align: center;\"><em>2007\/06\/29<\/em><\/p>\n<p> <a href=\"https:\/\/tinnunculus.sy-sy.cz\/index.php\/2017\/06\/24\/uvaha-statisticka\/#more-420\" class=\"more-link\"><span aria-label=\"Pokra\u010dov\u00e1n\u00ed textu \u00davaha statistick\u00e1\">(Pokra\u010dov\u00e1n\u00ed textu&hellip;)<\/span><\/a><\/p>\n<\/div>\t<\/div>\r\n<\/div><\/div>\n<div class=\"panel panel-default pt-cv-content-item pt-cv-1-col\" >\r\n<div class=\"panel-heading pt-cv-title\">\r\n    <a class=\"panel-title\" data-toggle=\"cvcollapse\" data-parent=\"#4765268r71\" data-target=\"#ed15d128zr\" href='https:\/\/tinnunculus.sy-sy.cz\/index.php\/2018\/02\/08\/kocka-na-vetvi-a-na-balkone\/' onclick='event.preventDefault()'>\r\n\t\tKo\u010dka na v\u011btvi a&nbsp;na balkon\u011b\t<\/a>\r\n\t<\/div>\r\n<div id=\"ed15d128zr\" class=\"panel-collapse collapse \">\r\n\t<div class=\"panel-body\">\r\n\t\t<div class=\"pt-cv-content\"><p align=\"left\"><img data-recalc-dims=\"1\" loading=\"lazy\" decoding=\"async\" data-attachment-id=\"2964\" data-permalink=\"https:\/\/tinnunculus.sy-sy.cz\/index.php\/2018\/02\/08\/kocka-na-vetvi-a-na-balkone\/cat-285274_960_720\/\" data-orig-file=\"https:\/\/i0.wp.com\/tinnunculus.sy-sy.cz\/wp-content\/uploads\/2018\/02\/cat-285274_960_720.jpg?fit=960%2C713&amp;ssl=1\" data-orig-size=\"960,713\" data-comments-opened=\"1\" data-image-meta=\"{&quot;aperture&quot;:&quot;0&quot;,&quot;credit&quot;:&quot;&quot;,&quot;camera&quot;:&quot;&quot;,&quot;caption&quot;:&quot;&quot;,&quot;created_timestamp&quot;:&quot;0&quot;,&quot;copyright&quot;:&quot;&quot;,&quot;focal_length&quot;:&quot;0&quot;,&quot;iso&quot;:&quot;0&quot;,&quot;shutter_speed&quot;:&quot;0&quot;,&quot;title&quot;:&quot;&quot;,&quot;orientation&quot;:&quot;0&quot;}\" data-image-title=\"cat-285274_960_720\" data-image-description=\"\" data-image-caption=\"\" data-large-file=\"https:\/\/i0.wp.com\/tinnunculus.sy-sy.cz\/wp-content\/uploads\/2018\/02\/cat-285274_960_720.jpg?fit=525%2C390&amp;ssl=1\" class=\"alignnone wp-image-2964\" src=\"https:\/\/i0.wp.com\/tinnunculus.sy-sy.cz\/wp-content\/uploads\/2018\/02\/cat-285274_960_720.jpg?resize=525%2C390&#038;ssl=1\" alt=\"\" width=\"525\" height=\"390\" srcset=\"https:\/\/i0.wp.com\/tinnunculus.sy-sy.cz\/wp-content\/uploads\/2018\/02\/cat-285274_960_720.jpg?w=960&amp;ssl=1 960w, https:\/\/i0.wp.com\/tinnunculus.sy-sy.cz\/wp-content\/uploads\/2018\/02\/cat-285274_960_720.jpg?resize=300%2C223&amp;ssl=1 300w, https:\/\/i0.wp.com\/tinnunculus.sy-sy.cz\/wp-content\/uploads\/2018\/02\/cat-285274_960_720.jpg?resize=768%2C570&amp;ssl=1 768w\" sizes=\"auto, (max-width: 525px) 100vw, 525px\" \/><\/p>\n<blockquote><p>Ko\u010dka na v\u011btvi.<br \/>\nTlust\u00fd kos na druh\u00e9.<br \/>\nP\u0159esto moc daleko&#8230; <a href=\"https:\/\/tinnunculus.sy-sy.cz\/index.php\/2018\/02\/08\/kocka-na-vetvi-a-na-balkone\/#more-2868\" class=\"more-link\"><span aria-label=\"Pokra\u010dov\u00e1n\u00ed textu Ko\u010dka na v\u011btvi a&nbsp;na balkon\u011b\">(Pokra\u010dov\u00e1n\u00ed textu&hellip;)<\/span><\/a><\/p><\/blockquote>\n<\/div>\t<\/div>\r\n<\/div><\/div><\/div><\/div><\/div><\/div>\n<p>&nbsp;<\/p>\n<ul>\n<li><a href=\"https:\/\/tinnunculus.sy-sy.cz\/index.php\/deniky\/2012-2\/\">Den\u00edk 2012<\/a><\/li>\n<\/ul>\n","protected":false},"excerpt":{"rendered":"<p>&nbsp; Den\u00edk 2012<\/p>\n","protected":false},"author":2,"featured_media":0,"parent":840,"menu_order":0,"comment_status":"closed","ping_status":"closed","template":"","meta":{"jetpack_post_was_ever_published":false,"footnotes":""},"categories":[],"tags":[],"class_list":["post-20962","page","type-page","status-publish","hentry"],"jetpack_shortlink":"https:\/\/wp.me\/P91gKE-5s6","jetpack-related-posts":[{"id":20898,"url":"https:\/\/tinnunculus.sy-sy.cz\/index.php\/deniky\/2007-2\/sezona-2007\/","url_meta":{"origin":20962,"position":0},"title":"Sez\u00f3na 2007","author":"Zuzana Syrov\u00e1 An\u00fd\u017eov\u00e1","date":"18\/03\/2023","format":false,"excerpt":"\u00a0 Den\u00edk 2007","rel":"","context":"V \u201eden\u00edk\u201c","block_context":{"text":"den\u00edk","link":"https:\/\/tinnunculus.sy-sy.cz\/index.php\/tag\/denik\/"},"img":{"alt_text":"","src":"","width":0,"height":0},"classes":[]},{"id":20909,"url":"https:\/\/tinnunculus.sy-sy.cz\/index.php\/deniky\/2022-2\/sezona-2022\/","url_meta":{"origin":20962,"position":1},"title":"Sez\u00f3na 2022","author":"Zuzana Syrov\u00e1 An\u00fd\u017eov\u00e1","date":"18\/03\/2023","format":false,"excerpt":"\u00a0 Den\u00edk 2022","rel":"","context":"Podobn\u00fd p\u0159\u00edsp\u011bvek","block_context":{"text":"Podobn\u00fd p\u0159\u00edsp\u011bvek","link":""},"img":{"alt_text":"","src":"","width":0,"height":0},"classes":[]},{"id":20929,"url":"https:\/\/tinnunculus.sy-sy.cz\/index.php\/deniky\/2021-2\/sezona-2021\/","url_meta":{"origin":20962,"position":2},"title":"Sez\u00f3na 2021","author":"Zuzana Syrov\u00e1 An\u00fd\u017eov\u00e1","date":"18\/03\/2023","format":false,"excerpt":"\u00a0 Den\u00edk 2021","rel":"","context":"Podobn\u00fd p\u0159\u00edsp\u011bvek","block_context":{"text":"Podobn\u00fd p\u0159\u00edsp\u011bvek","link":""},"img":{"alt_text":"","src":"","width":0,"height":0},"classes":[]},{"id":20932,"url":"https:\/\/tinnunculus.sy-sy.cz\/index.php\/deniky\/2020-2\/sezona-2020\/","url_meta":{"origin":20962,"position":3},"title":"Sez\u00f3na 2020","author":"Zuzana Syrov\u00e1 An\u00fd\u017eov\u00e1","date":"18\/03\/2023","format":false,"excerpt":"\u00a0 Den\u00edk 2020","rel":"","context":"Podobn\u00fd p\u0159\u00edsp\u011bvek","block_context":{"text":"Podobn\u00fd p\u0159\u00edsp\u011bvek","link":""},"img":{"alt_text":"","src":"","width":0,"height":0},"classes":[]},{"id":20936,"url":"https:\/\/tinnunculus.sy-sy.cz\/index.php\/deniky\/2019-2\/sezona-2019\/","url_meta":{"origin":20962,"position":4},"title":"Sez\u00f3na 2019","author":"Zuzana Syrov\u00e1 An\u00fd\u017eov\u00e1","date":"18\/03\/2023","format":false,"excerpt":"\u00a0 Den\u00edk 2019","rel":"","context":"Podobn\u00fd p\u0159\u00edsp\u011bvek","block_context":{"text":"Podobn\u00fd p\u0159\u00edsp\u011bvek","link":""},"img":{"alt_text":"","src":"","width":0,"height":0},"classes":[]},{"id":20940,"url":"https:\/\/tinnunculus.sy-sy.cz\/index.php\/deniky\/2018-2\/sezona-2018\/","url_meta":{"origin":20962,"position":5},"title":"Sez\u00f3na 2018","author":"Zuzana Syrov\u00e1 An\u00fd\u017eov\u00e1","date":"18\/03\/2023","format":false,"excerpt":"\u00a0 Den\u00edk 2018","rel":"","context":"Podobn\u00fd p\u0159\u00edsp\u011bvek","block_context":{"text":"Podobn\u00fd p\u0159\u00edsp\u011bvek","link":""},"img":{"alt_text":"","src":"","width":0,"height":0},"classes":[]}],"jetpack_sharing_enabled":true,"_links":{"self":[{"href":"https:\/\/tinnunculus.sy-sy.cz\/index.php\/wp-json\/wp\/v2\/pages\/20962","targetHints":{"allow":["GET"]}}],"collection":[{"href":"https:\/\/tinnunculus.sy-sy.cz\/index.php\/wp-json\/wp\/v2\/pages"}],"about":[{"href":"https:\/\/tinnunculus.sy-sy.cz\/index.php\/wp-json\/wp\/v2\/types\/page"}],"author":[{"embeddable":true,"href":"https:\/\/tinnunculus.sy-sy.cz\/index.php\/wp-json\/wp\/v2\/users\/2"}],"replies":[{"embeddable":true,"href":"https:\/\/tinnunculus.sy-sy.cz\/index.php\/wp-json\/wp\/v2\/comments?post=20962"}],"version-history":[{"count":1,"href":"https:\/\/tinnunculus.sy-sy.cz\/index.php\/wp-json\/wp\/v2\/pages\/20962\/revisions"}],"predecessor-version":[{"id":45361,"href":"https:\/\/tinnunculus.sy-sy.cz\/index.php\/wp-json\/wp\/v2\/pages\/20962\/revisions\/45361"}],"up":[{"embeddable":true,"href":"https:\/\/tinnunculus.sy-sy.cz\/index.php\/wp-json\/wp\/v2\/pages\/840"}],"wp:attachment":[{"href":"https:\/\/tinnunculus.sy-sy.cz\/index.php\/wp-json\/wp\/v2\/media?parent=20962"}],"wp:term":[{"taxonomy":"category","embeddable":true,"href":"https:\/\/tinnunculus.sy-sy.cz\/index.php\/wp-json\/wp\/v2\/categories?post=20962"},{"taxonomy":"post_tag","embeddable":true,"href":"https:\/\/tinnunculus.sy-sy.cz\/index.php\/wp-json\/wp\/v2\/tags?post=20962"}],"curies":[{"name":"wp","href":"https:\/\/api.w.org\/{rel}","templated":true}]}}