{"id":20956,"date":"2023-03-18T22:33:34","date_gmt":"2023-03-18T21:33:34","guid":{"rendered":"https:\/\/tinnunculus.sy-sy.cz\/?page_id=20956"},"modified":"2025-12-14T23:44:55","modified_gmt":"2025-12-14T22:44:55","slug":"sezona-2014","status":"publish","type":"page","link":"https:\/\/tinnunculus.sy-sy.cz\/index.php\/deniky\/2014-2\/sezona-2014\/","title":{"rendered":"Sez\u00f3na 2014"},"content":{"rendered":"<div class=\"pt-cv-wrapper\"><div class=\"pt-cv-view pt-cv-collapsible\" id=\"pt-cv-view-7ebf67eyzm\"><div data-id=\"pt-cv-page-1\" class=\"pt-cv-page\" data-cvc=\"1\"><div class=\"panel-group\" id=\"a9f8d01a2l\"><div class=\"panel panel-default pt-cv-content-item pt-cv-1-col\" >\r\n<div class=\"panel-heading pt-cv-title\">\r\n    <a class=\"panel-title\" data-toggle=\"cvcollapse\" data-parent=\"#a9f8d01a2l\" data-target=\"#037817b9ov\" href='https:\/\/tinnunculus.sy-sy.cz\/index.php\/2014\/07\/06\/falco-tinnunculus-versus-columba-livia-forma-domestica\/' onclick='event.preventDefault()'>\r\n\t\tFalco tinnunculus versus columba livia forma domestica\t<\/a>\r\n\t<\/div>\r\n<div id=\"037817b9ov\" class=\"panel-collapse collapse in\">\r\n\t<div class=\"panel-body\">\r\n\t\t<div class=\"pt-cv-content\"><div class=\"article-main-content\">\n<div class=\"article-content\">\n<p>Sou\u017eit\u00ed \u010dlov\u011bka se zv\u00ed\u0159aty, kter\u00e1 s&nbsp;n\u00edm cht\u011bj\u00ed bydlet, nen\u00ed jednoduch\u00e9. Jednotliv\u00e9 druhy maj\u00ed sv\u00e9 lidsk\u00e9 p\u0159\u00edznivce i&nbsp;odp\u016frce, kte\u0159\u00ed se jich nemilosrdn\u011b sna\u017e\u00ed zbavit. Osobn\u011b nepat\u0159\u00edm mezi milovn\u00edky zdivo\u010del\u00fdch holub\u016f dom\u00e1c\u00edch, zvan\u00fdch &#8222;v\u011b\u017e\u00e1ci&#8220;, i&nbsp;kdy\u017e jejich \u0161patn\u00e1 pov\u011bst, alespo\u0148 podle toho, co lze na jejich obhajobu naj\u00edt t\u0159eba na str\u00e1nk\u00e1ch Ligy na ochranu zv\u00ed\u0159at (<em>Jsou holubi opravdu \u0161kodliv\u00ed?<\/em>), je z\u0159ejm\u011b p\u0159ehnan\u00e1.<\/p>\n<p>Na\u0161e lod\u017eie, ide\u00e1ln\u00ed pro po\u0161tolky, je p\u0159irozen\u011b p\u0159ita\u017eliv\u00fdm m\u00edstem i&nbsp;pro holuby hledaj\u00edc\u00ed m\u00edsto k&nbsp;zahn\u00edzd\u011bn\u00ed. Dlouholet\u00e1 zku\u0161enost n\u00e1m \u0159\u00edk\u00e1, \u017ee pokud se n\u011bkdo domn\u00edv\u00e1, \u017ee tam, kde hn\u00edzd\u00ed po\u0161tolky, nezahn\u00edzd\u00ed holubi, je na omylu.<\/p>\n<p> <a href=\"https:\/\/tinnunculus.sy-sy.cz\/index.php\/2014\/07\/06\/falco-tinnunculus-versus-columba-livia-forma-domestica\/#more-118\" class=\"more-link\"><span aria-label=\"Pokra\u010dov\u00e1n\u00ed textu Falco tinnunculus versus columba livia forma domestica\">(Pokra\u010dov\u00e1n\u00ed textu&hellip;)<\/span><\/a><\/p><\/div>\n<\/div>\n<\/div>\t<\/div>\r\n<\/div><\/div>\n<div class=\"panel panel-default pt-cv-content-item pt-cv-1-col\" >\r\n<div class=\"panel-heading pt-cv-title\">\r\n    <a class=\"panel-title\" data-toggle=\"cvcollapse\" data-parent=\"#a9f8d01a2l\" data-target=\"#b419584azi\" href='https:\/\/tinnunculus.sy-sy.cz\/index.php\/2014\/07\/31\/ptak-neni-pes-sva-mladata-neprenasi\/' onclick='event.preventDefault()'>\r\n\t\tPt\u00e1k nen\u00ed pes, sv\u00e1 ml\u00e1\u010fata nep\u0159en\u00e1\u0161\u00ed.\t<\/a>\r\n\t<\/div>\r\n<div id=\"b419584azi\" class=\"panel-collapse collapse \">\r\n\t<div class=\"panel-body\">\r\n\t\t<div class=\"pt-cv-content\"><p>\u017de pt\u00e1k sv\u00e1 ml\u00e1\u010fata nep\u0159en\u00e1\u0161\u00ed, se m\u016f\u017eeme do\u010d\u00edst na r\u016fzn\u00fdch m\u00edstech, ned\u00e1vno nap\u0159.&nbsp;v&nbsp;\u010dl\u00e1nku <em>Pravdy a&nbsp;m\u00fdty o&nbsp;pta\u010d\u00edch ml\u00e1\u010fatech<\/em> na str\u00e1nk\u00e1ch Ligy na ochranu zv\u00ed\u0159at. Na kr\u00e1tk\u00e9 vzd\u00e1lenosti to ale v&nbsp;p\u0159\u00edpad\u011b, \u017ee po\u0161tol\u010de nep\u0159esahuje velikost my\u0161e, alespo\u0148 u&nbsp;&#8222;na\u0161ich&#8220; po\u0161tolek, neplat\u00ed. <a href=\"https:\/\/tinnunculus.sy-sy.cz\/index.php\/2014\/07\/31\/ptak-neni-pes-sva-mladata-neprenasi\/#more-125\" class=\"more-link\"><span aria-label=\"Pokra\u010dov\u00e1n\u00ed textu Pt\u00e1k nen\u00ed pes, sv\u00e1 ml\u00e1\u010fata nep\u0159en\u00e1\u0161\u00ed.\">(Pokra\u010dov\u00e1n\u00ed textu&hellip;)<\/span><\/a><\/p>\n<\/div>\t<\/div>\r\n<\/div><\/div>\n<div class=\"panel panel-default pt-cv-content-item pt-cv-1-col\" >\r\n<div class=\"panel-heading pt-cv-title\">\r\n    <a class=\"panel-title\" data-toggle=\"cvcollapse\" data-parent=\"#a9f8d01a2l\" data-target=\"#a27a3a6gnr\" href='https:\/\/tinnunculus.sy-sy.cz\/index.php\/2014\/12\/06\/jak-postolka-predala-postolcatum-myse\/' onclick='event.preventDefault()'>\r\n\t\tJak po\u0161tolka p\u0159edala po\u0161tol\u010dat\u016fm my\u0161e.\t<\/a>\r\n\t<\/div>\r\n<div id=\"a27a3a6gnr\" class=\"panel-collapse collapse \">\r\n\t<div class=\"panel-body\">\r\n\t\t<div class=\"pt-cv-content\"><p>Jak to bylo?<br \/>\nPo\u0161tolka sledov\u00e1na po\u0161tol\u010daty sl\u00e9t\u00e1 p\u0159ede dve\u0159e:<\/p>\n<p><a href=\"https:\/\/i0.wp.com\/tinnunculus.sy-sy.cz\/wp-content\/uploads\/2014\/12\/20140613-072541-e1707067257207.jpg?ssl=1\" target=\"_blank\" rel=\"noopener\"><img data-recalc-dims=\"1\" loading=\"lazy\" decoding=\"async\" data-attachment-id=\"31641\" data-permalink=\"https:\/\/tinnunculus.sy-sy.cz\/index.php\/2014\/12\/06\/jak-postolka-predala-postolcatum-myse\/20140613-072541\/\" data-orig-file=\"https:\/\/i0.wp.com\/tinnunculus.sy-sy.cz\/wp-content\/uploads\/2014\/12\/20140613-072541-e1707067257207.jpg?fit=1038%2C649&amp;ssl=1\" data-orig-size=\"1038,649\" data-comments-opened=\"1\" data-image-meta=\"{&quot;aperture&quot;:&quot;0&quot;,&quot;credit&quot;:&quot;&quot;,&quot;camera&quot;:&quot;&quot;,&quot;caption&quot;:&quot;&quot;,&quot;created_timestamp&quot;:&quot;0&quot;,&quot;copyright&quot;:&quot;&quot;,&quot;focal_length&quot;:&quot;0&quot;,&quot;iso&quot;:&quot;0&quot;,&quot;shutter_speed&quot;:&quot;0&quot;,&quot;title&quot;:&quot;&quot;,&quot;orientation&quot;:&quot;0&quot;}\" data-image-title=\"20140613-072541\" data-image-description=\"\" data-image-caption=\"\" data-medium-file=\"https:\/\/i0.wp.com\/tinnunculus.sy-sy.cz\/wp-content\/uploads\/2014\/12\/20140613-072541-e1707067257207.jpg?fit=300%2C188&amp;ssl=1\" data-large-file=\"https:\/\/i0.wp.com\/tinnunculus.sy-sy.cz\/wp-content\/uploads\/2014\/12\/20140613-072541-e1707067257207.jpg?fit=525%2C328&amp;ssl=1\" class=\"aligncenter wp-image-31641 size-large\" src=\"https:\/\/i0.wp.com\/tinnunculus.sy-sy.cz\/wp-content\/uploads\/2014\/12\/20140613-072541.jpg?resize=525%2C328&#038;ssl=1\" alt=\"\" width=\"525\" height=\"328\" \/><\/a><\/p>\n<p> <a href=\"https:\/\/tinnunculus.sy-sy.cz\/index.php\/2014\/12\/06\/jak-postolka-predala-postolcatum-myse\/#more-172\" class=\"more-link\"><span aria-label=\"Pokra\u010dov\u00e1n\u00ed textu Jak po\u0161tolka p\u0159edala po\u0161tol\u010dat\u016fm my\u0161e.\">(Pokra\u010dov\u00e1n\u00ed textu&hellip;)<\/span><\/a><\/p>\n<\/div>\t<\/div>\r\n<\/div><\/div>\n<div class=\"panel panel-default pt-cv-content-item pt-cv-1-col\" >\r\n<div class=\"panel-heading pt-cv-title\">\r\n    <a class=\"panel-title\" data-toggle=\"cvcollapse\" data-parent=\"#a9f8d01a2l\" data-target=\"#c543745om2\" href='https:\/\/tinnunculus.sy-sy.cz\/index.php\/2015\/05\/16\/v-ocekavani\/' onclick='event.preventDefault()'>\r\n\t\tV o\u010dek\u00e1v\u00e1n\u00ed\t<\/a>\r\n\t<\/div>\r\n<div id=\"c543745om2\" class=\"panel-collapse collapse \">\r\n\t<div class=\"panel-body\">\r\n\t\t<div class=\"pt-cv-content\"><p>Po\u0161tolky v&nbsp;na\u0161\u00ed lod\u017eii u\u017e 26.&nbsp;den pe\u010dliv\u011b sed\u00ed na vejc\u00edch, kter\u00e1 se i&nbsp;same\u010dek p\u0159es sv\u00e9 ml\u00e1d\u00ed a&nbsp;nezku\u0161enost nau\u010dil bravurn\u011b zasednout. St\u0159\u00edd\u00e1 spolehliv\u011b sami\u010dku a&nbsp;ob\u010das se z\u0159ejm\u011b hl\u00e1s\u00ed o&nbsp;sezen\u00ed jen tak, aby se sami\u010dka mohla prol\u00e9tnout, a&nbsp;hlavn\u011b, aby s\u00e1m mohl na vejc\u00edch posed\u011bt. Krom\u011b toho, \u017ee j\u00ed nos\u00ed proviant na hn\u00edzdo, maj\u00ed z\u0159ejm\u011b je\u0161t\u011b n\u011bkde pobl\u00ed\u017e spole\u010dnou sp\u00ed\u017e, jej\u00ed\u017e m\u00edsto se n\u00e1m zat\u00edm nepoda\u0159ilo p\u0159esn\u011b identifikovat.<\/p>\n<p>Oba na vejc\u00edch prov\u00e1d\u011bj\u00ed \u00fakony pot\u0159ebn\u00e9 pro zd\u00e1rn\u00fd v\u00fdvoj z\u00e1rodk\u016f. Ot\u00e1\u010dej\u00ed se na nich, obracej\u00ed je tak a&nbsp;po&nbsp;zasednut\u00ed s&nbsp;nimi klechtaj\u00ed do stran. Obdob\u00ed intenzivn\u00edho zah\u0159\u00edvan\u00ed, odborn\u011b naz\u00fdvan\u00e9 inkubace se p\u0159itom pomalu ch\u00fdl\u00ed ke konci. <a href=\"https:\/\/tinnunculus.sy-sy.cz\/index.php\/2015\/05\/16\/v-ocekavani\/#more-217\" class=\"more-link\"><span aria-label=\"Pokra\u010dov\u00e1n\u00ed textu V o\u010dek\u00e1v\u00e1n\u00ed\">(Pokra\u010dov\u00e1n\u00ed textu&hellip;)<\/span><\/a><\/p>\n<\/div>\t<\/div>\r\n<\/div><\/div>\n<div class=\"panel panel-default pt-cv-content-item pt-cv-1-col\" >\r\n<div class=\"panel-heading pt-cv-title\">\r\n    <a class=\"panel-title\" data-toggle=\"cvcollapse\" data-parent=\"#a9f8d01a2l\" data-target=\"#fa3f2707eu\" href='https:\/\/tinnunculus.sy-sy.cz\/index.php\/2016\/05\/29\/krmi-ci-nekrmi\/' onclick='event.preventDefault()'>\r\n\t\tKrm\u00ed \u010di&nbsp;nekrm\u00ed?\t<\/a>\r\n\t<\/div>\r\n<div id=\"fa3f2707eu\" class=\"panel-collapse collapse \">\r\n\t<div class=\"panel-body\">\r\n\t\t<div class=\"pt-cv-content\"><p>V minul\u00fdch sezon\u00e1ch jsme tu m\u011bli same\u010dky kte\u0159\u00ed byli natolik emancipovan\u00ed, \u017ee po\u0161tol\u010data sami krmili. Vynikal mezi nimi same\u010dek z&nbsp;roku <a href=\"#param=id_96\">2014<\/a>, kter\u00fd nejen\u017ee krmil spole\u010dn\u011b se sami\u010dkou, ale krmil i&nbsp;sami\u010dku, kdy\u017e se l\u00edhla ml\u00e1\u010fata a\u00a0pak i\u00a0po\u0161tol\u010data p\u0159\u00edmo pod n\u00ed:<\/p>\n<p><a href=\"https:\/\/i0.wp.com\/tinnunculus.sy-sy.cz\/wp-content\/uploads\/2016\/05\/20140517_15-29-30-e1705949819344.jpg?ssl=1\" target=\"_blank\" rel=\"noopener\"><img data-recalc-dims=\"1\" loading=\"lazy\" decoding=\"async\" data-attachment-id=\"30805\" data-permalink=\"https:\/\/tinnunculus.sy-sy.cz\/index.php\/2016\/05\/29\/krmi-ci-nekrmi\/20140517_15-29-30\/\" data-orig-file=\"https:\/\/i0.wp.com\/tinnunculus.sy-sy.cz\/wp-content\/uploads\/2016\/05\/20140517_15-29-30-e1705949819344.jpg?fit=1038%2C584&amp;ssl=1\" data-orig-size=\"1038,584\" data-comments-opened=\"1\" data-image-meta=\"{&quot;aperture&quot;:&quot;0&quot;,&quot;credit&quot;:&quot;&quot;,&quot;camera&quot;:&quot;&quot;,&quot;caption&quot;:&quot;&quot;,&quot;created_timestamp&quot;:&quot;0&quot;,&quot;copyright&quot;:&quot;&quot;,&quot;focal_length&quot;:&quot;0&quot;,&quot;iso&quot;:&quot;0&quot;,&quot;shutter_speed&quot;:&quot;0&quot;,&quot;title&quot;:&quot;&quot;,&quot;orientation&quot;:&quot;0&quot;}\" data-image-title=\"20140517_15-29-30\" data-image-description=\"\" data-image-caption=\"\" data-medium-file=\"https:\/\/i0.wp.com\/tinnunculus.sy-sy.cz\/wp-content\/uploads\/2016\/05\/20140517_15-29-30-e1705949819344.jpg?fit=300%2C169&amp;ssl=1\" data-large-file=\"https:\/\/i0.wp.com\/tinnunculus.sy-sy.cz\/wp-content\/uploads\/2016\/05\/20140517_15-29-30-e1705949819344.jpg?fit=525%2C295&amp;ssl=1\" class=\"aligncenter wp-image-30805 size-large\" src=\"https:\/\/i0.wp.com\/tinnunculus.sy-sy.cz\/wp-content\/uploads\/2016\/05\/20140517_15-29-30.jpg?resize=525%2C295&#038;ssl=1\" alt=\"\" width=\"525\" height=\"295\" \/><\/a> <a href=\"https:\/\/tinnunculus.sy-sy.cz\/index.php\/2016\/05\/29\/krmi-ci-nekrmi\/#more-336\" class=\"more-link\"><span aria-label=\"Pokra\u010dov\u00e1n\u00ed textu Krm\u00ed \u010di&nbsp;nekrm\u00ed?\">(Pokra\u010dov\u00e1n\u00ed textu&hellip;)<\/span><\/a><\/p>\n<\/div>\t<\/div>\r\n<\/div><\/div><\/div><\/div><\/div>\n<div class=\" pt-cv-pagination-wrapper\"><ul class=\"pt-cv-pagination pt-cv-normal pagination\" data-totalpages=\"2\" data-currentpage=\"1\" data-sid=\"7ebf67eyzm\" data-unid=\"\" data-isblock=\"\" data-postid=\"\"><li class=\"active\"><a href=\"#\">1<\/a><\/li>\n\t<li ><a class=\"\" href=\"https:\/\/tinnunculus.sy-sy.cz\/index.php\/wp-json\/wp\/v2\/pages\/20956\/?_page=2\">2<\/a><\/li>\n\t<li ><a class=\" \" href=\"https:\/\/tinnunculus.sy-sy.cz\/index.php\/wp-json\/wp\/v2\/pages\/20956\/?_page=2\">&rsaquo;<\/a><\/li>\n\t<\/ul><img loading=\"lazy\" decoding=\"async\" width=\"15\" height=\"15\" class=\"pt-cv-spinner\" alt=\"Loading...\" src=\"data:image\/gif;base64,R0lGODlhDwAPALMPAMrKygwMDJOTkz09PZWVla+vr3p6euTk5M7OzuXl5TMzMwAAAJmZmWZmZszMzP\/\/\/yH\/C05FVFNDQVBFMi4wAwEAAAAh+QQFCgAPACwAAAAADwAPAAAEQvDJaZaZOIcV8iQK8VRX4iTYoAwZ4iCYoAjZ4RxejhVNoT+mRGP4cyF4Pp0N98sBGIBMEMOotl6YZ3S61Bmbkm4mAgAh+QQFCgAPACwAAAAADQANAAAENPDJSRSZeA418itN8QiK8BiLITVsFiyBBIoYqnoewAD4xPw9iY4XLGYSjkQR4UAUD45DLwIAIfkEBQoADwAsAAAAAA8ACQAABC\/wyVlamTi3nSdgwFNdhEJgTJoNyoB9ISYoQmdjiZPcj7EYCAeCF1gEDo4Dz2eIAAAh+QQFCgAPACwCAAAADQANAAAEM\/DJBxiYeLKdX3IJZT1FU0iIg2RNKx3OkZVnZ98ToRD4MyiDnkAh6BkNC0MvsAj0kMpHBAAh+QQFCgAPACwGAAAACQAPAAAEMDC59KpFDll73HkAA2wVY5KgiK5b0RRoI6MuzG6EQqCDMlSGheEhUAgqgUUAFRySIgAh+QQFCgAPACwCAAIADQANAAAEM\/DJKZNLND\/kkKaHc3xk+QAMYDKsiaqmZCxGVjSFFCxB1vwy2oOgIDxuucxAMTAJFAJNBAAh+QQFCgAPACwAAAYADwAJAAAEMNAs86q1yaWwwv2Ig0jUZx3OYa4XoRAfwADXoAwfo1+CIjyFRuEho60aSNYlOPxEAAAh+QQFCgAPACwAAAIADQANAAAENPA9s4y8+IUVcqaWJ4qEQozSoAzoIyhCK2NFU2SJk0hNnyEOhKR2AzAAj4Pj4GE4W0bkJQIAOw==\" \/><div class=\"clear pt-cv-clear-pagination\"><\/div><\/div><\/div>\n<p>&nbsp;<\/p>\n<ul>\n<li><a href=\"https:\/\/tinnunculus.sy-sy.cz\/index.php\/deniky\/2014-2\/\">Den\u00edk 2014<\/a><\/li>\n<\/ul>\n","protected":false},"excerpt":{"rendered":"<p>&nbsp; Den\u00edk 2014<\/p>\n","protected":false},"author":2,"featured_media":0,"parent":846,"menu_order":0,"comment_status":"closed","ping_status":"closed","template":"","meta":{"jetpack_post_was_ever_published":false,"footnotes":""},"categories":[],"tags":[],"class_list":["post-20956","page","type-page","status-publish","hentry"],"jetpack_shortlink":"https:\/\/wp.me\/P91gKE-5s0","jetpack-related-posts":[{"id":20898,"url":"https:\/\/tinnunculus.sy-sy.cz\/index.php\/deniky\/2007-2\/sezona-2007\/","url_meta":{"origin":20956,"position":0},"title":"Sez\u00f3na 2007","author":"Zuzana Syrov\u00e1 An\u00fd\u017eov\u00e1","date":"18\/03\/2023","format":false,"excerpt":"\u00a0 Den\u00edk 2007","rel":"","context":"V \u201eden\u00edk\u201c","block_context":{"text":"den\u00edk","link":"https:\/\/tinnunculus.sy-sy.cz\/index.php\/tag\/denik\/"},"img":{"alt_text":"","src":"","width":0,"height":0},"classes":[]},{"id":20909,"url":"https:\/\/tinnunculus.sy-sy.cz\/index.php\/deniky\/2022-2\/sezona-2022\/","url_meta":{"origin":20956,"position":1},"title":"Sez\u00f3na 2022","author":"Zuzana Syrov\u00e1 An\u00fd\u017eov\u00e1","date":"18\/03\/2023","format":false,"excerpt":"\u00a0 Den\u00edk 2022","rel":"","context":"Podobn\u00fd p\u0159\u00edsp\u011bvek","block_context":{"text":"Podobn\u00fd p\u0159\u00edsp\u011bvek","link":""},"img":{"alt_text":"","src":"","width":0,"height":0},"classes":[]},{"id":20929,"url":"https:\/\/tinnunculus.sy-sy.cz\/index.php\/deniky\/2021-2\/sezona-2021\/","url_meta":{"origin":20956,"position":2},"title":"Sez\u00f3na 2021","author":"Zuzana Syrov\u00e1 An\u00fd\u017eov\u00e1","date":"18\/03\/2023","format":false,"excerpt":"\u00a0 Den\u00edk 2021","rel":"","context":"Podobn\u00fd p\u0159\u00edsp\u011bvek","block_context":{"text":"Podobn\u00fd p\u0159\u00edsp\u011bvek","link":""},"img":{"alt_text":"","src":"","width":0,"height":0},"classes":[]},{"id":20932,"url":"https:\/\/tinnunculus.sy-sy.cz\/index.php\/deniky\/2020-2\/sezona-2020\/","url_meta":{"origin":20956,"position":3},"title":"Sez\u00f3na 2020","author":"Zuzana Syrov\u00e1 An\u00fd\u017eov\u00e1","date":"18\/03\/2023","format":false,"excerpt":"\u00a0 Den\u00edk 2020","rel":"","context":"Podobn\u00fd p\u0159\u00edsp\u011bvek","block_context":{"text":"Podobn\u00fd p\u0159\u00edsp\u011bvek","link":""},"img":{"alt_text":"","src":"","width":0,"height":0},"classes":[]},{"id":20936,"url":"https:\/\/tinnunculus.sy-sy.cz\/index.php\/deniky\/2019-2\/sezona-2019\/","url_meta":{"origin":20956,"position":4},"title":"Sez\u00f3na 2019","author":"Zuzana Syrov\u00e1 An\u00fd\u017eov\u00e1","date":"18\/03\/2023","format":false,"excerpt":"\u00a0 Den\u00edk 2019","rel":"","context":"Podobn\u00fd p\u0159\u00edsp\u011bvek","block_context":{"text":"Podobn\u00fd p\u0159\u00edsp\u011bvek","link":""},"img":{"alt_text":"","src":"","width":0,"height":0},"classes":[]},{"id":20940,"url":"https:\/\/tinnunculus.sy-sy.cz\/index.php\/deniky\/2018-2\/sezona-2018\/","url_meta":{"origin":20956,"position":5},"title":"Sez\u00f3na 2018","author":"Zuzana Syrov\u00e1 An\u00fd\u017eov\u00e1","date":"18\/03\/2023","format":false,"excerpt":"\u00a0 Den\u00edk 2018","rel":"","context":"Podobn\u00fd p\u0159\u00edsp\u011bvek","block_context":{"text":"Podobn\u00fd p\u0159\u00edsp\u011bvek","link":""},"img":{"alt_text":"","src":"","width":0,"height":0},"classes":[]}],"jetpack_sharing_enabled":true,"_links":{"self":[{"href":"https:\/\/tinnunculus.sy-sy.cz\/index.php\/wp-json\/wp\/v2\/pages\/20956","targetHints":{"allow":["GET"]}}],"collection":[{"href":"https:\/\/tinnunculus.sy-sy.cz\/index.php\/wp-json\/wp\/v2\/pages"}],"about":[{"href":"https:\/\/tinnunculus.sy-sy.cz\/index.php\/wp-json\/wp\/v2\/types\/page"}],"author":[{"embeddable":true,"href":"https:\/\/tinnunculus.sy-sy.cz\/index.php\/wp-json\/wp\/v2\/users\/2"}],"replies":[{"embeddable":true,"href":"https:\/\/tinnunculus.sy-sy.cz\/index.php\/wp-json\/wp\/v2\/comments?post=20956"}],"version-history":[{"count":1,"href":"https:\/\/tinnunculus.sy-sy.cz\/index.php\/wp-json\/wp\/v2\/pages\/20956\/revisions"}],"predecessor-version":[{"id":45363,"href":"https:\/\/tinnunculus.sy-sy.cz\/index.php\/wp-json\/wp\/v2\/pages\/20956\/revisions\/45363"}],"up":[{"embeddable":true,"href":"https:\/\/tinnunculus.sy-sy.cz\/index.php\/wp-json\/wp\/v2\/pages\/846"}],"wp:attachment":[{"href":"https:\/\/tinnunculus.sy-sy.cz\/index.php\/wp-json\/wp\/v2\/media?parent=20956"}],"wp:term":[{"taxonomy":"category","embeddable":true,"href":"https:\/\/tinnunculus.sy-sy.cz\/index.php\/wp-json\/wp\/v2\/categories?post=20956"},{"taxonomy":"post_tag","embeddable":true,"href":"https:\/\/tinnunculus.sy-sy.cz\/index.php\/wp-json\/wp\/v2\/tags?post=20956"}],"curies":[{"name":"wp","href":"https:\/\/api.w.org\/{rel}","templated":true}]}}