{"id":20953,"date":"2023-03-18T20:56:46","date_gmt":"2023-03-18T19:56:46","guid":{"rendered":"https:\/\/tinnunculus.sy-sy.cz\/?page_id=20953"},"modified":"2025-12-14T23:45:28","modified_gmt":"2025-12-14T22:45:28","slug":"sezona-2015","status":"publish","type":"page","link":"https:\/\/tinnunculus.sy-sy.cz\/index.php\/deniky\/2015-2\/sezona-2015\/","title":{"rendered":"Sez\u00f3na 2015"},"content":{"rendered":"<div class=\"pt-cv-wrapper\"><div class=\"pt-cv-view pt-cv-collapsible\" id=\"pt-cv-view-b10c0b3bfn\"><div data-id=\"pt-cv-page-1\" class=\"pt-cv-page\" data-cvc=\"1\"><div class=\"panel-group\" id=\"af1fc1eelq\"><div class=\"panel panel-default pt-cv-content-item pt-cv-1-col\" >\r\n<div class=\"panel-heading pt-cv-title\">\r\n    <a class=\"panel-title\" data-toggle=\"cvcollapse\" data-parent=\"#af1fc1eelq\" data-target=\"#e1c47deuit\" href='https:\/\/tinnunculus.sy-sy.cz\/index.php\/2015\/01\/04\/co-nam-prinese\/' onclick='event.preventDefault()'>\r\n\t\tCo n\u00e1m p\u0159inese\t<\/a>\r\n\t<\/div>\r\n<div id=\"e1c47deuit\" class=\"panel-collapse collapse in\">\r\n\t<div class=\"panel-body\">\r\n\t\t<div class=\"pt-cv-content\"><p>Dnes r\u00e1no se po&nbsp;23 dnech op\u011bt objevila v&nbsp;lod\u017eii po\u0161tolka. P\u0159ilet\u011bv\u0161\u00ed same\u010dek se nejprve usadil na plastov\u00e9m bid\u00fdlku, z&nbsp;n\u011bho\u017e se p\u0159esunul na l\u00e9pe oslun\u011bn\u00e9 d\u0159ev\u011bn\u00e9 bid\u00fdlko u&nbsp;dve\u0159\u00ed. Pobyl s&nbsp;n\u00e1mi necelou hodinu. Holub\u016f si na rozd\u00edl od n\u00e1s, kte\u0159\u00ed se je ne\u00fasp\u011b\u0161n\u011b sna\u017e\u00edme zah\u00e1n\u011bt, povznesen\u011b\u00a0 nev\u0161\u00edmal. Bylo to pod jeho d\u016fstojnost a&nbsp;oni to z\u0159ejm\u011b dob\u0159e v\u011bd\u011bli a&nbsp;d\u011blali, \u017ee tam vlastn\u011b ani nejsou&#8230;<\/p>\n<p>U t\u00e9 p\u0159\u00edle\u017eitosti jsme zalo\u017eili novou slo\u017eku foto a&nbsp;video archivu pro tento rok. Uvid\u00edme, co n\u00e1m v\u0161echno p\u0159inese&#8230; <a href=\"https:\/\/tinnunculus.sy-sy.cz\/index.php\/2015\/01\/04\/co-nam-prinese\/#more-178\" class=\"more-link\"><span aria-label=\"Pokra\u010dov\u00e1n\u00ed textu Co n\u00e1m p\u0159inese\">(Pokra\u010dov\u00e1n\u00ed textu&hellip;)<\/span><\/a><\/p>\n<\/div>\t<\/div>\r\n<\/div><\/div>\n<div class=\"panel panel-default pt-cv-content-item pt-cv-1-col\" >\r\n<div class=\"panel-heading pt-cv-title\">\r\n    <a class=\"panel-title\" data-toggle=\"cvcollapse\" data-parent=\"#af1fc1eelq\" data-target=\"#c689647739\" href='https:\/\/tinnunculus.sy-sy.cz\/index.php\/2015\/02\/26\/predzvest-jara\/' onclick='event.preventDefault()'>\r\n\t\tP\u0159edzv\u011bst jara\t<\/a>\r\n\t<\/div>\r\n<div id=\"c689647739\" class=\"panel-collapse collapse \">\r\n\t<div class=\"panel-body\">\r\n\t\t<div class=\"pt-cv-content\"><p>Tak od 13.&nbsp;\u00fanora u\u017e jsou tady. On a&nbsp;ona. Objev\u00ed se n\u011bkolikr\u00e1t za den s&nbsp;v\u00fdjimkou t\u011bch dn\u016f, kdy by po\u0161tolku nevyhnal, jako bylo toto pond\u011bl\u00ed, kdy se mlha dala kr\u00e1jet. Na noc n\u011bkam miz\u00ed a&nbsp;p\u0159es den se zat\u00edm moc nezaj\u00edmaj\u00ed ani o&nbsp;hn\u00edzdo. Ale dnes r\u00e1no u\u017e piln\u011b utu\u017eovali sv\u016fj svazek na z\u00e1bradl\u00ed.<\/p>\n<div style=\"width: 525px;\" class=\"wp-video\"><video class=\"wp-video-shortcode\" id=\"video-180-1\" width=\"525\" height=\"295\" preload=\"metadata\" controls=\"controls\"><source type=\"video\/mp4\" src=\"https:\/\/tinnunculus.sy-sy.cz\/wp-content\/uploads\/2015\/02\/20150226-080118-1424934078.mp4?_=1\" \/><a href=\"https:\/\/tinnunculus.sy-sy.cz\/wp-content\/uploads\/2015\/02\/20150226-080118-1424934078.mp4\">https:\/\/tinnunculus.sy-sy.cz\/wp-content\/uploads\/2015\/02\/20150226-080118-1424934078.mp4<\/a><\/video><\/div>\n<p style=\"text-align: center;\"><em>P\u00e1\u0159en\u00ed na z\u00e1bradl\u00ed (2015\/02\/26). <\/em><\/p>\n<p>Aktu\u00e1ln\u00ed d\u011bn\u00ed zaznamen\u00e1vaj\u00ed st\u00e1le je\u0161t\u011b pouze dv\u011b zimn\u00ed kamery a&nbsp;je mo\u017eno je sledovat\u00a0 <a href=\"https:\/\/tinnunculus.sy-sy.cz\/index.php\/axis-live-view\/\">zde<\/a>.<\/p>\n<p>Od 28.&nbsp;2.&nbsp;2015 jsou spu\u0161t\u011bny dal\u0161\u00ed t\u0159i kamery. Na obvykl\u00fdch m\u00edstech je tedy mo\u017eno op\u011bt sledovat aktuality z&nbsp;d\u011bn\u00ed <em><a title=\"Co se d\u011bje na hn\u00edzd\u011b\" href=\"https:\/\/tinnunculus.sy-sy.cz\/index.php\/v-primem-prenosu\/\">na hn\u00edzd\u011b<\/a><\/em> a&nbsp;<em><a title=\"Co se d\u011bje v lod\u017eii\" href=\"https:\/\/tinnunculus.sy-sy.cz\/index.php\/v-primem-prenosu\/\">v lod\u017eii<\/a><\/em>.<\/p>\n<\/div>\t<\/div>\r\n<\/div><\/div>\n<div class=\"panel panel-default pt-cv-content-item pt-cv-1-col\" >\r\n<div class=\"panel-heading pt-cv-title\">\r\n    <a class=\"panel-title\" data-toggle=\"cvcollapse\" data-parent=\"#af1fc1eelq\" data-target=\"#501bc001mk\" href='https:\/\/tinnunculus.sy-sy.cz\/index.php\/2015\/02\/27\/predjarni-prace\/' onclick='event.preventDefault()'>\r\n\t\t(P\u0159ed)jarn\u00ed pr\u00e1ce\t<\/a>\r\n\t<\/div>\r\n<div id=\"501bc001mk\" class=\"panel-collapse collapse \">\r\n\t<div class=\"panel-body\">\r\n\t\t<div class=\"pt-cv-content\"><div class=\"article-main-content\">\n<p class=\"article-content\">Nejen po\u0161tolky se p\u0159ipravuj\u00ed na novou hn\u00edzdn\u00ed sez\u00f3nu. My lid\u00e9 jsme provedli p\u0159edjarn\u00ed \u00faklid lod\u017eie po&nbsp;zim\u011b. Hn\u00edzdn\u00ed kout byl opat\u0159en \u010distou podest\u00fdlkou a&nbsp;jak je vidno na ilustraci, tato \u010dinnost neunikla ostr\u00e9mu po\u0161tol\u010d\u00edmu zraku.<\/p>\n<p><a href=\"https:\/\/i0.wp.com\/tinnunculus.sy-sy.cz\/wp-content\/uploads\/2015\/02\/20150227-1456333021-e1707058707656.jpg?ssl=1\" target=\"_blank\" rel=\"noopener\"><img data-recalc-dims=\"1\" loading=\"lazy\" decoding=\"async\" data-attachment-id=\"31621\" data-permalink=\"https:\/\/tinnunculus.sy-sy.cz\/index.php\/2015\/02\/27\/predjarni-prace\/20150227-1456333021\/\" data-orig-file=\"https:\/\/i0.wp.com\/tinnunculus.sy-sy.cz\/wp-content\/uploads\/2015\/02\/20150227-1456333021-e1707058707656.jpg?fit=1038%2C649&amp;ssl=1\" data-orig-size=\"1038,649\" data-comments-opened=\"1\" data-image-meta=\"{&quot;aperture&quot;:&quot;0&quot;,&quot;credit&quot;:&quot;&quot;,&quot;camera&quot;:&quot;&quot;,&quot;caption&quot;:&quot;&quot;,&quot;created_timestamp&quot;:&quot;0&quot;,&quot;copyright&quot;:&quot;&quot;,&quot;focal_length&quot;:&quot;0&quot;,&quot;iso&quot;:&quot;0&quot;,&quot;shutter_speed&quot;:&quot;0&quot;,&quot;title&quot;:&quot;&quot;,&quot;orientation&quot;:&quot;0&quot;}\" data-image-title=\"20150227-1456333021\" data-image-description=\"\" data-image-caption=\"\" data-large-file=\"https:\/\/i0.wp.com\/tinnunculus.sy-sy.cz\/wp-content\/uploads\/2015\/02\/20150227-1456333021-e1707058707656.jpg?fit=525%2C328&amp;ssl=1\" class=\"aligncenter wp-image-31621 size-large\" src=\"https:\/\/i0.wp.com\/tinnunculus.sy-sy.cz\/wp-content\/uploads\/2015\/02\/20150227-1456333021.jpg?resize=525%2C328&#038;ssl=1\" alt=\"\" width=\"525\" height=\"328\" \/><\/a><\/p>\n<div><\/div>\n<p class=\"article-content\">\u00a0<em>Same\u010dek kontroluje, zde \u00faprava hn\u00edzdn\u00edho kouta prob\u00edh\u00e1 podle jeho p\u0159edstav (2015\/02\/27).<\/em> <a href=\"https:\/\/tinnunculus.sy-sy.cz\/index.php\/2015\/02\/27\/predjarni-prace\/#more-181\" class=\"more-link\"><span aria-label=\"Pokra\u010dov\u00e1n\u00ed textu (P\u0159ed)jarn\u00ed pr\u00e1ce\">(Pokra\u010dov\u00e1n\u00ed textu&hellip;)<\/span><\/a><\/p>\n<\/div>\n<\/div>\t<\/div>\r\n<\/div><\/div>\n<div class=\"panel panel-default pt-cv-content-item pt-cv-1-col\" >\r\n<div class=\"panel-heading pt-cv-title\">\r\n    <a class=\"panel-title\" data-toggle=\"cvcollapse\" data-parent=\"#af1fc1eelq\" data-target=\"#9361d08ipa\" href='https:\/\/tinnunculus.sy-sy.cz\/index.php\/2015\/03\/12\/nova-sezona-novy-samecek\/' onclick='event.preventDefault()'>\r\n\t\tNov\u00e1 sez\u00f3na, nov\u00fd same\u010dek\t<\/a>\r\n\t<\/div>\r\n<div id=\"9361d08ipa\" class=\"panel-collapse collapse \">\r\n\t<div class=\"panel-body\">\r\n\t\t<div class=\"pt-cv-content\"><div class=\"article-main-content\">\n<p class=\"article-content\">Tak od ned\u011ble 8.&nbsp;b\u0159ezna m\u00e1me nov\u00e9ho same\u010dka.<\/p>\n<p><span style=\"font-size: 1rem;\">Ten prvn\u00ed se v&nbsp;tichosti vytratil v&nbsp;podve\u010der 5.&nbsp;b\u0159ezna. Byl p\u011bkn\u011b urostl\u00fd a&nbsp;\u0159\u00e1dn\u011b vybarven\u00fd, jak spr\u00e1vn\u00fd po\u0161tol\u010d\u00ed same\u010dek b\u00fdti m\u00e1. Se sami\u010dkou tvo\u0159ili harmonick\u00fd p\u00e1r a&nbsp;mo\u017en\u00e1, \u017ee jen zmizel na krat\u0161\u00ed dovolenou, ze kter\u00e9 se je\u0161t\u011b m\u00edn\u00ed vr\u00e1tit.<\/span><\/p>\n<p><a href=\"https:\/\/i0.wp.com\/tinnunculus.sy-sy.cz\/wp-content\/uploads\/2015\/03\/20150304_15-47-25-e1707056735855.jpg?ssl=1\" target=\"_blank\" rel=\"noopener\"><img data-recalc-dims=\"1\" loading=\"lazy\" decoding=\"async\" data-attachment-id=\"31616\" data-permalink=\"https:\/\/tinnunculus.sy-sy.cz\/index.php\/2015\/03\/12\/nova-sezona-novy-samecek\/20150304_15-47-25\/\" data-orig-file=\"https:\/\/i0.wp.com\/tinnunculus.sy-sy.cz\/wp-content\/uploads\/2015\/03\/20150304_15-47-25-e1707056735855.jpg?fit=1038%2C584&amp;ssl=1\" data-orig-size=\"1038,584\" data-comments-opened=\"1\" data-image-meta=\"{&quot;aperture&quot;:&quot;0&quot;,&quot;credit&quot;:&quot;&quot;,&quot;camera&quot;:&quot;&quot;,&quot;caption&quot;:&quot;&quot;,&quot;created_timestamp&quot;:&quot;0&quot;,&quot;copyright&quot;:&quot;&quot;,&quot;focal_length&quot;:&quot;0&quot;,&quot;iso&quot;:&quot;0&quot;,&quot;shutter_speed&quot;:&quot;0&quot;,&quot;title&quot;:&quot;&quot;,&quot;orientation&quot;:&quot;0&quot;}\" data-image-title=\"20150304_15-47-25\" data-image-description=\"\" data-image-caption=\"\" data-large-file=\"https:\/\/i0.wp.com\/tinnunculus.sy-sy.cz\/wp-content\/uploads\/2015\/03\/20150304_15-47-25-e1707056735855.jpg?fit=525%2C295&amp;ssl=1\" class=\"aligncenter wp-image-31616 size-large\" src=\"https:\/\/i0.wp.com\/tinnunculus.sy-sy.cz\/wp-content\/uploads\/2015\/03\/20150304_15-47-25.jpg?resize=525%2C295&#038;ssl=1\" alt=\"\" width=\"525\" height=\"295\" \/><\/a><\/p>\n<p style=\"text-align: center;\" align=\"center\"><em>Star\u00fd same\u010dek p\u0159ed hn\u00edzdem; v&nbsp;pozad\u00ed sami\u010dka (4.3.2015)<\/em><\/p>\n<p> <a href=\"https:\/\/tinnunculus.sy-sy.cz\/index.php\/2015\/03\/12\/nova-sezona-novy-samecek\/#more-182\" class=\"more-link\"><span aria-label=\"Pokra\u010dov\u00e1n\u00ed textu Nov\u00e1 sez\u00f3na, nov\u00fd same\u010dek\">(Pokra\u010dov\u00e1n\u00ed textu&hellip;)<\/span><\/a><\/p><\/div>\n<\/div>\t<\/div>\r\n<\/div><\/div>\n<div class=\"panel panel-default pt-cv-content-item pt-cv-1-col\" >\r\n<div class=\"panel-heading pt-cv-title\">\r\n    <a class=\"panel-title\" data-toggle=\"cvcollapse\" data-parent=\"#af1fc1eelq\" data-target=\"#5dd999bgin\" href='https:\/\/tinnunculus.sy-sy.cz\/index.php\/2015\/03\/21\/samecek-se-vraci\/' onclick='event.preventDefault()'>\r\n\t\tSame\u010dek se vrac\u00ed?\t<\/a>\r\n\t<\/div>\r\n<div id=\"5dd999bgin\" class=\"panel-collapse collapse \">\r\n\t<div class=\"panel-body\">\r\n\t\t<div class=\"pt-cv-content\"><p>Mo\u017en\u00e1 to byl <a href=\"https:\/\/tinnunculus.sy-sy.cz\/index.php\/2015\/03\/12\/nova-sezona-novy-samecek\/\">p\u0159ede\u0161l\u00fd same\u010dek<\/a>, kter\u00fd se cht\u011bl vr\u00e1tit, mo\u017en\u00e1 nebyl. Ka\u017edop\u00e1dn\u011b ihned pot\u00e9, co se objevil pod z\u00e1bradl\u00edm, se spustila pranice. Oproti rva\u010dk\u00e1m v&nbsp;p\u0159edchoz\u00edch letech bylo jasn\u00e9, kdo je kdo. Tak\u017ee m\u016f\u017eeme konstatovat, \u017ee nejprve m\u011bl vet\u0159elec p\u0159evahu nad dom\u00e1c\u00edm mlad\u00fdm same\u010dkem. Jakmile se v\u0161ak do souboje zapojila i&nbsp;dom\u00e1c\u00ed sami\u010dka, byl spole\u010dn\u00fdmi silami dom\u00e1c\u00edch pora\u017een na lopatky a&nbsp;vytla\u010den pod z\u00e1bradl\u00edm. Obr\u00e1nci lod\u017eie tedy zv\u00edt\u011bzili. Prozat\u00edm&#8230;<\/p>\n<p><a href=\"https:\/\/i0.wp.com\/tinnunculus.sy-sy.cz\/wp-content\/uploads\/2015\/03\/20150321-0746174005-e1707043906371.jpg?ssl=1\" target=\"_blank\" rel=\"noopener\"><img data-recalc-dims=\"1\" loading=\"lazy\" decoding=\"async\" data-attachment-id=\"31593\" data-permalink=\"https:\/\/tinnunculus.sy-sy.cz\/index.php\/2015\/03\/21\/samecek-se-vraci\/20150321-0746174005\/\" data-orig-file=\"https:\/\/i0.wp.com\/tinnunculus.sy-sy.cz\/wp-content\/uploads\/2015\/03\/20150321-0746174005-e1707043906371.jpg?fit=1038%2C830&amp;ssl=1\" data-orig-size=\"1038,830\" data-comments-opened=\"1\" data-image-meta=\"{&quot;aperture&quot;:&quot;0&quot;,&quot;credit&quot;:&quot;&quot;,&quot;camera&quot;:&quot;&quot;,&quot;caption&quot;:&quot;&quot;,&quot;created_timestamp&quot;:&quot;0&quot;,&quot;copyright&quot;:&quot;&quot;,&quot;focal_length&quot;:&quot;0&quot;,&quot;iso&quot;:&quot;0&quot;,&quot;shutter_speed&quot;:&quot;0&quot;,&quot;title&quot;:&quot;&quot;,&quot;orientation&quot;:&quot;0&quot;}\" data-image-title=\"20150321-0746174005\" data-image-description=\"\" data-image-caption=\"\" data-large-file=\"https:\/\/i0.wp.com\/tinnunculus.sy-sy.cz\/wp-content\/uploads\/2015\/03\/20150321-0746174005-e1707043906371.jpg?fit=525%2C420&amp;ssl=1\" class=\"aligncenter wp-image-31593 size-large\" src=\"https:\/\/i0.wp.com\/tinnunculus.sy-sy.cz\/wp-content\/uploads\/2015\/03\/20150321-0746174005.jpg?resize=525%2C420&#038;ssl=1\" alt=\"\" width=\"525\" height=\"420\" \/><\/a><\/p>\n<p style=\"text-align: center;\">\u00a0<em>Star\u0161\u00ed vet\u0159elec v&nbsp;souboji nejprve por\u00e1\u017e\u00ed na lopatky mlad\u00e9ho dom\u00e1c\u00edho same\u010dka (2015-03-21).<\/em> <a href=\"https:\/\/tinnunculus.sy-sy.cz\/index.php\/2015\/03\/21\/samecek-se-vraci\/#more-184\" class=\"more-link\"><span aria-label=\"Pokra\u010dov\u00e1n\u00ed textu Same\u010dek se vrac\u00ed?\">(Pokra\u010dov\u00e1n\u00ed textu&hellip;)<\/span><\/a><\/p>\n<\/div>\t<\/div>\r\n<\/div><\/div><\/div><\/div><\/div>\n<div class=\" pt-cv-pagination-wrapper\"><ul class=\"pt-cv-pagination pt-cv-normal pagination\" data-totalpages=\"5\" data-currentpage=\"1\" data-sid=\"b10c0b3bfn\" data-unid=\"\" data-isblock=\"\" data-postid=\"\"><li class=\"active\"><a href=\"#\">1<\/a><\/li>\n\t<li ><a class=\"\" href=\"https:\/\/tinnunculus.sy-sy.cz\/index.php\/wp-json\/wp\/v2\/pages\/20953\/?_page=2\">2<\/a><\/li>\n\t<li ><a class=\"\" href=\"https:\/\/tinnunculus.sy-sy.cz\/index.php\/wp-json\/wp\/v2\/pages\/20953\/?_page=3\">3<\/a><\/li>\n\t<li ><a href=\"#\">&hellip;<\/a><\/li>\n\t<li ><a class=\"\" href=\"https:\/\/tinnunculus.sy-sy.cz\/index.php\/wp-json\/wp\/v2\/pages\/20953\/?_page=5\">5<\/a><\/li>\n\t<li ><a class=\" \" href=\"https:\/\/tinnunculus.sy-sy.cz\/index.php\/wp-json\/wp\/v2\/pages\/20953\/?_page=2\">&rsaquo;<\/a><\/li>\n\t<\/ul><img loading=\"lazy\" decoding=\"async\" width=\"15\" height=\"15\" class=\"pt-cv-spinner\" alt=\"Loading...\" src=\"data:image\/gif;base64,R0lGODlhDwAPALMPAMrKygwMDJOTkz09PZWVla+vr3p6euTk5M7OzuXl5TMzMwAAAJmZmWZmZszMzP\/\/\/yH\/C05FVFNDQVBFMi4wAwEAAAAh+QQFCgAPACwAAAAADwAPAAAEQvDJaZaZOIcV8iQK8VRX4iTYoAwZ4iCYoAjZ4RxejhVNoT+mRGP4cyF4Pp0N98sBGIBMEMOotl6YZ3S61Bmbkm4mAgAh+QQFCgAPACwAAAAADQANAAAENPDJSRSZeA418itN8QiK8BiLITVsFiyBBIoYqnoewAD4xPw9iY4XLGYSjkQR4UAUD45DLwIAIfkEBQoADwAsAAAAAA8ACQAABC\/wyVlamTi3nSdgwFNdhEJgTJoNyoB9ISYoQmdjiZPcj7EYCAeCF1gEDo4Dz2eIAAAh+QQFCgAPACwCAAAADQANAAAEM\/DJBxiYeLKdX3IJZT1FU0iIg2RNKx3OkZVnZ98ToRD4MyiDnkAh6BkNC0MvsAj0kMpHBAAh+QQFCgAPACwGAAAACQAPAAAEMDC59KpFDll73HkAA2wVY5KgiK5b0RRoI6MuzG6EQqCDMlSGheEhUAgqgUUAFRySIgAh+QQFCgAPACwCAAIADQANAAAEM\/DJKZNLND\/kkKaHc3xk+QAMYDKsiaqmZCxGVjSFFCxB1vwy2oOgIDxuucxAMTAJFAJNBAAh+QQFCgAPACwAAAYADwAJAAAEMNAs86q1yaWwwv2Ig0jUZx3OYa4XoRAfwADXoAwfo1+CIjyFRuEho60aSNYlOPxEAAAh+QQFCgAPACwAAAIADQANAAAENPA9s4y8+IUVcqaWJ4qEQozSoAzoIyhCK2NFU2SJk0hNnyEOhKR2AzAAj4Pj4GE4W0bkJQIAOw==\" \/><div class=\"clear pt-cv-clear-pagination\"><\/div><\/div><\/div>\n<p>&nbsp;<\/p>\n<ul>\n<li><a href=\"https:\/\/tinnunculus.sy-sy.cz\/index.php\/deniky\/2015-2\/\">Den\u00edk 2015<\/a><\/li>\n<\/ul>\n","protected":false},"excerpt":{"rendered":"<p>&nbsp; Den\u00edk 2015<\/p>\n","protected":false},"author":2,"featured_media":0,"parent":850,"menu_order":0,"comment_status":"closed","ping_status":"closed","template":"","meta":{"jetpack_post_was_ever_published":false,"footnotes":""},"categories":[],"tags":[],"class_list":["post-20953","page","type-page","status-publish","hentry"],"jetpack_shortlink":"https:\/\/wp.me\/P91gKE-5rX","jetpack-related-posts":[{"id":20898,"url":"https:\/\/tinnunculus.sy-sy.cz\/index.php\/deniky\/2007-2\/sezona-2007\/","url_meta":{"origin":20953,"position":0},"title":"Sez\u00f3na 2007","author":"Zuzana Syrov\u00e1 An\u00fd\u017eov\u00e1","date":"18\/03\/2023","format":false,"excerpt":"\u00a0 Den\u00edk 2007","rel":"","context":"V \u201eden\u00edk\u201c","block_context":{"text":"den\u00edk","link":"https:\/\/tinnunculus.sy-sy.cz\/index.php\/tag\/denik\/"},"img":{"alt_text":"","src":"","width":0,"height":0},"classes":[]},{"id":20909,"url":"https:\/\/tinnunculus.sy-sy.cz\/index.php\/deniky\/2022-2\/sezona-2022\/","url_meta":{"origin":20953,"position":1},"title":"Sez\u00f3na 2022","author":"Zuzana Syrov\u00e1 An\u00fd\u017eov\u00e1","date":"18\/03\/2023","format":false,"excerpt":"\u00a0 Den\u00edk 2022","rel":"","context":"Podobn\u00fd p\u0159\u00edsp\u011bvek","block_context":{"text":"Podobn\u00fd p\u0159\u00edsp\u011bvek","link":""},"img":{"alt_text":"","src":"","width":0,"height":0},"classes":[]},{"id":20929,"url":"https:\/\/tinnunculus.sy-sy.cz\/index.php\/deniky\/2021-2\/sezona-2021\/","url_meta":{"origin":20953,"position":2},"title":"Sez\u00f3na 2021","author":"Zuzana Syrov\u00e1 An\u00fd\u017eov\u00e1","date":"18\/03\/2023","format":false,"excerpt":"\u00a0 Den\u00edk 2021","rel":"","context":"Podobn\u00fd p\u0159\u00edsp\u011bvek","block_context":{"text":"Podobn\u00fd p\u0159\u00edsp\u011bvek","link":""},"img":{"alt_text":"","src":"","width":0,"height":0},"classes":[]},{"id":20932,"url":"https:\/\/tinnunculus.sy-sy.cz\/index.php\/deniky\/2020-2\/sezona-2020\/","url_meta":{"origin":20953,"position":3},"title":"Sez\u00f3na 2020","author":"Zuzana Syrov\u00e1 An\u00fd\u017eov\u00e1","date":"18\/03\/2023","format":false,"excerpt":"\u00a0 Den\u00edk 2020","rel":"","context":"Podobn\u00fd p\u0159\u00edsp\u011bvek","block_context":{"text":"Podobn\u00fd p\u0159\u00edsp\u011bvek","link":""},"img":{"alt_text":"","src":"","width":0,"height":0},"classes":[]},{"id":20936,"url":"https:\/\/tinnunculus.sy-sy.cz\/index.php\/deniky\/2019-2\/sezona-2019\/","url_meta":{"origin":20953,"position":4},"title":"Sez\u00f3na 2019","author":"Zuzana Syrov\u00e1 An\u00fd\u017eov\u00e1","date":"18\/03\/2023","format":false,"excerpt":"\u00a0 Den\u00edk 2019","rel":"","context":"Podobn\u00fd p\u0159\u00edsp\u011bvek","block_context":{"text":"Podobn\u00fd p\u0159\u00edsp\u011bvek","link":""},"img":{"alt_text":"","src":"","width":0,"height":0},"classes":[]},{"id":20940,"url":"https:\/\/tinnunculus.sy-sy.cz\/index.php\/deniky\/2018-2\/sezona-2018\/","url_meta":{"origin":20953,"position":5},"title":"Sez\u00f3na 2018","author":"Zuzana Syrov\u00e1 An\u00fd\u017eov\u00e1","date":"18\/03\/2023","format":false,"excerpt":"\u00a0 Den\u00edk 2018","rel":"","context":"Podobn\u00fd p\u0159\u00edsp\u011bvek","block_context":{"text":"Podobn\u00fd p\u0159\u00edsp\u011bvek","link":""},"img":{"alt_text":"","src":"","width":0,"height":0},"classes":[]}],"jetpack_sharing_enabled":true,"_links":{"self":[{"href":"https:\/\/tinnunculus.sy-sy.cz\/index.php\/wp-json\/wp\/v2\/pages\/20953","targetHints":{"allow":["GET"]}}],"collection":[{"href":"https:\/\/tinnunculus.sy-sy.cz\/index.php\/wp-json\/wp\/v2\/pages"}],"about":[{"href":"https:\/\/tinnunculus.sy-sy.cz\/index.php\/wp-json\/wp\/v2\/types\/page"}],"author":[{"embeddable":true,"href":"https:\/\/tinnunculus.sy-sy.cz\/index.php\/wp-json\/wp\/v2\/users\/2"}],"replies":[{"embeddable":true,"href":"https:\/\/tinnunculus.sy-sy.cz\/index.php\/wp-json\/wp\/v2\/comments?post=20953"}],"version-history":[{"count":1,"href":"https:\/\/tinnunculus.sy-sy.cz\/index.php\/wp-json\/wp\/v2\/pages\/20953\/revisions"}],"predecessor-version":[{"id":45364,"href":"https:\/\/tinnunculus.sy-sy.cz\/index.php\/wp-json\/wp\/v2\/pages\/20953\/revisions\/45364"}],"up":[{"embeddable":true,"href":"https:\/\/tinnunculus.sy-sy.cz\/index.php\/wp-json\/wp\/v2\/pages\/850"}],"wp:attachment":[{"href":"https:\/\/tinnunculus.sy-sy.cz\/index.php\/wp-json\/wp\/v2\/media?parent=20953"}],"wp:term":[{"taxonomy":"category","embeddable":true,"href":"https:\/\/tinnunculus.sy-sy.cz\/index.php\/wp-json\/wp\/v2\/categories?post=20953"},{"taxonomy":"post_tag","embeddable":true,"href":"https:\/\/tinnunculus.sy-sy.cz\/index.php\/wp-json\/wp\/v2\/tags?post=20953"}],"curies":[{"name":"wp","href":"https:\/\/api.w.org\/{rel}","templated":true}]}}