{"id":14121,"date":"2021-01-11T14:17:44","date_gmt":"2021-01-11T13:17:44","guid":{"rendered":"https:\/\/tinnunculus.sy-sy.cz\/?page_id=14121"},"modified":"2026-01-02T18:05:57","modified_gmt":"2026-01-02T17:05:57","slug":"webkamery-v-okoli","status":"publish","type":"page","link":"https:\/\/tinnunculus.sy-sy.cz\/index.php\/pocasi-u-nas\/webkamery-v-okoli\/","title":{"rendered":"Po\u010das\u00ed kolem n\u00e1s"},"content":{"rendered":"<p><a href=\"https:\/\/windy.com\/webcams\/1489735814\" target=\"_blank\" rel=\"noopener\" name=\"windy-webcam-timelapse-player\" data-id=\"1489735814\" data-play=\"day\">Brno \u203a Sever: Brno Reservoir<\/a><script async type=\"text\/javascript\" src=\"https:\/\/webcams.windy.com\/webcams\/public\/embed\/script\/player.js\"><\/script><br \/>\n<a href=\"https:\/\/prehrada.gcm.cz\/\" target=\"_blank\" rel=\"noopener\">Brn\u011bnsk\u00e1 p\u0159ehrada<\/a> (0,5 km)<a href=\"https:\/\/windy.com\/webcams\/1313054736\" target=\"_blank\" rel=\"noopener\" name=\"windy-webcam-link\"><\/a><\/p>\n<ul>\n<li>\u010cHM\u00da:\n<ul>\n<li><a href=\"https:\/\/www.chmi.cz\/namerena-data\/webkamera\/brno-brno\" target=\"_blank\" rel=\"noopener noreferrer\">Brno &#8211; \u017dabov\u0159esky (webkamera)<\/a> (4, 75 km)<\/li>\n<li><a href=\"https:\/\/www.chmi.cz\/namerena-data\/webkamery?c=50.0000,15.8258,7&amp;l=webkamery,ZTM\" target=\"_blank\" rel=\"noopener\">Mapa webov\u00fdch kamer<\/a><em><br \/>\n<\/em><\/li>\n<li><a href=\"https:\/\/www.chmi.cz\/namerena-data\/merici-stanice\/meteorologicke\/b2btur01-brno-turany?zalozka=klima&amp;c=49.1531,16.6889,11&amp;l=kraje,teplota,ZTM\" target=\"_blank\" rel=\"noopener\">Stanice Brno &#8211; Tu\u0159any<\/a><\/li>\n<li><a href=\"https:\/\/www.chmi.cz\/meteogram\/27-brno-bystrc\" target=\"_blank\" rel=\"noopener noreferrer\">Aladin &#8211; meteogram Bystrc<\/a><\/li>\n<\/ul>\n<\/li>\n<li>Meteo-pocasi.cz\n<ul>\n<li><a href=\"https:\/\/www.meteo-pocasi.cz\/maps\/cz\/jihomoravsky\/1293-meteostanice-brno-kninicky\/\" target=\"_blank\" rel=\"noopener\">Meteostanice Brno &#8211; Kn\u00edni\u010dky<\/a><\/li>\n<\/ul>\n<\/li>\n<li>\u00a0Meteoblue:\n<ul>\n<li><a href=\"https:\/\/www.meteoblue.com\/cs\/po%C4%8Das%C3%AD\/p%C5%99edpov%C4%9B%C4%8F\/multimodel\/bystrc_%c4%8cesko_3078308\" target=\"_blank\" rel=\"noopener\">Multimodel &#8211; meteogram Bystrc<\/a><\/li>\n<li><a href=\"https:\/\/www.meteoblue.com\/cs\/po%C4%8Das%C3%AD\/webcams\/bystrc_%c4%8cesko_3078308\" target=\"_blank\" rel=\"noopener\">Webkamery v&nbsp;okol\u00ed<\/a><\/li>\n<\/ul>\n<\/li>\n<\/ul>\n<p><a href=\"https:\/\/tinnunculus.tmep.cz\/\" target=\"_blank\" rel=\"noopener\">Meteostanice v&nbsp;na\u0161\u00ed lod\u017eii<\/a><\/p>\n<p><a href=\"https:\/\/tinnunculus.sy-sy.cz\/index.php\/pocasi-u-nas\/\">Po\u010das\u00ed v&nbsp;Bystrci<\/a> \u00a6 <a href=\"https:\/\/tinnunculus.sy-sy.cz\/index.php\/pocasi-u-nas\/pocasi-mapa\/\">Mapa<\/a> \u00a6 <a href=\"https:\/\/tinnunculus.sy-sy.cz\/index.php\/pocasi-u-nas\/archiv-pocasi\/\">Archiv<\/a> \u00a6 <a href=\"https:\/\/tinnunculus.sy-sy.cz\/index.php\/pocasi-u-nas\/webkamery-v-okoli\/\">Meteostanice a&nbsp;webkamery<\/a><\/p>\n","protected":false},"excerpt":{"rendered":"<p>Brno \u203a Sever: Brno Reservoir Brn\u011bnsk\u00e1 p\u0159ehrada (0,5 km) \u010cHM\u00da: Brno &#8211; \u017dabov\u0159esky (webkamera) (4, 75 km) Mapa webov\u00fdch kamer Stanice Brno &#8211; Tu\u0159any Aladin &#8211; meteogram Bystrc Meteo-pocasi.cz Meteostanice Brno &#8211; Kn\u00edni\u010dky \u00a0Meteoblue: Multimodel &#8211; meteogram Bystrc Webkamery v&nbsp;okol\u00ed Meteostanice v&nbsp;na\u0161\u00ed lod\u017eii Po\u010das\u00ed v&nbsp;Bystrci \u00a6 Mapa \u00a6 Archiv \u00a6 Meteostanice a&nbsp;webkamery<\/p>\n","protected":false},"author":2,"featured_media":0,"parent":2453,"menu_order":0,"comment_status":"closed","ping_status":"closed","template":"","meta":{"jetpack_post_was_ever_published":false,"footnotes":""},"categories":[],"tags":[],"class_list":["post-14121","page","type-page","status-publish","hentry"],"jetpack_shortlink":"https:\/\/wp.me\/P91gKE-3FL","jetpack-related-posts":[{"id":24840,"url":"https:\/\/tinnunculus.sy-sy.cz\/index.php\/blog\/brnenske-postolky\/","url_meta":{"origin":14121,"position":0},"title":"Brn\u011bnsk\u00e9 po\u0161tolky","author":"Zuzana Syrov\u00e1 An\u00fd\u017eov\u00e1","date":"10\/10\/2023","format":false,"excerpt":"P\u0159\u00edsp\u011bvky v Bloku, blogu \u010dili z\u00e1pisn\u00edku: Info o \u017eiv\u00fdch p\u0159enosech Brno - Francouzsk\u00e1 Brno - Bohunice P\u0159\u00edm\u00e9 p\u0159enosy z\u00a0\u010cR P\u0159\u00edm\u00e9 p\u0159enosy odjinud.","rel":"","context":"V \u201e\"Na\u0161e\" po\u0161tolky\u201c","block_context":{"text":"\"Na\u0161e\" po\u0161tolky","link":"https:\/\/tinnunculus.sy-sy.cz\/index.php\/category\/nasi\/nase-postolky\/"},"img":{"alt_text":"","src":"","width":0,"height":0},"classes":[]},{"id":1928,"url":"https:\/\/tinnunculus.sy-sy.cz\/index.php\/odkazy\/","url_meta":{"origin":14121,"position":1},"title":"Odkazy","author":"Zuzana Syrov\u00e1 An\u00fd\u017eov\u00e1","date":"14\/08\/2017","format":false,"excerpt":"Hrabo\u0161 poln\u00ed (Microtus arvalis) My\u0161 dom\u00e1c\u00ed (Mus musculus) Po\u0161tolka obecn\u00e1 (Falco tinnunculus) Ror\u00fds obecn\u00fd (Apus apus) Faunistick\u00e1 datab\u00e1ze \u010cSO: Po\u0161tolka obecn\u00e1 (Falco tinnunclus) in Avif Ror\u00fds obecn\u00fd (Apus apus) in Avif P\u0159\u00edm\u00e9 p\u0159enosy: Po\u0161tolka obecn\u00e1 (Falco tinnunculus) online Ror\u00fds obecn\u00fd (Apus apus) online Dal\u0161\u00ed druhy pt\u00e1k\u016f online: View Nesting Birds\u2026","rel":"","context":"Podobn\u00fd p\u0159\u00edsp\u011bvek","block_context":{"text":"Podobn\u00fd p\u0159\u00edsp\u011bvek","link":""},"img":{"alt_text":"","src":"","width":0,"height":0},"classes":[]},{"id":19135,"url":"https:\/\/tinnunculus.sy-sy.cz\/index.php\/postolky-brnenske\/","url_meta":{"origin":14121,"position":2},"title":"Po\u0161tolky brn\u011bnsk\u00e9","author":"Zuzana Syrov\u00e1 An\u00fd\u017eov\u00e1","date":"14\/06\/2022","format":false,"excerpt":"\u00a0 D\u011bn\u00ed v na\u0161\u00ed po\u0161tol\u010d\u00ed lod\u017eii v s\u00eddli\u0161ti Bystrc na okraji Brna (info o \u017eiv\u00e9m p\u0159enosu \/ historie hn\u00edzda) m\u016f\u017eete porovnat s t\u00edm, co se pr\u00e1v\u011b d\u011bje v p\u0159\u00edm\u00e9m p\u0159enosu v budce v centru m\u011bsta na ulici Francouzsk\u00e9 (info o \u017eiv\u00e9m p\u0159enosu \/ historie hn\u00edzda) nebo v s\u00eddli\u0161ti Bohunice (info\u2026","rel":"","context":"V \u201e(Web)kamery\u201c","block_context":{"text":"(Web)kamery","link":"https:\/\/tinnunculus.sy-sy.cz\/index.php\/category\/zivy-prenos\/kamery\/"},"img":{"alt_text":"","src":"","width":0,"height":0},"classes":[]},{"id":16468,"url":"https:\/\/tinnunculus.sy-sy.cz\/index.php\/zasady-ochrany-osobnich-udaju\/nase-kamery-a-ochrana-osobnich-udaju\/","url_meta":{"origin":14121,"position":3},"title":"Na\u0161e kamery a&nbsp;ochrana osobn\u00edch \u00fadaj\u016f","author":"Zuzana Syrov\u00e1 An\u00fd\u017eov\u00e1","date":"04\/06\/2021","format":false,"excerpt":"Na\u0161e kamery, jejich\u017e kompletn\u00ed p\u0159ehled najdete zde,\u00a0 jsou ur\u010deny v\u00fdhradn\u011b k pozorov\u00e1n\u00ed pt\u00e1k\u016f. Osoby, kter\u00e9 vstupuj\u00ed do prostoru lod\u017eie z na\u0161eho bytu jsou sezn\u00e1meny se skute\u010dnost\u00ed, \u017ee\u00a0 tento prostor je kamerami monitorov\u00e1n. Z\u00e1znamy z jejich pohybu uchov\u00e1v\u00e1me s jejich souhlasem pouze v p\u0159\u00edpad\u011b, \u017ee se jedn\u00e1 o ud\u00e1losti bezprost\u0159edn\u011b se\u2026","rel":"","context":"Podobn\u00fd p\u0159\u00edsp\u011bvek","block_context":{"text":"Podobn\u00fd p\u0159\u00edsp\u011bvek","link":""},"img":{"alt_text":"","src":"","width":0,"height":0},"classes":[]},{"id":6278,"url":"https:\/\/tinnunculus.sy-sy.cz\/index.php\/postolka-obecna-obecne\/postolky-krasne-literarni\/","url_meta":{"origin":14121,"position":4},"title":"Po\u0161tolka kr\u00e1sn\u011b liter\u00e1rn\u00ed","author":"Zuzana Syrov\u00e1 An\u00fd\u017eov\u00e1","date":"29\/09\/2018","format":false,"excerpt":"ADAMS, Richard. Dalek\u00e1 cesta za domovem. Praha: Mlad\u00e1 fronta, 1986. BEZRU\u010c, Petr. Lolo a druhov\u00e9. V Brn\u011b: Pokorn\u00fd, 1938. BORKOVEC, Petr. Po\u0161tolka nased\u00e1 na vrchol borovice... [online]. Dostupn\u00e9 z\u00a0https:\/\/www.lyrikline.org\/de\/gedichte\/postolka-naseda-na-vrsek-borovice-1498 BORKOVEC, Petr. Pozn\u00e1mka o houb\u00e1ch. In: Listy, 5, 2006. [online]. Dostupn\u00e9 z http:\/\/www.listy.cz\/archiv.php?cislo=065&clanek=050615 BURDOV\u00c1, Anna.\u00a0Vy\u010derpan\u00e1 po\u0161tolka. Ilustroval Zuzana SL\u00c1NSK\u00c1. Nov\u00e9 p\u0159\u00edb\u011bhy\u2026","rel":"","context":"Podobn\u00fd p\u0159\u00edsp\u011bvek","block_context":{"text":"Podobn\u00fd p\u0159\u00edsp\u011bvek","link":""},"img":{"alt_text":"","src":"https:\/\/i0.wp.com\/tinnunculus.sy-sy.cz\/wp-content\/uploads\/2018\/09\/dsc31388uBW-1024x710.jpg?resize=350%2C200&ssl=1","width":350,"height":200,"srcset":"https:\/\/i0.wp.com\/tinnunculus.sy-sy.cz\/wp-content\/uploads\/2018\/09\/dsc31388uBW-1024x710.jpg?resize=350%2C200&ssl=1 1x, https:\/\/i0.wp.com\/tinnunculus.sy-sy.cz\/wp-content\/uploads\/2018\/09\/dsc31388uBW-1024x710.jpg?resize=525%2C300&ssl=1 1.5x"},"classes":[]},{"id":806,"url":"https:\/\/tinnunculus.sy-sy.cz\/index.php\/historie-mysi\/","url_meta":{"origin":14121,"position":5},"title":"Historie my\u0161\u00ed","author":"Zuzana Syrov\u00e1 An\u00fd\u017eov\u00e1","date":"04\/08\/2017","format":false,"excerpt":"2009\/05\/30 - zakoupen v Hornbachu (cca 16:00) prvn\u00ed Zu\u0159iv\u00fd Roland - sami\u010dka Rolanda 2011\/05\/31 - um\u0159ela Rolanda 2011\/07\/06 - zakoupen Rolandek - same\u010dek, zvan\u00fd pozd\u011bji t\u00e9\u017e Raklet\u00edk neb Krupn\u00edk, ve Va\u0148kovce 2011\/10\/19 - Roland u pan\u00ed veterin\u00e1\u0159ky 2011\/10\/31 - Roland u pan\u00ed veterin\u00e1\u0159ky (kou\u0161e) 2012\/10\/02 - um\u0159el Rolandek 2012\/10\/03 -\u2026","rel":"","context":"V \u201eMy\u0161\u201c","block_context":{"text":"My\u0161","link":"https:\/\/tinnunculus.sy-sy.cz\/index.php\/category\/ostatni-zvirena\/savec\/mys-cs\/"},"img":{"alt_text":"","src":"https:\/\/i0.wp.com\/tinnunculus.sy-sy.cz\/wp-content\/uploads\/2024\/03\/P1370792u1-1024x698.jpg?resize=350%2C200&ssl=1","width":350,"height":200,"srcset":"https:\/\/i0.wp.com\/tinnunculus.sy-sy.cz\/wp-content\/uploads\/2024\/03\/P1370792u1-1024x698.jpg?resize=350%2C200&ssl=1 1x, https:\/\/i0.wp.com\/tinnunculus.sy-sy.cz\/wp-content\/uploads\/2024\/03\/P1370792u1-1024x698.jpg?resize=525%2C300&ssl=1 1.5x"},"classes":[]}],"jetpack_sharing_enabled":true,"_links":{"self":[{"href":"https:\/\/tinnunculus.sy-sy.cz\/index.php\/wp-json\/wp\/v2\/pages\/14121","targetHints":{"allow":["GET"]}}],"collection":[{"href":"https:\/\/tinnunculus.sy-sy.cz\/index.php\/wp-json\/wp\/v2\/pages"}],"about":[{"href":"https:\/\/tinnunculus.sy-sy.cz\/index.php\/wp-json\/wp\/v2\/types\/page"}],"author":[{"embeddable":true,"href":"https:\/\/tinnunculus.sy-sy.cz\/index.php\/wp-json\/wp\/v2\/users\/2"}],"replies":[{"embeddable":true,"href":"https:\/\/tinnunculus.sy-sy.cz\/index.php\/wp-json\/wp\/v2\/comments?post=14121"}],"version-history":[{"count":3,"href":"https:\/\/tinnunculus.sy-sy.cz\/index.php\/wp-json\/wp\/v2\/pages\/14121\/revisions"}],"predecessor-version":[{"id":45511,"href":"https:\/\/tinnunculus.sy-sy.cz\/index.php\/wp-json\/wp\/v2\/pages\/14121\/revisions\/45511"}],"up":[{"embeddable":true,"href":"https:\/\/tinnunculus.sy-sy.cz\/index.php\/wp-json\/wp\/v2\/pages\/2453"}],"wp:attachment":[{"href":"https:\/\/tinnunculus.sy-sy.cz\/index.php\/wp-json\/wp\/v2\/media?parent=14121"}],"wp:term":[{"taxonomy":"category","embeddable":true,"href":"https:\/\/tinnunculus.sy-sy.cz\/index.php\/wp-json\/wp\/v2\/categories?post=14121"},{"taxonomy":"post_tag","embeddable":true,"href":"https:\/\/tinnunculus.sy-sy.cz\/index.php\/wp-json\/wp\/v2\/tags?post=14121"}],"curies":[{"name":"wp","href":"https:\/\/api.w.org\/{rel}","templated":true}]}}