{"id":13997,"date":"2020-11-30T23:54:25","date_gmt":"2020-11-30T22:54:25","guid":{"rendered":"https:\/\/tinnunculus.sy-sy.cz\/?page_id=13997"},"modified":"2025-12-28T20:12:02","modified_gmt":"2025-12-28T19:12:02","slug":"2021-2","status":"publish","type":"page","link":"https:\/\/tinnunculus.sy-sy.cz\/index.php\/deniky\/2021-2\/","title":{"rendered":"2021"},"content":{"rendered":"<h1 id=\"anchor-5fd5310ca2d03\" style=\"text-align: center;\"><img data-recalc-dims=\"1\" loading=\"lazy\" decoding=\"async\" data-attachment-id=\"15163\" data-permalink=\"https:\/\/tinnunculus.sy-sy.cz\/index.php\/deniky\/2021-2\/20210331-1322037018\/\" data-orig-file=\"https:\/\/i0.wp.com\/tinnunculus.sy-sy.cz\/wp-content\/uploads\/2021\/03\/20210331-1322037018-e1617205089791.jpg?fit=1038%2C584&amp;ssl=1\" data-orig-size=\"1038,584\" data-comments-opened=\"1\" data-image-meta=\"{&quot;aperture&quot;:&quot;0&quot;,&quot;credit&quot;:&quot;&quot;,&quot;camera&quot;:&quot;&quot;,&quot;caption&quot;:&quot;&quot;,&quot;created_timestamp&quot;:&quot;0&quot;,&quot;copyright&quot;:&quot;&quot;,&quot;focal_length&quot;:&quot;0&quot;,&quot;iso&quot;:&quot;0&quot;,&quot;shutter_speed&quot;:&quot;0&quot;,&quot;title&quot;:&quot;&quot;,&quot;orientation&quot;:&quot;0&quot;}\" data-image-title=\"20210331-1322037018\" data-image-description=\"\" data-image-caption=\"\" data-large-file=\"https:\/\/i0.wp.com\/tinnunculus.sy-sy.cz\/wp-content\/uploads\/2021\/03\/20210331-1322037018-e1617205089791.jpg?fit=525%2C295&amp;ssl=1\" class=\"aligncenter wp-image-15163 size-large\" src=\"https:\/\/i0.wp.com\/tinnunculus.sy-sy.cz\/wp-content\/uploads\/2021\/03\/20210331-1322037018.jpg?resize=525%2C295&#038;ssl=1\" alt=\"\" width=\"525\" height=\"295\" \/><\/h1>\n<p style=\"text-align: center;\"><a href=\"https:\/\/tinnunculus.sy-sy.cz\/index.php\/deniky\/2020-2\/\"><em>2020<\/em><\/a><em>\u00a0 <\/em><em>p\u0159edchoz\u00ed rok \u2194 n\u00e1sleduj\u00edc\u00ed rok <a href=\"https:\/\/tinnunculus.sy-sy.cz\/index.php\/2022-2\/\">2022<\/a>\u00a0<\/em><\/p>\n<p><!--more--><\/p>\n<ul>\n<li>2021\/01\/01 \u2013 po\u0161tol\u010d\u00ed sami\u010dka vypla\u0161en\u00e1 o&nbsp;p\u016flnoci silvestrovsk\u00fdmi petardami p\u0159il\u00e9t\u00e1 a\u017e odpoledne (14:35); same\u010dek se objevuje vz\u00e1p\u011bt\u00ed za n\u00ed (14:54)<\/li>\n<li>2021\/01\/10 &#8211; po\u0161tol\u010d\u00ed sami\u010dka se po&nbsp;p\u0159\u00edletu na noc (16:40) uchyluje do police pod stropem u&nbsp;dve\u0159\u00ed, kde vydr\u017e\u00ed a\u017e do 19:02<\/li>\n<li>2021\/01\/26 &#8211; ciz\u00ed mlad\u00e1 sami\u010dka s&nbsp;hn\u011bd\u00fdm oc\u00e1skem se sna\u017e\u00ed proniknout do lod\u017eie, kterou state\u010dn\u011b h\u00e1j\u00ed dom\u00e1c\u00ed same\u010dek (8:17-8:30); vet\u0159elkyn\u011b se pak opakovan\u011b vrac\u00ed a&nbsp;d\u016fsledn\u00e1 obrana lod\u017eie s&nbsp;podporou dom\u00e1c\u00ed sami\u010dky pokra\u010duje do 10:45<\/li>\n<li>2021\/01\/28 &#8211; prvn\u00ed hrabo\u0161 p\u0159inesen\u00fd jako d\u00e1rek (10:25)<\/li>\n<li>2021\/01\/29 &#8211; dom\u00e1c\u00ed p\u00e1r zah\u00e1n\u00ed kolemlet\u00edc\u00edho same\u010dka (8:21)<\/li>\n<li>2021\/01\/30 &#8211; dom\u00e1c\u00ed sami\u010dka zah\u00e1n\u00ed vet\u0159elkyni s&nbsp;hn\u011bd\u00fdm oc\u00e1skem (7:40)<\/li>\n<li>2021\/02\/18 &#8211; op\u011bt nutno br\u00e1nit lod\u017eii a&nbsp;p\u0159inesen\u00e9ho hrabo\u0161e p\u0159ed vet\u0159elkyn\u00ed (7:32); s\u00fdkorka poskakuje po&nbsp;z\u00e1bradl\u00ed a&nbsp;nev\u0161\u00edm\u00e1 si dom\u00e1c\u00ed po\u0161tolky, kter\u00e1 ji pozoruje z&nbsp;ko\u0161e u&nbsp;hn\u00edzda; sousedka se vytrvale vrac\u00ed (v\u011bt\u0161\u00ed poty\u010dka po&nbsp;11 hodin\u011b)<\/li>\n<li>2021\/02\/24 &#8211; konflikt dom\u00e1c\u00edho same\u010dkem s&nbsp;vet\u0159elcem &#8211; mlad\u00fdm nep\u0159epe\u0159en\u00fdm same\u010dkem (7:10); n\u00e1sledn\u011b ho je\u0161t\u011b zah\u00e1n\u00ed dom\u00e1c\u00ed sami\u010dka (8:52)<\/li>\n<li>2021\/02\/25 &#8211; dom\u00e1c\u00ed same\u010dek se hon\u00ed a&nbsp;\u0161korp\u00ed s&nbsp;obletuj\u00edc\u00edch havranem (6:47-7:04); dom\u00e1c\u00edho same\u010dka p\u0159il\u00e9taj\u00edc\u00edho s&nbsp;hrabo\u0161em pron\u00e1sleduje mlad\u00e1 sousedka s&nbsp;hn\u011bd\u00fdm oc\u00e1skem (13:44) &#8211; aby se s&nbsp;n\u00ed mohl vypo\u0159\u00e1dat, spolyk\u00e1 v&nbsp;rychlosti hrabo\u0161e s\u00e1m, ale p\u0159es opakovan\u00e9 n\u00e1lety a&nbsp;pokusy ji vystrnadit, z\u016fst\u00e1v\u00e1 sousedka a\u017e do 14:30<\/li>\n<li>2021\/02\/27 &#8211; op\u011bt mlad\u00e1 sousedka &#8211; p\u0159il\u00e9t\u00e1 za dom\u00e1c\u00edm same\u010dkem a\u017e na hn\u00edzdo a&nbsp;sna\u017e\u00ed se ho sv\u00e1d\u011bt; znovu se vrac\u00ed v&nbsp;11:39-11:55 a&nbsp;je\u0161t\u011b odpoledne po&nbsp;14:30; z\u016fst\u00e1v\u00e1 prakticky cel\u00e9 odpoledne a&nbsp;kdy\u017e se k&nbsp;n\u00ed p\u0159ipoj\u00ed dom\u00e1c\u00ed same\u010dek, tak se p\u0159ed n\u00edm zase ukl\u00e1n\u00ed a&nbsp;tik\u00e1 v&nbsp;hn\u00edzdn\u00ed bed\u00fdnce; a\u017e v&nbsp;16:38 se objevuje dom\u00e1c\u00ed sami\u010dka a&nbsp;s&nbsp;podporou same\u010dka vet\u0159elkyni zah\u00e1n\u00ed<\/li>\n<li>2021\/02\/28 &#8211; prvn\u00ed p\u00e1\u0159en\u00ed na z\u00e1vradl\u00ed (14:15)<\/li>\n<li>2021\/03\/04 &#8211; nov\u00e1 podest\u00fdlka hn\u00edzdn\u00ed bed\u00fdnky a&nbsp;sousedn\u00edho ko\u0161e<\/li>\n<li>2021\/03\/05 &#8211; mal\u00e1 sousedka op\u011bt sv\u00e1d\u00ed dom\u00e1c\u00edho same\u010dka na hn\u00edzd\u011b (12:02-12:42)<\/li>\n<li>2021\/03\/20 &#8211; sn\u00edh i&nbsp;v&nbsp;lod\u017eii<\/li>\n<li>2021\/03\/21 &#8211; instalov\u00e1ny a&nbsp;spu\u0161t\u011bny letn\u00ed kamery<\/li>\n<li>2021\/03\/26 &#8211; instalov\u00e1na nov\u00e1 kamera AXIS P1264 sn\u00edmaj\u00edc\u00ed zbl\u00edzka hn\u00edzdo<\/li>\n<li>2021\/03\/27 &#8211; po&nbsp;r\u00e1nu banda \u0161pa\u010dk\u016f d\u016fkladn\u011b prozkoum\u00e1v\u00e1 ror\u00fdsovn\u00edk, jako by v&nbsp;n\u011bm cht\u011bli zahn\u00edzdit; neujdou pozornosti po\u0161tolek, kter\u00e9 na nal\u00e9tavaj\u00ed na ror\u00fdsovn\u00edk<\/li>\n<li>2021\/03\/31 &#8211; ciz\u00ed same\u010dek sv\u00e1d\u00ed dom\u00e1c\u00ed sami\u010dku (18:41-18:45); p\u0159i&nbsp;druh\u00e9m pokusu je zahn\u00e1n dom\u00e1c\u00edm same\u010dkem (19:02); vrac\u00ed se vyrtvale a&nbsp;tik\u00e1 na bid\u00fdlku na star\u00fdm hn\u00edzdem (19:22-19:29, 1936-19:39)<\/li>\n<li>2021\/04\/01 &#8211; op\u011bt ciz\u00ed same\u010dek &#8211; zahn\u00e1n dom\u00e1c\u00edm (14:14) a&nbsp;tak\u00e9 ciz\u00ed sami\u010dka (14:24)<\/li>\n<li>2021\/04\/05 &#8211; ciz\u00ed same\u010dek a&nbsp;sami\u010dka p\u016fsob\u00ed rozruch a&nbsp;dom\u00e1c\u00ed je mus\u00ed zah\u00e1n\u011bt (9:34-9:39)<\/li>\n<li>2021\/04\/09 &#8211; ciz\u00ed po\u0161tolka s&nbsp;hn\u011bd\u00fdm oc\u00e1skem opakovan\u011b l\u00e9t\u00e1 do lod\u017eie a&nbsp;otravuje dom\u00e1c\u00edho same\u010dka (13:07-13:49); zahn\u00e1na dom\u00e1c\u00ed sami\u010dkou, ale t\u00e9ho\u017e ve\u010dera (18:24) a&nbsp;v&nbsp;n\u00e1sleduj\u00edc\u00edch dnech se op\u011bt vrac\u00ed<\/li>\n<li>2021\/04\/18 &#8211; mal\u00e1 sousedka se op\u011bt sna\u017e\u00ed proniknout do lod\u017eie a&nbsp;je pot\u0159eba ji zahnat (10:31-10:32)<\/li>\n<li>2021\/04\/20 &#8211; sousedku nutno opakovan\u011b zah\u00e1n\u011bt b\u011bhem cel\u00e9ho dopoledne; same\u010dek p\u0159in\u00e1\u0161\u00ed sami\u010dce tu\u010dn\u00e9 holoub\u00e1tko (09:53)<\/li>\n<li>2021\/04\/25 &#8211; dom\u00e1c\u00ed zah\u00e1n\u011bj\u00ed sousedku, kter\u00e9 se op\u011bt poda\u0159ilo vl\u00e9tnout a\u017e do lod\u017eie (10:18-10:19)<\/li>\n<li><strong>2021\/04\/27<\/strong> &#8211; ciz\u00ed po\u0161tolka vl\u00e9t\u00e1 na poli\u010dku nad hn\u00edzdn\u00ed bed\u00fdnkou (9:29), ve kter\u00e9 ji\u017e n\u011bkolik dn\u00ed posed\u00e1v\u00e1 dom\u00e1c\u00ed sami\u010dka; znovu se vrac\u00ed (10:19-10:23) &#8211; dom\u00e1c\u00ed same\u010dek m\u00e1 probl\u00e9m ji zahnat, proto\u017ee sami\u010dka se nevzdaluje z&nbsp;hn\u00edda; d\u016fvod je prost\u00fd: v&nbsp;t\u00e9to dob\u011b (10:09-10:45) sneseno prvn\u00ed vejce<\/li>\n<li><strong>2021\/04\/29<\/strong> &#8211; sneseno 2.&nbsp;vejce (p\u0159ed 12:29, pravd\u011bpodobn\u011b ji\u017e 11:38)<\/li>\n<li><strong>2021\/05\/01<\/strong> &#8211; sneseno 3.&nbsp;vejce (14:02-15:13)<\/li>\n<li><strong>2021\/05\/03<\/strong> &#8211; sneseno 4.&nbsp;vejce (po&nbsp;17:27 &#8211; pravd\u011bpodobn\u011b p\u0159ed 18:18); sami\u010dka z\u016fst\u00e1v\u00e1 p\u0159es noc sed\u011bt na vejc\u00edch<\/li>\n<li>2021\/05\/05\u2013<strong>2021\/05\/06<\/strong> &#8211; sneseno 5.&nbsp;vejce (ve\u010der ve 20:30 je\u0161t\u011b 4; p\u00e1t\u00e9 sami\u010dka uk\u00e1\u017ee a\u017e v&nbsp;7:29)<\/li>\n<li>2021\/05\/09 &#8211; v&nbsp;na\u0161\u00ed ulici se op\u011bt proletuj\u00ed prvn\u00ed navr\u00e1tiv\u0161\u00ed se ror\u00fdsi; mal\u00e1 sousedka drze krade hrabo\u0161e, kter\u00e9 donesl dom\u00e1c\u00ed same\u010dek, co\u017e vede k&nbsp;poty\u010dce s&nbsp;dom\u00e1c\u00edmi (14:17:00\u201317:17:26)<\/li>\n<li>2021\/05\/16 &#8211; mal\u00e1 sousedka zase jednou krade hrabo\u0161e, kter\u00e9ho smae\u010dek p\u0159inesl sami\u010dce (9:28)<\/li>\n<li><strong>2021\/05\/29<\/strong> &#8211; vyl\u00edhlo se 1.&nbsp;po\u0161tol\u010de (16:26\u201318:43)<\/li>\n<li><strong>2021\/05\/30<\/strong> &#8211; vyl\u00edhlo se 2.&nbsp;po\u0161tol\u010de; sami\u010dka mu pom\u00e1h\u00e1 dostat se ze sko\u0159\u00e1pky (12:24)<\/li>\n<li><strong>2021\/05\/31<\/strong> &#8211; vyl\u00edhlo se 3.&nbsp;po\u0161tol\u010de (sami\u010dka vyhodila sko\u0159\u00e1pku v&nbsp;10:20) a&nbsp;4.&nbsp;po\u0161tol\u010de (sami\u010dka vyhodila sko\u0159\u00e1pku ve 12:42)<\/li>\n<li>2021\/06\/01 &#8211; same\u010dek p\u0159in\u00e1\u0161\u00ed sami\u010dce uloven\u00e9ho ror\u00fdse (6:36); na z\u00e1bradl\u00ed p\u0159il\u00e9t\u00e1 mal\u00e1 sousedka (12:48); dal\u0161\u00ed ror\u00fds 17:51<\/li>\n<li>2021\/06\/02 &#8211; sami\u010dka zah\u00e1n\u00ed sousedku (9:33)<\/li>\n<li>2021\/06\/05\u201315 &#8211; sami\u010dka nos\u00ed brouky<\/li>\n<li>2021\/06\/08 &#8211; sami\u010dka ve\u010der po&nbsp;posledn\u00edm krmen\u00ed po\u0161tol\u010dat vyl\u00e9t\u00e1 na bid\u00fdlko, aby tam str\u00e1vila noc<\/li>\n<li>2021\/06\/10 &#8211; same\u010dek nep\u0159il\u00e9t\u00e1 ve\u010der na noc a&nbsp;nad\u00e1le p\u0159esp\u00e1v\u00e1 jinde<\/li>\n<li>2021\/06\/13 &#8211; ciz\u00ed same\u010dek na z\u00e1bradl\u00ed a&nbsp;opatrn\u011b ji prohl\u00ed\u017e\u00ed i&nbsp;vevnit\u0159 (7:05, 7:27)<\/li>\n<li>2021\/06\/14 &#8211; sami\u010dka p\u0159in\u00e1\u0161\u00ed strakapouda (?) (14:01)<\/li>\n<li>2021\/06\/15 &#8211; prvn\u00ed po\u0161tol\u010de v&nbsp;ko\u0161i (7:06\u20137:32)<\/li>\n<li>2021\/06\/16 &#8211; v\u0161echna \u010dty\u0159i po\u0161tol\u010data v&nbsp;ko\u0161i (4:40)<\/li>\n<li>2021\/06\/17 &#8211; krou\u017ekov\u00e1n\u00ed po\u0161tol\u010dat (13:25\u201313:37)<\/li>\n<li>2021\/06\/21 &#8211; po\u0161tol\u010de na kv\u011btin\u00e1\u010di (9:06)<\/li>\n<li>2021\/06\/27 &#8211; prvn\u00ed po\u0161tol\u010de na z\u00e1bradl\u00ed (16:49\u201317:24)<\/li>\n<li>2021\/06\/28 &#8211; prvn\u00ed po\u0161tol\u010de na bid\u00fdlku (7:25); druh\u00e9 po\u0161tol\u010de na z\u00e1bradl\u00ed (18:14-18:33)<\/li>\n<li>2021\/06\/29 &#8211; jedno z&nbsp;po\u0161tol\u010dat p\u0159el\u00e9t\u00e1 napod\u00e9l celou lod\u017eii; t\u0159et\u00ed po\u0161tol\u010de na z\u00e1bradl\u00ed (6:59); jedno z&nbsp;po\u0161tol\u010dat nezvl\u00e1dlo p\u0159ist\u00e1n\u00ed na poli\u010dce\u00a0 s&nbsp;kamerou \u010d.4 a&nbsp;vypadlo\/vylet\u011blo z&nbsp;lod\u017eie (17:49)<\/li>\n<li>2021\/06\/30 &#8211; posledn\u00ed po\u0161tol\u010de vylet\u011blo z&nbsp;ko\u0161e na z\u00e1bradl\u00ed (8:31); nejstar\u0161\u00ed po\u0161tol\u010de vyl\u00e9t\u00e1 z&nbsp;bid\u00fdlka do ulice (8:54); ob\u011b vylet\u011bv\u0161\u00ed po\u0161tol\u010dat p\u0159il\u00e9taj\u00ed na st\u0159\u00ed\u0161ku sousedn\u00edho balkonu (11:39); 18:18 v\u0161echna\u00a0 po\u0161tol\u010data op\u011bt v&nbsp;lod\u017eii<\/li>\n<li>2021\/07\/02 &#8211; t\u0159et\u00ed po\u0161tol\u010de vyl\u00e9t\u00e1 z&nbsp;lod\u017eie (17:22)<\/li>\n<li>2021\/07\/03 &#8211; \u010dtvrt\u00e9 po\u0161tol\u010de vyl\u00e9t\u00e1 z&nbsp;lod\u017eie; ve\u010der se p\u0159espat vracej\u00ed jen t\u0159i<\/li>\n<li>2021\/07\/12 &#8211; ve\u010der na noc z\u016fst\u00e1v\u00e1 v&nbsp;lod\u017eii jen jedno po\u0161tol\u010de a&nbsp;sami\u010dka<\/li>\n<li>2021\/07\/14 &#8211; zahn\u00e1na ciz\u00ed sami\u010dka s&nbsp;hn\u011bd\u00fdm oc\u00e1skem (6:42)<\/li>\n<li>2021\/07\/17 &#8211; ciz\u00ed mlad\u00e1 po\u0161tolka na pr\u016fzkumu lod\u017eie (10:19\u201310:23)<\/li>\n<li>2021\/07\/26 &#8211; ve\u010der do lod\u017eie p\u0159il\u00e9t\u00e1 na noc pouze sami\u010dka<\/li>\n<li>2021\/07\/27 &#8211; na bid\u00fdlk\u00e1ch nad star\u00fdm hn\u00edzdem p\u0159esp\u00e1v\u00e1 se sami\u010dkou (ciz\u00ed ?) same\u010dek<\/li>\n<li>2021\/07\/28 &#8211; p\u0159enocovav\u0161\u00ed same\u010dek zahn\u00e1n same\u010dkem dom\u00e1c\u00edm (?) (5:39); ve\u010der p\u0159esp\u00e1v\u00e1 dom\u00e1c\u00ed sami\u010dka a&nbsp;same\u010dek<\/li>\n<li>2021\/07\/29 &#8211; zprovozn\u011bna nov\u00e1 kamera AXIS P1224-E (kamera 13)<\/li>\n<li>2021\/07\/30 &#8211; na bid\u00fdlko nad star\u00fdm hn\u00edzdem p\u0159il\u00e9t\u00e1 dom\u00e1c\u00ed okrou\u017ekovan\u00e9 po\u0161tol\u010de (5:24-6:58)<\/li>\n<li>2021\/07\/31 &#8211; ve\u010der po&nbsp;sami\u010dce a&nbsp;same\u010dkovi p\u0159il\u00e9t\u00e1 na bid\u00fdlko i&nbsp;jedno z&nbsp;po\u0161tol\u010dat; sami\u010dka se mus\u00ed uch\u00fdlit na poli\u010dku s&nbsp;kamerou nad bid\u00fdlky; tak tr\u00e1v\u00ed i&nbsp;n\u00e1sleduj\u00edc\u00ed noci<\/li>\n<li>2021\/08\/07 &#8211; same\u010dek r\u00e1no zah\u00e1n\u00ed ciz\u00ed po\u0161tolku a&nbsp;holuby; ciz\u00ed po\u0161tolka s&nbsp;hn\u011bd\u00fdm oc\u00e1skem se pak objevuje znovu a&nbsp;rovn\u011b\u017e na p\u0159\u00edletu zah\u00e1n\u00ed holuby (10:36)<\/li>\n<li>2021\/08\/15 &#8211; dom\u00e1c\u00ed same\u010dek se sna\u017e\u00ed zahnat ciz\u00ed po\u0161tolku s&nbsp;hn\u011bd\u00fdm oc\u00e1skem (13:46-13:50)<\/li>\n<li>2021\/09\/14 &#8211; dom\u00e1c\u00ed po\u0161tol\u010de, kter\u00e9 v\u00fdjime\u010dn\u011b p\u0159espalo mimo lod\u017eii se po&nbsp;r\u00e1nu vrac\u00ed; p\u0159il\u00e9t\u00e1 rovn\u011b\u017e ciz\u00ed po\u0161tolka, kterou dom\u00e1c\u00ed p\u00e1r zah\u00e1n\u00ed (6:25)<\/li>\n<li>2021\/09\/30 &#8211; dom\u00e1c\u00ed po\u0161tol\u010de se nevrac\u00ed ve\u010der p\u0159espat do lod\u017eie (ani v&nbsp;n\u00e1sleduj\u00edc\u00edch dnech se neobjevuje)<\/li>\n<li>2021\/11\/20 &#8211; n\u00e1v\u0161t\u011bva kavky a&nbsp;jej\u00ed zahn\u00e1n\u00ed dom\u00e1c\u00edm p\u00e1rem (7:43-7:56)<\/li>\n<li>2021\/12\/31 &#8211; po\u0161tol\u010d\u00ed same\u010dek nocuj\u00edc\u00ed v&nbsp;lod\u017eii zapla\u0161en sivestrovsk\u00fdmi petardami (18:30)<\/li>\n<\/ul>\n<div align=\"center\">Aktu\u00e1ln\u00ed d\u011bn\u00ed je mo\u017eno sledovat <a href=\"https:\/\/tinnunculus.sy-sy.cz\/index.php\/v-primem-prenosu\/\" target=\"_blank\" rel=\"noopener noreferrer\">zde<\/a>.<\/div>\n<div align=\"center\">\u00dadaje z&nbsp;<a href=\"https:\/\/tinnunculus.sy-sy.cz\/index.php\/krouzkovani\/\" target=\"_blank\" rel=\"noopener noreferrer\">krou\u017ekov\u00e1n\u00ed<\/a>.<\/div>\n<div align=\"center\">Foto a&nbsp;videoarchiv <a href=\"https:\/\/photo.sy-sy.cz\/photo\/?t=category_5\/album_706f73746f6c652f32303231#category_5\/album_706f73746f6c652f32303231\" target=\"_blank\" rel=\"noopener\">2021<\/a>.<\/div>\n<div align=\"center\">Rok <a href=\"https:\/\/tinnunculus.sy-sy.cz\/index.php\/deniky\/2021-2\/sezona-2021\/\">2021<\/a> v&nbsp;Bloku (aneb blogu, bloku \u010dili z\u00e1pisn\u00edku).<\/div>\n<div align=\"center\">\u00a0&#8211;<\/div>\n<p align=\"center\"><em><a href=\"https:\/\/tinnunculus.sy-sy.cz\/index.php\/deniky\/2020-2\/\">2020<\/a>\u00a0 p\u0159edchoz\u00ed rok \u2194 n\u00e1sleduj\u00edc\u00ed rok <a href=\"https:\/\/tinnunculus.sy-sy.cz\/index.php\/2022-2\/\">2022<\/a>\u00a0<\/em><\/p>\n<p><em>Pozn.: Z\u00e1kladn\u00ed informace o&nbsp;historii po\u0161tol\u010d\u00edho hn\u00edzda a&nbsp;pr\u016fb\u011bhu po\u0161tol\u010d\u00edho roku v&nbsp;lod\u017eii poskytuje \u010dl\u00e1nek <a title=\"O po\u0161tolk\u00e1ch aneb historie hn\u00edzda\" href=\"https:\/\/tinnunculus.sy-sy.cz\/index.php\/2013\/05\/24\/o-postolkach-aneb-historie-hnizda\/\">O po\u0161tolk\u00e1ch aneb historie hn\u00edzda<\/a> a&nbsp;n\u011bj navazuj\u00edc\u00ed <a href=\"https:\/\/tinnunculus.sy-sy.cz\/index.php\/o-postolkach-aneb-historie-hnizda-ii\/\">Historie hn\u00edzda II<\/a>..<\/em><\/p>\n<p>Jak\u00e9 po\u010das\u00ed prov\u00e1zelo sez\u00f3nu 2021 lze nahl\u00e9dnout v&nbsp;historick\u00fdch ro\u010dn\u00edch a&nbsp;m\u011bs\u00ed\u010dn\u00edch datech <em><a href=\"https:\/\/tinnunculus.sy-sy.cz\/index.php\/pocasi-u-nas\/archiv-pocasi\/pocasi-2021\/\" target=\"_blank\" rel=\"noopener noreferrer\">zde<\/a>.<\/em><\/p>\n<p>&nbsp;<\/p>\n<p>Aktualizov\u00e1no <span class=\"last-modified-timestamp\">28\/12\/2025 20:12<\/span><\/p>\n","protected":false},"excerpt":{"rendered":"<p>2020\u00a0 p\u0159edchoz\u00ed rok \u2194 n\u00e1sleduj\u00edc\u00ed rok 2022\u00a0<\/p>\n","protected":false},"author":2,"featured_media":0,"parent":809,"menu_order":15,"comment_status":"closed","ping_status":"closed","template":"","meta":{"jetpack_post_was_ever_published":false,"footnotes":""},"categories":[],"tags":[1424],"class_list":["post-13997","page","type-page","status-publish","hentry","tag-denik"],"jetpack_shortlink":"https:\/\/wp.me\/P91gKE-3DL","jetpack-related-posts":[{"id":10186,"url":"https:\/\/tinnunculus.sy-sy.cz\/index.php\/deniky\/2020-2\/","url_meta":{"origin":13997,"position":0},"title":"2020","author":"Zuzana Syrov\u00e1 An\u00fd\u017eov\u00e1","date":"29\/12\/2019","format":false,"excerpt":"2019\u00a0 p\u0159edchoz\u00ed rok \u2194 n\u00e1sleduj\u00edc\u00ed rok 2021 2020\/01\/01 - po\u0161tol\u010d\u00ed sami\u010dka vypla\u0161en\u00e1 p\u0159edchoz\u00ed ve\u010der silvestrovsk\u00fdmi petardami p\u0159il\u00e9t\u00e1 spolu se same\u010dkem na rann\u00ed inspekci (7:41\u20137:45); objevuj\u00ed se pak n\u011bkolikr\u00e1t za den a ve\u010der sami\u010dka op\u011bt p\u0159il\u00e9t\u00e1 na noc 2020\/01\/02 - po\u0161tol\u010d\u00ed sami\u010dka si p\u0159in\u00e1\u0161\u00ed do lod\u017eie hrabo\u0161e (9:12) 2020\/01\/06 - same\u010dek\u2026","rel":"","context":"V \u201eden\u00edk\u201c","block_context":{"text":"den\u00edk","link":"https:\/\/tinnunculus.sy-sy.cz\/index.php\/tag\/denik\/"},"img":{"alt_text":"","src":"https:\/\/i0.wp.com\/tinnunculus.sy-sy.cz\/wp-content\/uploads\/2020\/01\/20200101_08-20-38uprav-1024x677.jpg?resize=350%2C200&ssl=1","width":350,"height":200,"srcset":"https:\/\/i0.wp.com\/tinnunculus.sy-sy.cz\/wp-content\/uploads\/2020\/01\/20200101_08-20-38uprav-1024x677.jpg?resize=350%2C200&ssl=1 1x, https:\/\/i0.wp.com\/tinnunculus.sy-sy.cz\/wp-content\/uploads\/2020\/01\/20200101_08-20-38uprav-1024x677.jpg?resize=525%2C300&ssl=1 1.5x"},"classes":[]},{"id":16605,"url":"https:\/\/tinnunculus.sy-sy.cz\/index.php\/deniky\/2022-2\/","url_meta":{"origin":13997,"position":1},"title":"2022","author":"Zuzana Syrov\u00e1 An\u00fd\u017eov\u00e1","date":"15\/06\/2021","format":false,"excerpt":"2021 \u00a0 p\u0159edchoz\u00ed rok \u2194 n\u00e1sleduj\u00edc\u00ed rok 2023 2022\/01\/01 - o silvestrovsk\u00e9 noci se po\u0161tol\u010d\u00ed sami\u010dka nenech\u00e1v\u00e1 zapla\u0161it a na rozd\u00edl od same\u010dka vydr\u017e\u00ed na bid\u00fdlku a\u017e do r\u00e1na 2022\/01\/04 - ve\u010der p\u0159il\u00e9t\u00e1 ciz\u00ed po\u0161tolka; je zahn\u00e1na same\u010dkem (16:30) 2022\/01\/16 - ve\u010der same\u010dek p\u0159in\u00e1\u0161\u00ed do lod\u017eie hrabo\u0161e a konzumuje ho\u2026","rel":"","context":"V \u201eden\u00edk\u201c","block_context":{"text":"den\u00edk","link":"https:\/\/tinnunculus.sy-sy.cz\/index.php\/tag\/denik\/"},"img":{"alt_text":"","src":"https:\/\/i0.wp.com\/tinnunculus.sy-sy.cz\/wp-content\/uploads\/2022\/03\/20220319_07-46-25-1024x576.jpg?resize=350%2C200&ssl=1","width":350,"height":200,"srcset":"https:\/\/i0.wp.com\/tinnunculus.sy-sy.cz\/wp-content\/uploads\/2022\/03\/20220319_07-46-25-1024x576.jpg?resize=350%2C200&ssl=1 1x, https:\/\/i0.wp.com\/tinnunculus.sy-sy.cz\/wp-content\/uploads\/2022\/03\/20220319_07-46-25-1024x576.jpg?resize=525%2C300&ssl=1 1.5x"},"classes":[]},{"id":20315,"url":"https:\/\/tinnunculus.sy-sy.cz\/index.php\/deniky\/2024-2\/","url_meta":{"origin":13997,"position":2},"title":"2024","author":"Zuzana Syrov\u00e1 An\u00fd\u017eov\u00e1","date":"31\/12\/2022","format":false,"excerpt":"\u00a02023 p\u0159edchoz\u00ed rok \u2194 n\u00e1sleduj\u00edc\u00ed rok 2025 2024\/01\/01 - pan po\u0161tolka vypla\u0161en silvestrovsk\u00fdmi petardami odl\u00e9t\u00e1 necelou minutu po p\u016flnoci; pan\u00ed po\u0161tolka z\u016fst\u00e1v\u00e1 a\u017e do r\u00e1na; pan po\u0161tolka se vrac\u00ed po jej\u00edm odletu v 8:02; ve\u010der se ale vrac\u00ed pouze pan\u00ed po\u0161tolka 2024\/01\/03 - pan po\u0161tolka se op\u011bt vrac\u00ed a\u017e r\u00e1no\u2026","rel":"","context":"V \u201e\"Na\u0161e\" po\u0161tolky\u201c","block_context":{"text":"\"Na\u0161e\" po\u0161tolky","link":"https:\/\/tinnunculus.sy-sy.cz\/index.php\/category\/nasi\/nase-postolky\/"},"img":{"alt_text":"","src":"https:\/\/i0.wp.com\/tinnunculus.sy-sy.cz\/wp-content\/uploads\/2024\/03\/20240323-1120525196-1024x576.jpg?resize=350%2C200&ssl=1","width":350,"height":200,"srcset":"https:\/\/i0.wp.com\/tinnunculus.sy-sy.cz\/wp-content\/uploads\/2024\/03\/20240323-1120525196-1024x576.jpg?resize=350%2C200&ssl=1 1x, https:\/\/i0.wp.com\/tinnunculus.sy-sy.cz\/wp-content\/uploads\/2024\/03\/20240323-1120525196-1024x576.jpg?resize=525%2C300&ssl=1 1.5x"},"classes":[]},{"id":38491,"url":"https:\/\/tinnunculus.sy-sy.cz\/index.php\/deniky\/2026-2\/","url_meta":{"origin":13997,"position":3},"title":"2026","author":"Zuzana Syrov\u00e1 An\u00fd\u017eov\u00e1","date":"16\/12\/2024","format":false,"excerpt":"\u00a02025 p\u0159edchoz\u00ed rok \u2194 n\u00e1sleduj\u00edc\u00ed rok 2027 ? 2026\/01\/01 - po silvestrovsk\u00e9 noci str\u00e1ven\u00e9 v polici pod stropem nad hn\u00edzdem pan\u00ed po\u0161tolka odl\u00e9t\u00e1 v 7:34; pan po\u0161tolka, kter\u00fd tr\u00e1vil noc nezn\u00e1mo kde, se vrac\u00ed hned po r\u00e1nu zahnat holuby (8:17). 2026\/01\/03 - jedna kavka se sna\u017e\u00ed sebrat pan\u00ed po\u0161tolce hrabo\u0161e,\u2026","rel":"","context":"V \u201e\"Na\u0161e\" po\u0161tolky\u201c","block_context":{"text":"\"Na\u0161e\" po\u0161tolky","link":"https:\/\/tinnunculus.sy-sy.cz\/index.php\/category\/nasi\/nase-postolky\/"},"img":{"alt_text":"","src":"https:\/\/i0.wp.com\/tinnunculus.sy-sy.cz\/wp-content\/uploads\/2026\/02\/20260228-094239pe-0-e1772301397717-1024x577.jpg?resize=350%2C200&ssl=1","width":350,"height":200,"srcset":"https:\/\/i0.wp.com\/tinnunculus.sy-sy.cz\/wp-content\/uploads\/2026\/02\/20260228-094239pe-0-e1772301397717-1024x577.jpg?resize=350%2C200&ssl=1 1x, https:\/\/i0.wp.com\/tinnunculus.sy-sy.cz\/wp-content\/uploads\/2026\/02\/20260228-094239pe-0-e1772301397717-1024x577.jpg?resize=525%2C300&ssl=1 1.5x"},"classes":[]},{"id":29104,"url":"https:\/\/tinnunculus.sy-sy.cz\/index.php\/deniky\/2025-2\/","url_meta":{"origin":13997,"position":4},"title":"2025","author":"Zuzana Syrov\u00e1 An\u00fd\u017eov\u00e1","date":"28\/12\/2023","format":false,"excerpt":"\u00a02024 p\u0159edchoz\u00ed rok \u2194 n\u00e1sleduj\u00edc\u00ed rok 2026 ? 2025\/01\/01 - dom\u00e1c\u00ed po\u0161tol\u010d\u00ed p\u00e1r p\u0159e\u010dkal silvestrovskou noc v bezpe\u010d\u00ed lod\u017eie, on na bid\u00fdlku nad star\u00fdm hn\u00edzdem, ona v polici pod stropem nad hn\u00edzdem nov\u00fdm 2025\/01\/07 - pan\u00ed po\u0161tolka p\u0159il\u00e9t\u00e1 do lod\u017eie cel\u00e1 zkrvaven\u00e1, patrn\u011b se n\u011bkde poprala 2025\/02\/04 - pan po\u0161tolka\u2026","rel":"","context":"V \u201e\"Na\u0161e\" po\u0161tolky\u201c","block_context":{"text":"\"Na\u0161e\" po\u0161tolky","link":"https:\/\/tinnunculus.sy-sy.cz\/index.php\/category\/nasi\/nase-postolky\/"},"img":{"alt_text":"","src":"https:\/\/i0.wp.com\/tinnunculus.sy-sy.cz\/wp-content\/uploads\/2025\/02\/202502221082318-1024x576.jpg?resize=350%2C200&ssl=1","width":350,"height":200,"srcset":"https:\/\/i0.wp.com\/tinnunculus.sy-sy.cz\/wp-content\/uploads\/2025\/02\/202502221082318-1024x576.jpg?resize=350%2C200&ssl=1 1x, https:\/\/i0.wp.com\/tinnunculus.sy-sy.cz\/wp-content\/uploads\/2025\/02\/202502221082318-1024x576.jpg?resize=525%2C300&ssl=1 1.5x"},"classes":[]},{"id":6887,"url":"https:\/\/tinnunculus.sy-sy.cz\/index.php\/deniky\/2019-2\/","url_meta":{"origin":13997,"position":5},"title":"2019","author":"Zuzana Syrov\u00e1 An\u00fd\u017eov\u00e1","date":"25\/12\/2018","format":false,"excerpt":"2018\u00a0 p\u0159edchoz\u00ed rok \u2194 n\u00e1sleduj\u00edc\u00ed rok 2020 2019\/01\/01 \u2013 po\u0161tol\u010d\u00ed sami\u010dka, zapla\u0161en\u00e1 o p\u0159edchoz\u00edm silvestrovsk\u00e9m ve\u010deru petardami, se vrac\u00ed p\u0159espat op\u011bt jako ka\u017ed\u00fd den na bid\u00fdlku (15:11) 2019\/01\/28 - \"na\u0161e\" po\u0161tolka se schov\u00e1v\u00e1 v lod\u017eii p\u0159ed hust\u00fdm sn\u011b\u017een\u00edm a\u00a0k ob\u011bdu si ulov\u00ed s\u00fdkorku 2019\/02\/13 - \"na\u0161e\" po\u0161tolka r\u00e1no chv\u00edli p\u0159ed\u2026","rel":"","context":"V \u201eden\u00edk\u201c","block_context":{"text":"den\u00edk","link":"https:\/\/tinnunculus.sy-sy.cz\/index.php\/tag\/denik\/"},"img":{"alt_text":"","src":"https:\/\/i0.wp.com\/tinnunculus.sy-sy.cz\/wp-content\/uploads\/2019\/02\/20190213-1931511795u2.jpg?resize=350%2C200&ssl=1","width":350,"height":200,"srcset":"https:\/\/i0.wp.com\/tinnunculus.sy-sy.cz\/wp-content\/uploads\/2019\/02\/20190213-1931511795u2.jpg?resize=350%2C200&ssl=1 1x, https:\/\/i0.wp.com\/tinnunculus.sy-sy.cz\/wp-content\/uploads\/2019\/02\/20190213-1931511795u2.jpg?resize=525%2C300&ssl=1 1.5x, https:\/\/i0.wp.com\/tinnunculus.sy-sy.cz\/wp-content\/uploads\/2019\/02\/20190213-1931511795u2.jpg?resize=700%2C400&ssl=1 2x"},"classes":[]}],"jetpack_sharing_enabled":true,"_links":{"self":[{"href":"https:\/\/tinnunculus.sy-sy.cz\/index.php\/wp-json\/wp\/v2\/pages\/13997","targetHints":{"allow":["GET"]}}],"collection":[{"href":"https:\/\/tinnunculus.sy-sy.cz\/index.php\/wp-json\/wp\/v2\/pages"}],"about":[{"href":"https:\/\/tinnunculus.sy-sy.cz\/index.php\/wp-json\/wp\/v2\/types\/page"}],"author":[{"embeddable":true,"href":"https:\/\/tinnunculus.sy-sy.cz\/index.php\/wp-json\/wp\/v2\/users\/2"}],"replies":[{"embeddable":true,"href":"https:\/\/tinnunculus.sy-sy.cz\/index.php\/wp-json\/wp\/v2\/comments?post=13997"}],"version-history":[{"count":3,"href":"https:\/\/tinnunculus.sy-sy.cz\/index.php\/wp-json\/wp\/v2\/pages\/13997\/revisions"}],"predecessor-version":[{"id":45522,"href":"https:\/\/tinnunculus.sy-sy.cz\/index.php\/wp-json\/wp\/v2\/pages\/13997\/revisions\/45522"}],"up":[{"embeddable":true,"href":"https:\/\/tinnunculus.sy-sy.cz\/index.php\/wp-json\/wp\/v2\/pages\/809"}],"wp:attachment":[{"href":"https:\/\/tinnunculus.sy-sy.cz\/index.php\/wp-json\/wp\/v2\/media?parent=13997"}],"wp:term":[{"taxonomy":"category","embeddable":true,"href":"https:\/\/tinnunculus.sy-sy.cz\/index.php\/wp-json\/wp\/v2\/categories?post=13997"},{"taxonomy":"post_tag","embeddable":true,"href":"https:\/\/tinnunculus.sy-sy.cz\/index.php\/wp-json\/wp\/v2\/tags?post=13997"}],"curies":[{"name":"wp","href":"https:\/\/api.w.org\/{rel}","templated":true}]}}