{"id":4292,"date":"2018-03-20T14:08:57","date_gmt":"2018-03-20T13:08:57","guid":{"rendered":"http:\/\/tinnunculus.sy-sy.cz\/?post_type=jetpack-portfolio&#038;p=4292"},"modified":"2024-03-06T09:09:29","modified_gmt":"2024-03-06T08:09:29","slug":"pt-lisboa-amadora","status":"publish","type":"jetpack-portfolio","link":"https:\/\/tinnunculus.sy-sy.cz\/index.php\/portfolio\/pt-lisboa-amadora\/","title":{"rendered":"PT &#8211; Lisboa &#8211; Amadora"},"content":{"rendered":"<p><img data-recalc-dims=\"1\" loading=\"lazy\" decoding=\"async\" data-attachment-id=\"4296\" data-permalink=\"https:\/\/tinnunculus.sy-sy.cz\/index.php\/portfolio\/pt-lisboa-amadora\/zuzu-e-margarida-8-5\/\" data-orig-file=\"https:\/\/i0.wp.com\/tinnunculus.sy-sy.cz\/wp-content\/uploads\/2018\/03\/Zuzu-e-Margarida-8-5-e1521552182675.jpg?fit=1038%2C583&amp;ssl=1\" data-orig-size=\"1038,583\" data-comments-opened=\"1\" data-image-meta=\"{&quot;aperture&quot;:&quot;0&quot;,&quot;credit&quot;:&quot;&quot;,&quot;camera&quot;:&quot;&quot;,&quot;caption&quot;:&quot;&quot;,&quot;created_timestamp&quot;:&quot;0&quot;,&quot;copyright&quot;:&quot;&quot;,&quot;focal_length&quot;:&quot;0&quot;,&quot;iso&quot;:&quot;0&quot;,&quot;shutter_speed&quot;:&quot;0&quot;,&quot;title&quot;:&quot;&quot;,&quot;orientation&quot;:&quot;0&quot;}\" data-image-title=\"Zuzu e Margarida 8-5\" data-image-description=\"\" data-image-caption=\"\" data-large-file=\"https:\/\/i0.wp.com\/tinnunculus.sy-sy.cz\/wp-content\/uploads\/2018\/03\/Zuzu-e-Margarida-8-5-e1521552182675.jpg?fit=525%2C295&amp;ssl=1\" class=\"aligncenter wp-image-4296 size-large\" src=\"https:\/\/i0.wp.com\/tinnunculus.sy-sy.cz\/wp-content\/uploads\/2018\/03\/Zuzu-e-Margarida-8-5.jpg?resize=525%2C295&#038;ssl=1\" alt=\"\" width=\"525\" height=\"295\" \/><\/p>\n<div>\n<p class=\"section-hero-header-title\"><a href=\"https:\/\/goo.gl\/maps\/oaU56i3QH6r\" target=\"_blank\" rel=\"noopener\">Amadora, Portugalsko<\/a><\/p>\n<p>Po\u0161tolky, p\u00e1r pojmenovan\u00fd Zuzu a&nbsp;Margarida, hn\u00edzd\u00ed v&nbsp;truhl\u00edku za oknem bytu, kter\u00fd ob\u00fdv\u00e1 rodina Cotter v&nbsp;m\u011bst\u011b Amadora v&nbsp;lisabonsk\u00e9 aglomeraci.\u00a0 Po\u0161tol\u010d\u00ed rodina m\u00e1 sv\u00e9 str\u00e1nky na FB, kter\u00e9 se t\u011b\u0161\u00ed velk\u00e9 oblib\u011b. <!--more-->V dob\u011b hn\u00edzd\u011bn\u00ed se v\u017edy n\u011bjak poda\u0159\u00ed zajistit p\u0159\u00edm\u00fd p\u0159enos, ale \u0159e\u0161en\u00ed se rok od roku li\u0161\u00ed.\u00a0 V&nbsp;r. 2017 to bylo <a href=\"https:\/\/www.youtube.com\/nomadmediastudios1\/live\" target=\"_blank\" rel=\"noopener\">YouTube<\/a> Live view (<a class=\"yt-simple-endpoint style-scope yt-formatted-string\" href=\"https:\/\/www.youtube.com\/channel\/UCM0vKi-1tdCAaSWLzY54ATA\">Nomad Media Studios<\/a>).<\/p>\n<\/div>\n<p><img data-recalc-dims=\"1\" loading=\"lazy\" decoding=\"async\" data-attachment-id=\"4298\" data-permalink=\"https:\/\/tinnunculus.sy-sy.cz\/index.php\/portfolio\/pt-lisboa-amadora\/zuzu-e-margarida-emise04\/\" data-orig-file=\"https:\/\/i0.wp.com\/tinnunculus.sy-sy.cz\/wp-content\/uploads\/2018\/03\/Zuzu-e-Margarida-emise04.jpg?fit=1827%2C1095&amp;ssl=1\" data-orig-size=\"1827,1095\" data-comments-opened=\"1\" data-image-meta=\"{&quot;aperture&quot;:&quot;0&quot;,&quot;credit&quot;:&quot;&quot;,&quot;camera&quot;:&quot;&quot;,&quot;caption&quot;:&quot;&quot;,&quot;created_timestamp&quot;:&quot;0&quot;,&quot;copyright&quot;:&quot;&quot;,&quot;focal_length&quot;:&quot;0&quot;,&quot;iso&quot;:&quot;0&quot;,&quot;shutter_speed&quot;:&quot;0&quot;,&quot;title&quot;:&quot;&quot;,&quot;orientation&quot;:&quot;0&quot;}\" data-image-title=\"Zuzu e Margarida emise04\" data-image-description=\"\" data-image-caption=\"\" data-large-file=\"https:\/\/i0.wp.com\/tinnunculus.sy-sy.cz\/wp-content\/uploads\/2018\/03\/Zuzu-e-Margarida-emise04.jpg?fit=525%2C315&amp;ssl=1\" class=\"size-medium wp-image-4298 aligncenter\" src=\"https:\/\/i0.wp.com\/tinnunculus.sy-sy.cz\/wp-content\/uploads\/2018\/03\/Zuzu-e-Margarida-emise04-300x180.jpg?resize=300%2C180&#038;ssl=1\" alt=\"\" width=\"300\" height=\"180\" srcset=\"https:\/\/i0.wp.com\/tinnunculus.sy-sy.cz\/wp-content\/uploads\/2018\/03\/Zuzu-e-Margarida-emise04.jpg?resize=300%2C180&amp;ssl=1 300w, https:\/\/i0.wp.com\/tinnunculus.sy-sy.cz\/wp-content\/uploads\/2018\/03\/Zuzu-e-Margarida-emise04.jpg?resize=768%2C460&amp;ssl=1 768w, https:\/\/i0.wp.com\/tinnunculus.sy-sy.cz\/wp-content\/uploads\/2018\/03\/Zuzu-e-Margarida-emise04.jpg?resize=1024%2C614&amp;ssl=1 1024w, https:\/\/i0.wp.com\/tinnunculus.sy-sy.cz\/wp-content\/uploads\/2018\/03\/Zuzu-e-Margarida-emise04.jpg?w=1827&amp;ssl=1 1827w, https:\/\/i0.wp.com\/tinnunculus.sy-sy.cz\/wp-content\/uploads\/2018\/03\/Zuzu-e-Margarida-emise04.jpg?w=1575&amp;ssl=1 1575w\" sizes=\"auto, (max-width: 300px) 100vw, 300px\" \/><\/p>\n<p><img data-recalc-dims=\"1\" loading=\"lazy\" decoding=\"async\" data-attachment-id=\"4299\" data-permalink=\"https:\/\/tinnunculus.sy-sy.cz\/index.php\/portfolio\/pt-lisboa-amadora\/zuzu-e-margarida-emise03\/\" data-orig-file=\"https:\/\/i0.wp.com\/tinnunculus.sy-sy.cz\/wp-content\/uploads\/2018\/03\/Zuzu-e-Margarida-emise03-e1521554600729.jpg?fit=1038%2C687&amp;ssl=1\" data-orig-size=\"1038,687\" data-comments-opened=\"1\" data-image-meta=\"{&quot;aperture&quot;:&quot;0&quot;,&quot;credit&quot;:&quot;&quot;,&quot;camera&quot;:&quot;&quot;,&quot;caption&quot;:&quot;&quot;,&quot;created_timestamp&quot;:&quot;0&quot;,&quot;copyright&quot;:&quot;&quot;,&quot;focal_length&quot;:&quot;0&quot;,&quot;iso&quot;:&quot;0&quot;,&quot;shutter_speed&quot;:&quot;0&quot;,&quot;title&quot;:&quot;&quot;,&quot;orientation&quot;:&quot;0&quot;}\" data-image-title=\"Zuzu e Margarida emise03\" data-image-description=\"\" data-image-caption=\"\" data-large-file=\"https:\/\/i0.wp.com\/tinnunculus.sy-sy.cz\/wp-content\/uploads\/2018\/03\/Zuzu-e-Margarida-emise03-e1521554600729.jpg?fit=525%2C348&amp;ssl=1\" class=\"size-medium wp-image-4299 aligncenter\" src=\"https:\/\/i0.wp.com\/tinnunculus.sy-sy.cz\/wp-content\/uploads\/2018\/03\/Zuzu-e-Margarida-emise03-300x199.jpg?resize=300%2C199&#038;ssl=1\" alt=\"\" width=\"300\" height=\"199\" \/><\/p>\n<ul>\n<li>FB: <a href=\"https:\/\/www.facebook.com\/janelafalcao\" target=\"_blank\" rel=\"noopener\">https:\/\/www.facebook.com\/janelafalcao<\/a><\/li>\n<li>YouTube: <a href=\"https:\/\/www.youtube.com\/channel\/UCokGrAPa74ddP7sKq5vKhSQ\" target=\"_blank\" rel=\"noopener\">https:\/\/www.youtube.com\/channel\/UCokGrAPa74ddP7sKq5vKhSQ<\/a><\/li>\n<\/ul>\n<p><span class=\"last-modified-timestamp\">Aktualizov\u00e1no: <span class=\"last-modified-timestamp\">06\/03\/2024 09:09<\/span><\/span><\/p>\n","protected":false},"excerpt":{"rendered":"<p>Video a&nbsp;fotoreport\u00e1\u017ee z&nbsp;hn\u00edzd\u011bn\u00ed po\u0161tol\u010d\u00edho p\u00e1ru pojmenovan\u00e9ho Zuzu a&nbsp;Margarida v&nbsp;truhl\u00edku za oknem bytu, kter\u00fd ob\u00fdv\u00e1 rodina Cotter v&nbsp;m\u011bst\u011b Amadora v&nbsp;lisabonsk\u00e9 aglomeraci.<\/p>\n","protected":false},"author":2,"featured_media":0,"comment_status":"closed","ping_status":"closed","template":"","format":"standard","meta":{"jetpack_post_was_ever_published":false,"footnotes":""},"jetpack-portfolio-type":[233,227,228,229],"jetpack-portfolio-tag":[273,272,953,951,235,253],"class_list":["post-4292","jetpack-portfolio","type-jetpack-portfolio","status-publish","format-standard","hentry","jetpack-portfolio-type-postolka-obecna-falco-tinnunculus","jetpack-portfolio-type-prime-prenosy-a-videoreportaze","jetpack-portfolio-type-primy-prenos-postolka-obecna","jetpack-portfolio-type-videoreportaz-postolka-obecna","jetpack-portfolio-tag-273","jetpack-portfolio-tag-272","jetpack-portfolio-tag-parapet","jetpack-portfolio-tag-truhlik","jetpack-portfolio-tag-offline","jetpack-portfolio-tag-pt-portugalsko-portugal"],"jetpack-related-posts":[],"jetpack_sharing_enabled":true,"_links":{"self":[{"href":"https:\/\/tinnunculus.sy-sy.cz\/index.php\/wp-json\/wp\/v2\/jetpack-portfolio\/4292","targetHints":{"allow":["GET"]}}],"collection":[{"href":"https:\/\/tinnunculus.sy-sy.cz\/index.php\/wp-json\/wp\/v2\/jetpack-portfolio"}],"about":[{"href":"https:\/\/tinnunculus.sy-sy.cz\/index.php\/wp-json\/wp\/v2\/types\/jetpack-portfolio"}],"author":[{"embeddable":true,"href":"https:\/\/tinnunculus.sy-sy.cz\/index.php\/wp-json\/wp\/v2\/users\/2"}],"replies":[{"embeddable":true,"href":"https:\/\/tinnunculus.sy-sy.cz\/index.php\/wp-json\/wp\/v2\/comments?post=4292"}],"version-history":[{"count":1,"href":"https:\/\/tinnunculus.sy-sy.cz\/index.php\/wp-json\/wp\/v2\/jetpack-portfolio\/4292\/revisions"}],"predecessor-version":[{"id":32675,"href":"https:\/\/tinnunculus.sy-sy.cz\/index.php\/wp-json\/wp\/v2\/jetpack-portfolio\/4292\/revisions\/32675"}],"wp:attachment":[{"href":"https:\/\/tinnunculus.sy-sy.cz\/index.php\/wp-json\/wp\/v2\/media?parent=4292"}],"wp:term":[{"taxonomy":"jetpack-portfolio-type","embeddable":true,"href":"https:\/\/tinnunculus.sy-sy.cz\/index.php\/wp-json\/wp\/v2\/jetpack-portfolio-type?post=4292"},{"taxonomy":"jetpack-portfolio-tag","embeddable":true,"href":"https:\/\/tinnunculus.sy-sy.cz\/index.php\/wp-json\/wp\/v2\/jetpack-portfolio-tag?post=4292"}],"curies":[{"name":"wp","href":"https:\/\/api.w.org\/{rel}","templated":true}]}}

<p><img data-recalc-dims="1" loading="lazy" decoding="async" data-attachment-id="4296" data-permalink="https://tinnunculus.sy-sy.cz/index.php/portfolio/pt-lisboa-amadora/zuzu-e-margarida-8-5/" data-orig-file="https://i0.wp.com/tinnunculus.sy-sy.cz/wp-content/uploads/2018/03/Zuzu-e-Margarida-8-5-e1521552182675.jpg?fit=1038%2C583&amp;ssl=1" data-orig-size="1038,583" data-comments-opened="1" data-image-meta="{&quot;aperture&quot;:&quot;0&quot;,&quot;credit&quot;:&quot;&quot;,&quot;camera&quot;:&quot;&quot;,&quot;caption&quot;:&quot;&quot;,&quot;created_timestamp&quot;:&quot;0&quot;,&quot;copyright&quot;:&quot;&quot;,&quot;focal_length&quot;:&quot;0&quot;,&quot;iso&quot;:&quot;0&quot;,&quot;shutter_speed&quot;:&quot;0&quot;,&quot;title&quot;:&quot;&quot;,&quot;orientation&quot;:&quot;0&quot;}" data-image-title="Zuzu e Margarida 8-5" data-image-description="" data-image-caption="" data-large-file="https://i0.wp.com/tinnunculus.sy-sy.cz/wp-content/uploads/2018/03/Zuzu-e-Margarida-8-5-e1521552182675.jpg?fit=525%2C295&amp;ssl=1" class="aligncenter wp-image-4296 size-large" src="https://i0.wp.com/tinnunculus.sy-sy.cz/wp-content/uploads/2018/03/Zuzu-e-Margarida-8-5.jpg?resize=525%2C295&#038;ssl=1" alt="" width="525" height="295" /></p>
<div>
<p class="section-hero-header-title"><a href="https://goo.gl/maps/oaU56i3QH6r" target="_blank" rel="noopener">Amadora, Portugalsko</a></p>
<p>Poštolky, pár pojmenovaný Zuzu a&nbsp;Margarida, hnízdí v&nbsp;truhlíku za oknem bytu, který obývá rodina Cotter v&nbsp;městě Amadora v&nbsp;lisabonské aglomeraci.  Poštolčí rodina má své stránky na FB, které se těší velké oblibě. <!--more-->V době hnízdění se vždy nějak podaří zajistit přímý přenos, ale řešení se rok od roku liší.  V&nbsp;r. 2017 to bylo <a href="https://www.youtube.com/nomadmediastudios1/live" target="_blank" rel="noopener">YouTube</a> Live view (<a class="yt-simple-endpoint style-scope yt-formatted-string" href="https://www.youtube.com/channel/UCM0vKi-1tdCAaSWLzY54ATA">Nomad Media Studios</a>).</p>
</div>
<p><img data-recalc-dims="1" loading="lazy" decoding="async" data-attachment-id="4298" data-permalink="https://tinnunculus.sy-sy.cz/index.php/portfolio/pt-lisboa-amadora/zuzu-e-margarida-emise04/" data-orig-file="https://i0.wp.com/tinnunculus.sy-sy.cz/wp-content/uploads/2018/03/Zuzu-e-Margarida-emise04.jpg?fit=1827%2C1095&amp;ssl=1" data-orig-size="1827,1095" data-comments-opened="1" data-image-meta="{&quot;aperture&quot;:&quot;0&quot;,&quot;credit&quot;:&quot;&quot;,&quot;camera&quot;:&quot;&quot;,&quot;caption&quot;:&quot;&quot;,&quot;created_timestamp&quot;:&quot;0&quot;,&quot;copyright&quot;:&quot;&quot;,&quot;focal_length&quot;:&quot;0&quot;,&quot;iso&quot;:&quot;0&quot;,&quot;shutter_speed&quot;:&quot;0&quot;,&quot;title&quot;:&quot;&quot;,&quot;orientation&quot;:&quot;0&quot;}" data-image-title="Zuzu e Margarida emise04" data-image-description="" data-image-caption="" data-large-file="https://i0.wp.com/tinnunculus.sy-sy.cz/wp-content/uploads/2018/03/Zuzu-e-Margarida-emise04.jpg?fit=525%2C315&amp;ssl=1" class="size-medium wp-image-4298 aligncenter" src="https://i0.wp.com/tinnunculus.sy-sy.cz/wp-content/uploads/2018/03/Zuzu-e-Margarida-emise04-300x180.jpg?resize=300%2C180&#038;ssl=1" alt="" width="300" height="180" srcset="https://i0.wp.com/tinnunculus.sy-sy.cz/wp-content/uploads/2018/03/Zuzu-e-Margarida-emise04.jpg?resize=300%2C180&amp;ssl=1 300w, https://i0.wp.com/tinnunculus.sy-sy.cz/wp-content/uploads/2018/03/Zuzu-e-Margarida-emise04.jpg?resize=768%2C460&amp;ssl=1 768w, https://i0.wp.com/tinnunculus.sy-sy.cz/wp-content/uploads/2018/03/Zuzu-e-Margarida-emise04.jpg?resize=1024%2C614&amp;ssl=1 1024w, https://i0.wp.com/tinnunculus.sy-sy.cz/wp-content/uploads/2018/03/Zuzu-e-Margarida-emise04.jpg?w=1827&amp;ssl=1 1827w, https://i0.wp.com/tinnunculus.sy-sy.cz/wp-content/uploads/2018/03/Zuzu-e-Margarida-emise04.jpg?w=1575&amp;ssl=1 1575w" sizes="auto, (max-width: 300px) 100vw, 300px" /></p>
<p><img data-recalc-dims="1" loading="lazy" decoding="async" data-attachment-id="4299" data-permalink="https://tinnunculus.sy-sy.cz/index.php/portfolio/pt-lisboa-amadora/zuzu-e-margarida-emise03/" data-orig-file="https://i0.wp.com/tinnunculus.sy-sy.cz/wp-content/uploads/2018/03/Zuzu-e-Margarida-emise03-e1521554600729.jpg?fit=1038%2C687&amp;ssl=1" data-orig-size="1038,687" data-comments-opened="1" data-image-meta="{&quot;aperture&quot;:&quot;0&quot;,&quot;credit&quot;:&quot;&quot;,&quot;camera&quot;:&quot;&quot;,&quot;caption&quot;:&quot;&quot;,&quot;created_timestamp&quot;:&quot;0&quot;,&quot;copyright&quot;:&quot;&quot;,&quot;focal_length&quot;:&quot;0&quot;,&quot;iso&quot;:&quot;0&quot;,&quot;shutter_speed&quot;:&quot;0&quot;,&quot;title&quot;:&quot;&quot;,&quot;orientation&quot;:&quot;0&quot;}" data-image-title="Zuzu e Margarida emise03" data-image-description="" data-image-caption="" data-large-file="https://i0.wp.com/tinnunculus.sy-sy.cz/wp-content/uploads/2018/03/Zuzu-e-Margarida-emise03-e1521554600729.jpg?fit=525%2C348&amp;ssl=1" class="size-medium wp-image-4299 aligncenter" src="https://i0.wp.com/tinnunculus.sy-sy.cz/wp-content/uploads/2018/03/Zuzu-e-Margarida-emise03-300x199.jpg?resize=300%2C199&#038;ssl=1" alt="" width="300" height="199" /></p>
<ul>
<li>FB: <a href="https://www.facebook.com/janelafalcao" target="_blank" rel="noopener">https://www.facebook.com/janelafalcao</a></li>
<li>YouTube: <a href="https://www.youtube.com/channel/UCokGrAPa74ddP7sKq5vKhSQ" target="_blank" rel="noopener">https://www.youtube.com/channel/UCokGrAPa74ddP7sKq5vKhSQ</a></li>
</ul>
<p><span class="last-modified-timestamp">Aktualizováno: <span class="last-modified-timestamp">06/03/2024 09:09</span></span></p>

<p>Video a&nbsp;fotoreportáže z&nbsp;hnízdění poštolčího páru pojmenovaného Zuzu a&nbsp;Margarida v&nbsp;truhlíku za oknem bytu, který obývá rodina Cotter v&nbsp;městě Amadora v&nbsp;lisabonské aglomeraci.</p>
