{"id":39512,"date":"2025-02-15T13:29:51","date_gmt":"2025-02-15T12:29:51","guid":{"rendered":"https:\/\/tinnunculus.sy-sy.cz\/?post_type=jetpack-portfolio&#038;p=39512"},"modified":"2026-03-28T17:22:44","modified_gmt":"2026-03-28T16:22:44","slug":"nl-almen","status":"publish","type":"jetpack-portfolio","link":"https:\/\/tinnunculus.sy-sy.cz\/index.php\/portfolio\/nl-almen\/","title":{"rendered":"NL &#8211; Almen"},"content":{"rendered":"<p><img data-recalc-dims=\"1\" loading=\"lazy\" decoding=\"async\" data-attachment-id=\"39514\" data-permalink=\"https:\/\/tinnunculus.sy-sy.cz\/index.php\/portfolio\/nl-almen\/grootbessenlink_videoframe_24999\/\" data-orig-file=\"https:\/\/i0.wp.com\/tinnunculus.sy-sy.cz\/wp-content\/uploads\/2025\/02\/GrootBessenlink_videoframe_24999-e1739622764852.jpg?fit=1038%2C584&amp;ssl=1\" data-orig-size=\"1038,584\" data-comments-opened=\"1\" data-image-meta=\"{&quot;aperture&quot;:&quot;0&quot;,&quot;credit&quot;:&quot;&quot;,&quot;camera&quot;:&quot;&quot;,&quot;caption&quot;:&quot;&quot;,&quot;created_timestamp&quot;:&quot;0&quot;,&quot;copyright&quot;:&quot;&quot;,&quot;focal_length&quot;:&quot;0&quot;,&quot;iso&quot;:&quot;0&quot;,&quot;shutter_speed&quot;:&quot;0&quot;,&quot;title&quot;:&quot;&quot;,&quot;orientation&quot;:&quot;0&quot;}\" data-image-title=\"GrootBessenlink_videoframe_24999\" data-image-description=\"\" data-image-caption=\"\" data-large-file=\"https:\/\/i0.wp.com\/tinnunculus.sy-sy.cz\/wp-content\/uploads\/2025\/02\/GrootBessenlink_videoframe_24999-e1739622764852.jpg?fit=525%2C295&amp;ssl=1\" class=\"aligncenter wp-image-39514 size-large\" src=\"https:\/\/i0.wp.com\/tinnunculus.sy-sy.cz\/wp-content\/uploads\/2025\/02\/GrootBessenlink_videoframe_24999-e1739622748484-1024x576.jpg?resize=525%2C295&#038;ssl=1\" alt=\"\" width=\"525\" height=\"295\" \/><\/p>\n<p><a href=\"https:\/\/maps.app.goo.gl\/maM6Zas1xjZXkWRd7\" target=\"_blank\" rel=\"noopener\">Domein Groot Besselink,\u00a0Lage Lochemseweg 31c, 7218 PA&nbsp;Almen, Nizozemsko<\/a><\/p>\n<p>P\u0159\u00edm\u00fd p\u0159enos z&nbsp;hn\u00edzd\u011bn\u00ed po\u0161tolek obecn\u00fdch v&nbsp;budce na bl\u00ed\u017ee neur\u010den\u00e9m m\u00edst\u011b v\u00a0 kempingu .Domein Groot Besselink. Budka byla instalov\u00e1na a&nbsp;po\u0161tolky v&nbsp;n\u00ed zahn\u00edzdily u\u017e v&nbsp;roce 2020; p\u0159\u00edm\u00fd p\u0159enos spu\u0161t\u011bn v&nbsp;prosinci 2024.<br \/>\n<!--more--><\/p>\n<p>www \/ kamera: <a href=\"https:\/\/grootbesselink.nl\/activiteiten\/torenvalk\/\" target=\"_blank\" rel=\"noopener\">https:\/\/grootbesselink.nl\/activiteiten\/torenvalk\/<\/a><br \/>\nYouTube: <a href=\"https:\/\/www.youtube.com\/@domeingrootbesselink\/streams\" target=\"_blank\" rel=\"noopener\">LIVE: Torenvalk | Domein Groot Besselink<\/a><\/p>\n<p><iframe loading=\"lazy\" style=\"border: 0;\" src=\"https:\/\/www.google.com\/maps\/embed?pb=!1m18!1m12!1m3!1d2448.044690947923!2d6.287225577332626!3d52.1516969634314!2m3!1f0!2f0!3f0!3m2!1i1024!2i768!4f13.1!3m3!1m2!1s0x47c792f625b4026f%3A0x69537fde70e0d993!2sDomein%20Groot%20Besselink!5e0!3m2!1scs!2scz!4v1739621327847!5m2!1scs!2scz\" width=\"600\" height=\"450\" allowfullscreen=\"allowfullscreen\"><\/iframe><\/p>\n<p><span class=\"last-modified-timestamp\">Aktualizov\u00e1no: <span class=\"last-modified-timestamp\">28\/03\/2026 17:22<\/span><\/span><\/p>\n","protected":false},"excerpt":{"rendered":"<p>P\u0159\u00edm\u00fd p\u0159enos z&nbsp;hn\u00edzd\u011bn\u00ed po\u0161tolek obecn\u00fdch v&nbsp;budce na bl\u00ed\u017ee neur\u010den\u00e9m m\u00edst\u011b v\u00a0 kempingu .Domein Groot Besselink.<\/p>\n","protected":false},"author":2,"featured_media":0,"comment_status":"closed","ping_status":"closed","template":"","format":"standard","meta":{"jetpack_post_was_ever_published":false,"footnotes":""},"jetpack-portfolio-type":[233,227,228],"jetpack-portfolio-tag":[1540,1612,952,248,234],"class_list":["post-39512","jetpack-portfolio","type-jetpack-portfolio","status-publish","format-standard","hentry","jetpack-portfolio-type-postolka-obecna-falco-tinnunculus","jetpack-portfolio-type-prime-prenosy-a-videoreportaze","jetpack-portfolio-type-primy-prenos-postolka-obecna","jetpack-portfolio-tag-1540","jetpack-portfolio-tag-1612","jetpack-portfolio-tag-budka","jetpack-portfolio-tag-nl-nizozemsko-netherlands","jetpack-portfolio-tag-online"],"jetpack-related-posts":[],"jetpack_sharing_enabled":true,"_links":{"self":[{"href":"https:\/\/tinnunculus.sy-sy.cz\/index.php\/wp-json\/wp\/v2\/jetpack-portfolio\/39512","targetHints":{"allow":["GET"]}}],"collection":[{"href":"https:\/\/tinnunculus.sy-sy.cz\/index.php\/wp-json\/wp\/v2\/jetpack-portfolio"}],"about":[{"href":"https:\/\/tinnunculus.sy-sy.cz\/index.php\/wp-json\/wp\/v2\/types\/jetpack-portfolio"}],"author":[{"embeddable":true,"href":"https:\/\/tinnunculus.sy-sy.cz\/index.php\/wp-json\/wp\/v2\/users\/2"}],"replies":[{"embeddable":true,"href":"https:\/\/tinnunculus.sy-sy.cz\/index.php\/wp-json\/wp\/v2\/comments?post=39512"}],"version-history":[{"count":3,"href":"https:\/\/tinnunculus.sy-sy.cz\/index.php\/wp-json\/wp\/v2\/jetpack-portfolio\/39512\/revisions"}],"predecessor-version":[{"id":39518,"href":"https:\/\/tinnunculus.sy-sy.cz\/index.php\/wp-json\/wp\/v2\/jetpack-portfolio\/39512\/revisions\/39518"}],"wp:attachment":[{"href":"https:\/\/tinnunculus.sy-sy.cz\/index.php\/wp-json\/wp\/v2\/media?parent=39512"}],"wp:term":[{"taxonomy":"jetpack-portfolio-type","embeddable":true,"href":"https:\/\/tinnunculus.sy-sy.cz\/index.php\/wp-json\/wp\/v2\/jetpack-portfolio-type?post=39512"},{"taxonomy":"jetpack-portfolio-tag","embeddable":true,"href":"https:\/\/tinnunculus.sy-sy.cz\/index.php\/wp-json\/wp\/v2\/jetpack-portfolio-tag?post=39512"}],"curies":[{"name":"wp","href":"https:\/\/api.w.org\/{rel}","templated":true}]}}

<p><img data-recalc-dims="1" loading="lazy" decoding="async" data-attachment-id="39514" data-permalink="https://tinnunculus.sy-sy.cz/index.php/portfolio/nl-almen/grootbessenlink_videoframe_24999/" data-orig-file="https://i0.wp.com/tinnunculus.sy-sy.cz/wp-content/uploads/2025/02/GrootBessenlink_videoframe_24999-e1739622764852.jpg?fit=1038%2C584&amp;ssl=1" data-orig-size="1038,584" data-comments-opened="1" data-image-meta="{&quot;aperture&quot;:&quot;0&quot;,&quot;credit&quot;:&quot;&quot;,&quot;camera&quot;:&quot;&quot;,&quot;caption&quot;:&quot;&quot;,&quot;created_timestamp&quot;:&quot;0&quot;,&quot;copyright&quot;:&quot;&quot;,&quot;focal_length&quot;:&quot;0&quot;,&quot;iso&quot;:&quot;0&quot;,&quot;shutter_speed&quot;:&quot;0&quot;,&quot;title&quot;:&quot;&quot;,&quot;orientation&quot;:&quot;0&quot;}" data-image-title="GrootBessenlink_videoframe_24999" data-image-description="" data-image-caption="" data-large-file="https://i0.wp.com/tinnunculus.sy-sy.cz/wp-content/uploads/2025/02/GrootBessenlink_videoframe_24999-e1739622764852.jpg?fit=525%2C295&amp;ssl=1" class="aligncenter wp-image-39514 size-large" src="https://i0.wp.com/tinnunculus.sy-sy.cz/wp-content/uploads/2025/02/GrootBessenlink_videoframe_24999-e1739622748484-1024x576.jpg?resize=525%2C295&#038;ssl=1" alt="" width="525" height="295" /></p>
<p><a href="https://maps.app.goo.gl/maM6Zas1xjZXkWRd7" target="_blank" rel="noopener">Domein Groot Besselink, Lage Lochemseweg 31c, 7218 PA&nbsp;Almen, Nizozemsko</a></p>
<p>Přímý přenos z&nbsp;hnízdění poštolek obecných v&nbsp;budce na blíže neurčeném místě v  kempingu .Domein Groot Besselink. Budka byla instalována a&nbsp;poštolky v&nbsp;ní zahnízdily už v&nbsp;roce 2020; přímý přenos spuštěn v&nbsp;prosinci 2024.<br />
<!--more--></p>
<p>www / kamera: <a href="https://grootbesselink.nl/activiteiten/torenvalk/" target="_blank" rel="noopener">https://grootbesselink.nl/activiteiten/torenvalk/</a><br />
YouTube: <a href="https://www.youtube.com/@domeingrootbesselink/streams" target="_blank" rel="noopener">LIVE: Torenvalk | Domein Groot Besselink</a></p>
<p><iframe loading="lazy" style="border: 0;" src="https://www.google.com/maps/embed?pb=!1m18!1m12!1m3!1d2448.044690947923!2d6.287225577332626!3d52.1516969634314!2m3!1f0!2f0!3f0!3m2!1i1024!2i768!4f13.1!3m3!1m2!1s0x47c792f625b4026f%3A0x69537fde70e0d993!2sDomein%20Groot%20Besselink!5e0!3m2!1scs!2scz!4v1739621327847!5m2!1scs!2scz" width="600" height="450" allowfullscreen="allowfullscreen"></iframe></p>
<p><span class="last-modified-timestamp">Aktualizováno: <span class="last-modified-timestamp">28/03/2026 17:22</span></span></p>

<p>Přímý přenos z&nbsp;hnízdění poštolek obecných v&nbsp;budce na blíže neurčeném místě v  kempingu .Domein Groot Besselink.</p>
