{"id":3456,"date":"2018-03-10T12:31:37","date_gmt":"2018-03-10T11:31:37","guid":{"rendered":"http:\/\/tinnunculus.sy-sy.cz\/?post_type=jetpack-portfolio&#038;p=3456"},"modified":"2024-03-06T21:33:59","modified_gmt":"2024-03-06T20:33:59","slug":"de-kiel","status":"publish","type":"jetpack-portfolio","link":"https:\/\/tinnunculus.sy-sy.cz\/index.php\/portfolio\/de-kiel\/","title":{"rendered":"DE &#8211; Kiel"},"content":{"rendered":"<p><img data-recalc-dims=\"1\" loading=\"lazy\" decoding=\"async\" data-attachment-id=\"3463\" data-permalink=\"https:\/\/tinnunculus.sy-sy.cz\/index.php\/portfolio\/de-kiel\/kiel02\/\" data-orig-file=\"https:\/\/i0.wp.com\/tinnunculus.sy-sy.cz\/wp-content\/uploads\/2018\/03\/Kiel02.jpg?fit=505%2C284&amp;ssl=1\" data-orig-size=\"505,284\" data-comments-opened=\"1\" data-image-meta=\"{&quot;aperture&quot;:&quot;0&quot;,&quot;credit&quot;:&quot;&quot;,&quot;camera&quot;:&quot;&quot;,&quot;caption&quot;:&quot;&quot;,&quot;created_timestamp&quot;:&quot;0&quot;,&quot;copyright&quot;:&quot;&quot;,&quot;focal_length&quot;:&quot;0&quot;,&quot;iso&quot;:&quot;0&quot;,&quot;shutter_speed&quot;:&quot;0&quot;,&quot;title&quot;:&quot;&quot;,&quot;orientation&quot;:&quot;0&quot;}\" data-image-title=\"Kiel02\" data-image-description=\"\" data-image-caption=\"\" data-large-file=\"https:\/\/i0.wp.com\/tinnunculus.sy-sy.cz\/wp-content\/uploads\/2018\/03\/Kiel02.jpg?fit=505%2C284&amp;ssl=1\" class=\"alignnone wp-image-3463\" src=\"https:\/\/i0.wp.com\/tinnunculus.sy-sy.cz\/wp-content\/uploads\/2018\/03\/Kiel02.jpg?resize=525%2C295&#038;ssl=1\" alt=\"\" width=\"525\" height=\"295\" srcset=\"https:\/\/i0.wp.com\/tinnunculus.sy-sy.cz\/wp-content\/uploads\/2018\/03\/Kiel02.jpg?w=505&amp;ssl=1 505w, https:\/\/i0.wp.com\/tinnunculus.sy-sy.cz\/wp-content\/uploads\/2018\/03\/Kiel02.jpg?resize=300%2C169&amp;ssl=1 300w\" sizes=\"auto, (max-width: 525px) 100vw, 525px\" \/><\/p>\n<p><a href=\"https:\/\/goo.gl\/maps\/WGHKRPENM6y\" target=\"_blank\" rel=\"noopener noreferrer\">St. Nikolai Kirche, Alter Markt, 24103 Kiel, N\u011bmecko<\/a><\/p>\n<p>Po\u0161tolky hn\u00edzd\u00ed v&nbsp;budce ve v\u011b\u017ei kostela sv.&nbsp;Mikul\u00e1\u0161e (St. Nikolai) v&nbsp;Kielu. Podrobnosti o&nbsp;p\u0159enosu najdete v&nbsp;p\u0159\u00edsp\u011bvc\u00edch na <a href=\"https:\/\/www.kielmonitor.de\/?s=turmfalke\" target=\"_blank\" rel=\"noopener noreferrer\">Blogu Kielmonitor<\/a>. Kamera, sn\u00edmaj\u00edc\u00ed hn\u00edzdo shora je v&nbsp;provozu pouze v&nbsp;hn\u00edzdn\u00ed sez\u00f3n\u011b. <!--more--><\/p>\n<p><img data-recalc-dims=\"1\" loading=\"lazy\" decoding=\"async\" data-attachment-id=\"12578\" data-permalink=\"https:\/\/tinnunculus.sy-sy.cz\/index.php\/portfolio\/de-kiel\/kiel_webcam\/\" data-orig-file=\"https:\/\/i0.wp.com\/tinnunculus.sy-sy.cz\/wp-content\/uploads\/2020\/05\/Kiel_webcam-scaled-e1588828302841.jpg?fit=1038%2C584&amp;ssl=1\" data-orig-size=\"1038,584\" data-comments-opened=\"1\" data-image-meta=\"{&quot;aperture&quot;:&quot;4&quot;,&quot;credit&quot;:&quot;&quot;,&quot;camera&quot;:&quot;Canon EOS 1200D&quot;,&quot;caption&quot;:&quot;&quot;,&quot;created_timestamp&quot;:&quot;1458912487&quot;,&quot;copyright&quot;:&quot;&quot;,&quot;focal_length&quot;:&quot;18&quot;,&quot;iso&quot;:&quot;800&quot;,&quot;shutter_speed&quot;:&quot;0.016666666666667&quot;,&quot;title&quot;:&quot;&quot;,&quot;orientation&quot;:&quot;1&quot;}\" data-image-title=\"Kiel_webcam\" data-image-description=\"\" data-image-caption=\"\" data-large-file=\"https:\/\/i0.wp.com\/tinnunculus.sy-sy.cz\/wp-content\/uploads\/2020\/05\/Kiel_webcam-scaled-e1588828302841.jpg?fit=525%2C295&amp;ssl=1\" class=\"alignnone size-medium wp-image-12578 aligncenter\" src=\"https:\/\/i0.wp.com\/tinnunculus.sy-sy.cz\/wp-content\/uploads\/2020\/05\/Kiel_webcam.jpg?resize=300%2C169&#038;ssl=1\" alt=\"\" width=\"300\" height=\"169\" \/><\/p>\n<p>Na dal\u0161\u00ed kame\u0159e, sn\u00edmaj\u00edc\u00ed z&nbsp;v\u011b\u017ee kostela d\u011bn\u00ed v&nbsp;p\u0159\u00edstavu m\u016f\u017eete ov\u0161em po\u0161tolky zahl\u00e9dnout (i&nbsp;kdy\u017e zcela v\u00fdjime\u010dn\u011b) po&nbsp;cel\u00fd rok.<\/p>\n<p><a href=\"https:\/\/i0.wp.com\/tinnunculus.sy-sy.cz\/wp-content\/uploads\/2018\/03\/kiel03.jpg?ssl=1\" target=\"_blank\" rel=\"noopener noreferrer\"><img data-recalc-dims=\"1\" loading=\"lazy\" decoding=\"async\" data-attachment-id=\"3462\" data-permalink=\"https:\/\/tinnunculus.sy-sy.cz\/index.php\/portfolio\/de-kiel\/kiel03\/\" data-orig-file=\"https:\/\/i0.wp.com\/tinnunculus.sy-sy.cz\/wp-content\/uploads\/2018\/03\/kiel03.jpg?fit=1024%2C576&amp;ssl=1\" data-orig-size=\"1024,576\" data-comments-opened=\"1\" data-image-meta=\"{&quot;aperture&quot;:&quot;0&quot;,&quot;credit&quot;:&quot;&quot;,&quot;camera&quot;:&quot;&quot;,&quot;caption&quot;:&quot;&quot;,&quot;created_timestamp&quot;:&quot;0&quot;,&quot;copyright&quot;:&quot;&quot;,&quot;focal_length&quot;:&quot;0&quot;,&quot;iso&quot;:&quot;0&quot;,&quot;shutter_speed&quot;:&quot;0&quot;,&quot;title&quot;:&quot;&quot;,&quot;orientation&quot;:&quot;0&quot;}\" data-image-title=\"kiel03\" data-image-description=\"\" data-image-caption=\"\" data-large-file=\"https:\/\/i0.wp.com\/tinnunculus.sy-sy.cz\/wp-content\/uploads\/2018\/03\/kiel03.jpg?fit=525%2C295&amp;ssl=1\" class=\"aligncenter wp-image-3462 size-medium\" src=\"https:\/\/i0.wp.com\/tinnunculus.sy-sy.cz\/wp-content\/uploads\/2018\/03\/kiel03.jpg?resize=300%2C169&#038;ssl=1\" alt=\"\" width=\"300\" height=\"169\" srcset=\"https:\/\/i0.wp.com\/tinnunculus.sy-sy.cz\/wp-content\/uploads\/2018\/03\/kiel03.jpg?resize=300%2C169&amp;ssl=1 300w, https:\/\/i0.wp.com\/tinnunculus.sy-sy.cz\/wp-content\/uploads\/2018\/03\/kiel03.jpg?resize=768%2C432&amp;ssl=1 768w, https:\/\/i0.wp.com\/tinnunculus.sy-sy.cz\/wp-content\/uploads\/2018\/03\/kiel03.jpg?w=1024&amp;ssl=1 1024w\" sizes=\"auto, (max-width: 300px) 100vw, 300px\" \/><\/a><\/p>\n<p><img data-recalc-dims=\"1\" loading=\"lazy\" decoding=\"async\" data-attachment-id=\"3461\" data-permalink=\"https:\/\/tinnunculus.sy-sy.cz\/index.php\/portfolio\/de-kiel\/1280px-rund_um_die_nikolaikirche_4_35921308972\/\" data-orig-file=\"https:\/\/i0.wp.com\/tinnunculus.sy-sy.cz\/wp-content\/uploads\/2018\/03\/1280px-Rund_um_die_Nikolaikirche_4_35921308972-e1520680491854.jpg?fit=1038%2C960&amp;ssl=1\" data-orig-size=\"1038,960\" data-comments-opened=\"1\" data-image-meta=\"{&quot;aperture&quot;:&quot;0&quot;,&quot;credit&quot;:&quot;&quot;,&quot;camera&quot;:&quot;&quot;,&quot;caption&quot;:&quot;&quot;,&quot;created_timestamp&quot;:&quot;0&quot;,&quot;copyright&quot;:&quot;&quot;,&quot;focal_length&quot;:&quot;0&quot;,&quot;iso&quot;:&quot;0&quot;,&quot;shutter_speed&quot;:&quot;0&quot;,&quot;title&quot;:&quot;&quot;,&quot;orientation&quot;:&quot;0&quot;}\" data-image-title=\"1280px-Rund_um_die_Nikolaikirche_(4)_(35921308972)\" data-image-description=\"\" data-image-caption=\"\" data-large-file=\"https:\/\/i0.wp.com\/tinnunculus.sy-sy.cz\/wp-content\/uploads\/2018\/03\/1280px-Rund_um_die_Nikolaikirche_4_35921308972-e1520680491854.jpg?fit=525%2C486&amp;ssl=1\" class=\"aligncenter wp-image-3461 size-medium\" src=\"https:\/\/i0.wp.com\/tinnunculus.sy-sy.cz\/wp-content\/uploads\/2018\/03\/1280px-Rund_um_die_Nikolaikirche_4_35921308972.jpg?resize=300%2C278&#038;ssl=1\" alt=\"\" width=\"300\" height=\"278\" \/><\/p>\n<p style=\"text-align: center;\">\u00a9 R\u00fcdiger Stehn from Kiel, Deutschland (Rund um die Nikolaikirche (4)) [<a href=\"https:\/\/creativecommons.org\/licenses\/by-sa\/2.0\">CC BY-SA 2.0<\/a>], <a href=\"https:\/\/commons.wikimedia.org\/wiki\/File%3ARund_um_die_Nikolaikirche_(4)_(35921308972).jpg\">via Wikimedia Commons<\/a><\/p>\n<ul>\n<li>www: <a href=\"https:\/\/www.kielmonitor.de\/\" target=\"_blank\" rel=\"noopener noreferrer\">https:\/\/www.kielmonitor.de\/ <\/a>\/\u00a0<a href=\"http:\/\/st-nikolai-kiel.de\/webcam\" target=\"_blank\" rel=\"noopener noreferrer\">http:\/\/st-nikolai-kiel.de\/webcam<\/a><\/li>\n<li>kamera:\n<ul>\n<li><a href=\"http:\/\/www.kielmonitor.de\/webcam\/turmfalken\/\" target=\"_blank\" rel=\"noopener noreferrer\">http:\/\/www.kielmonitor.de\/webcam\/turmfalken\/<\/a><\/li>\n<li><a href=\"https:\/\/www.kielmonitor.de\/webcam\/hafen\/\" target=\"_blank\" rel=\"noopener noreferrer\">https:\/\/www.kielmonitor.de\/webcam\/hafen\/<\/a><\/li>\n<\/ul>\n<\/li>\n<\/ul>\n<p><iframe loading=\"lazy\" style=\"border: 0;\" src=\"https:\/\/www.google.com\/maps\/embed?pb=!1m18!1m12!1m3!1d2326.931287464204!2d10.13779101611128!3d54.322846108818894!2m3!1f0!2f0!3f0!3m2!1i1024!2i768!4f13.1!3m3!1m2!1s0x47b245b454729c29%3A0x43993d2a18dd21b!2sSt.+Nikolai+Kirche!5e0!3m2!1scs!2scz!4v1520679068606\" width=\"600\" height=\"450\" frameborder=\"0\" allowfullscreen=\"allowfullscreen\"><\/iframe><\/p>\n<p>\u00a0<span class=\"last-modified-timestamp\">Aktualizov\u00e1no: <span class=\"last-modified-timestamp\">06\/03\/2024 21:33<\/span><\/span><\/p>\n","protected":false},"excerpt":{"rendered":"<p>Budka pro po\u0161tolky ve v\u011b\u017ei kostela sv.&nbsp;Mikul\u00e1\u0161e (St. Nikolai) v&nbsp;Kielu. P\u0159enos na str\u00e1nk\u00e1ch Kielmonitor.<\/p>\n","protected":false},"author":2,"featured_media":0,"comment_status":"closed","ping_status":"closed","template":"","format":"standard","meta":{"jetpack_post_was_ever_published":false,"footnotes":""},"jetpack-portfolio-type":[233,227,228],"jetpack-portfolio-tag":[278,274,382,803,242,234],"class_list":["post-3456","jetpack-portfolio","type-jetpack-portfolio","status-publish","format-standard","hentry","jetpack-portfolio-type-postolka-obecna-falco-tinnunculus","jetpack-portfolio-type-prime-prenosy-a-videoreportaze","jetpack-portfolio-type-primy-prenos-postolka-obecna","jetpack-portfolio-tag-278","jetpack-portfolio-tag-274","jetpack-portfolio-tag-382","jetpack-portfolio-tag-803","jetpack-portfolio-tag-de-nemecko-germany","jetpack-portfolio-tag-online"],"jetpack-related-posts":[],"jetpack_sharing_enabled":true,"_links":{"self":[{"href":"https:\/\/tinnunculus.sy-sy.cz\/index.php\/wp-json\/wp\/v2\/jetpack-portfolio\/3456","targetHints":{"allow":["GET"]}}],"collection":[{"href":"https:\/\/tinnunculus.sy-sy.cz\/index.php\/wp-json\/wp\/v2\/jetpack-portfolio"}],"about":[{"href":"https:\/\/tinnunculus.sy-sy.cz\/index.php\/wp-json\/wp\/v2\/types\/jetpack-portfolio"}],"author":[{"embeddable":true,"href":"https:\/\/tinnunculus.sy-sy.cz\/index.php\/wp-json\/wp\/v2\/users\/2"}],"replies":[{"embeddable":true,"href":"https:\/\/tinnunculus.sy-sy.cz\/index.php\/wp-json\/wp\/v2\/comments?post=3456"}],"version-history":[{"count":1,"href":"https:\/\/tinnunculus.sy-sy.cz\/index.php\/wp-json\/wp\/v2\/jetpack-portfolio\/3456\/revisions"}],"predecessor-version":[{"id":32766,"href":"https:\/\/tinnunculus.sy-sy.cz\/index.php\/wp-json\/wp\/v2\/jetpack-portfolio\/3456\/revisions\/32766"}],"wp:attachment":[{"href":"https:\/\/tinnunculus.sy-sy.cz\/index.php\/wp-json\/wp\/v2\/media?parent=3456"}],"wp:term":[{"taxonomy":"jetpack-portfolio-type","embeddable":true,"href":"https:\/\/tinnunculus.sy-sy.cz\/index.php\/wp-json\/wp\/v2\/jetpack-portfolio-type?post=3456"},{"taxonomy":"jetpack-portfolio-tag","embeddable":true,"href":"https:\/\/tinnunculus.sy-sy.cz\/index.php\/wp-json\/wp\/v2\/jetpack-portfolio-tag?post=3456"}],"curies":[{"name":"wp","href":"https:\/\/api.w.org\/{rel}","templated":true}]}}

<p><img data-recalc-dims="1" loading="lazy" decoding="async" data-attachment-id="3463" data-permalink="https://tinnunculus.sy-sy.cz/index.php/portfolio/de-kiel/kiel02/" data-orig-file="https://i0.wp.com/tinnunculus.sy-sy.cz/wp-content/uploads/2018/03/Kiel02.jpg?fit=505%2C284&amp;ssl=1" data-orig-size="505,284" data-comments-opened="1" data-image-meta="{&quot;aperture&quot;:&quot;0&quot;,&quot;credit&quot;:&quot;&quot;,&quot;camera&quot;:&quot;&quot;,&quot;caption&quot;:&quot;&quot;,&quot;created_timestamp&quot;:&quot;0&quot;,&quot;copyright&quot;:&quot;&quot;,&quot;focal_length&quot;:&quot;0&quot;,&quot;iso&quot;:&quot;0&quot;,&quot;shutter_speed&quot;:&quot;0&quot;,&quot;title&quot;:&quot;&quot;,&quot;orientation&quot;:&quot;0&quot;}" data-image-title="Kiel02" data-image-description="" data-image-caption="" data-large-file="https://i0.wp.com/tinnunculus.sy-sy.cz/wp-content/uploads/2018/03/Kiel02.jpg?fit=505%2C284&amp;ssl=1" class="alignnone wp-image-3463" src="https://i0.wp.com/tinnunculus.sy-sy.cz/wp-content/uploads/2018/03/Kiel02.jpg?resize=525%2C295&#038;ssl=1" alt="" width="525" height="295" srcset="https://i0.wp.com/tinnunculus.sy-sy.cz/wp-content/uploads/2018/03/Kiel02.jpg?w=505&amp;ssl=1 505w, https://i0.wp.com/tinnunculus.sy-sy.cz/wp-content/uploads/2018/03/Kiel02.jpg?resize=300%2C169&amp;ssl=1 300w" sizes="auto, (max-width: 525px) 100vw, 525px" /></p>
<p><a href="https://goo.gl/maps/WGHKRPENM6y" target="_blank" rel="noopener noreferrer">St. Nikolai Kirche, Alter Markt, 24103 Kiel, Německo</a></p>
<p>Poštolky hnízdí v&nbsp;budce ve věži kostela sv.&nbsp;Mikuláše (St. Nikolai) v&nbsp;Kielu. Podrobnosti o&nbsp;přenosu najdete v&nbsp;příspěvcích na <a href="https://www.kielmonitor.de/?s=turmfalke" target="_blank" rel="noopener noreferrer">Blogu Kielmonitor</a>. Kamera, snímající hnízdo shora je v&nbsp;provozu pouze v&nbsp;hnízdní sezóně. <!--more--></p>
<p><img data-recalc-dims="1" loading="lazy" decoding="async" data-attachment-id="12578" data-permalink="https://tinnunculus.sy-sy.cz/index.php/portfolio/de-kiel/kiel_webcam/" data-orig-file="https://i0.wp.com/tinnunculus.sy-sy.cz/wp-content/uploads/2020/05/Kiel_webcam-scaled-e1588828302841.jpg?fit=1038%2C584&amp;ssl=1" data-orig-size="1038,584" data-comments-opened="1" data-image-meta="{&quot;aperture&quot;:&quot;4&quot;,&quot;credit&quot;:&quot;&quot;,&quot;camera&quot;:&quot;Canon EOS 1200D&quot;,&quot;caption&quot;:&quot;&quot;,&quot;created_timestamp&quot;:&quot;1458912487&quot;,&quot;copyright&quot;:&quot;&quot;,&quot;focal_length&quot;:&quot;18&quot;,&quot;iso&quot;:&quot;800&quot;,&quot;shutter_speed&quot;:&quot;0.016666666666667&quot;,&quot;title&quot;:&quot;&quot;,&quot;orientation&quot;:&quot;1&quot;}" data-image-title="Kiel_webcam" data-image-description="" data-image-caption="" data-large-file="https://i0.wp.com/tinnunculus.sy-sy.cz/wp-content/uploads/2020/05/Kiel_webcam-scaled-e1588828302841.jpg?fit=525%2C295&amp;ssl=1" class="alignnone size-medium wp-image-12578 aligncenter" src="https://i0.wp.com/tinnunculus.sy-sy.cz/wp-content/uploads/2020/05/Kiel_webcam.jpg?resize=300%2C169&#038;ssl=1" alt="" width="300" height="169" /></p>
<p>Na další kameře, snímající z&nbsp;věže kostela dění v&nbsp;přístavu můžete ovšem poštolky zahlédnout (i&nbsp;když zcela výjimečně) po&nbsp;celý rok.</p>
<p><a href="https://i0.wp.com/tinnunculus.sy-sy.cz/wp-content/uploads/2018/03/kiel03.jpg?ssl=1" target="_blank" rel="noopener noreferrer"><img data-recalc-dims="1" loading="lazy" decoding="async" data-attachment-id="3462" data-permalink="https://tinnunculus.sy-sy.cz/index.php/portfolio/de-kiel/kiel03/" data-orig-file="https://i0.wp.com/tinnunculus.sy-sy.cz/wp-content/uploads/2018/03/kiel03.jpg?fit=1024%2C576&amp;ssl=1" data-orig-size="1024,576" data-comments-opened="1" data-image-meta="{&quot;aperture&quot;:&quot;0&quot;,&quot;credit&quot;:&quot;&quot;,&quot;camera&quot;:&quot;&quot;,&quot;caption&quot;:&quot;&quot;,&quot;created_timestamp&quot;:&quot;0&quot;,&quot;copyright&quot;:&quot;&quot;,&quot;focal_length&quot;:&quot;0&quot;,&quot;iso&quot;:&quot;0&quot;,&quot;shutter_speed&quot;:&quot;0&quot;,&quot;title&quot;:&quot;&quot;,&quot;orientation&quot;:&quot;0&quot;}" data-image-title="kiel03" data-image-description="" data-image-caption="" data-large-file="https://i0.wp.com/tinnunculus.sy-sy.cz/wp-content/uploads/2018/03/kiel03.jpg?fit=525%2C295&amp;ssl=1" class="aligncenter wp-image-3462 size-medium" src="https://i0.wp.com/tinnunculus.sy-sy.cz/wp-content/uploads/2018/03/kiel03.jpg?resize=300%2C169&#038;ssl=1" alt="" width="300" height="169" srcset="https://i0.wp.com/tinnunculus.sy-sy.cz/wp-content/uploads/2018/03/kiel03.jpg?resize=300%2C169&amp;ssl=1 300w, https://i0.wp.com/tinnunculus.sy-sy.cz/wp-content/uploads/2018/03/kiel03.jpg?resize=768%2C432&amp;ssl=1 768w, https://i0.wp.com/tinnunculus.sy-sy.cz/wp-content/uploads/2018/03/kiel03.jpg?w=1024&amp;ssl=1 1024w" sizes="auto, (max-width: 300px) 100vw, 300px" /></a></p>
<p><img data-recalc-dims="1" loading="lazy" decoding="async" data-attachment-id="3461" data-permalink="https://tinnunculus.sy-sy.cz/index.php/portfolio/de-kiel/1280px-rund_um_die_nikolaikirche_4_35921308972/" data-orig-file="https://i0.wp.com/tinnunculus.sy-sy.cz/wp-content/uploads/2018/03/1280px-Rund_um_die_Nikolaikirche_4_35921308972-e1520680491854.jpg?fit=1038%2C960&amp;ssl=1" data-orig-size="1038,960" data-comments-opened="1" data-image-meta="{&quot;aperture&quot;:&quot;0&quot;,&quot;credit&quot;:&quot;&quot;,&quot;camera&quot;:&quot;&quot;,&quot;caption&quot;:&quot;&quot;,&quot;created_timestamp&quot;:&quot;0&quot;,&quot;copyright&quot;:&quot;&quot;,&quot;focal_length&quot;:&quot;0&quot;,&quot;iso&quot;:&quot;0&quot;,&quot;shutter_speed&quot;:&quot;0&quot;,&quot;title&quot;:&quot;&quot;,&quot;orientation&quot;:&quot;0&quot;}" data-image-title="1280px-Rund_um_die_Nikolaikirche_(4)_(35921308972)" data-image-description="" data-image-caption="" data-large-file="https://i0.wp.com/tinnunculus.sy-sy.cz/wp-content/uploads/2018/03/1280px-Rund_um_die_Nikolaikirche_4_35921308972-e1520680491854.jpg?fit=525%2C486&amp;ssl=1" class="aligncenter wp-image-3461 size-medium" src="https://i0.wp.com/tinnunculus.sy-sy.cz/wp-content/uploads/2018/03/1280px-Rund_um_die_Nikolaikirche_4_35921308972.jpg?resize=300%2C278&#038;ssl=1" alt="" width="300" height="278" /></p>
<p style="text-align: center;">© Rüdiger Stehn from Kiel, Deutschland (Rund um die Nikolaikirche (4)) [<a href="https://creativecommons.org/licenses/by-sa/2.0">CC BY-SA 2.0</a>], <a href="https://commons.wikimedia.org/wiki/File%3ARund_um_die_Nikolaikirche_(4)_(35921308972).jpg">via Wikimedia Commons</a></p>
<ul>
<li>www: <a href="https://www.kielmonitor.de/" target="_blank" rel="noopener noreferrer">https://www.kielmonitor.de/ </a>/ <a href="http://st-nikolai-kiel.de/webcam" target="_blank" rel="noopener noreferrer">http://st-nikolai-kiel.de/webcam</a></li>
<li>kamera:
<ul>
<li><a href="http://www.kielmonitor.de/webcam/turmfalken/" target="_blank" rel="noopener noreferrer">http://www.kielmonitor.de/webcam/turmfalken/</a></li>
<li><a href="https://www.kielmonitor.de/webcam/hafen/" target="_blank" rel="noopener noreferrer">https://www.kielmonitor.de/webcam/hafen/</a></li>
</ul>
</li>
</ul>
<p><iframe loading="lazy" style="border: 0;" src="https://www.google.com/maps/embed?pb=!1m18!1m12!1m3!1d2326.931287464204!2d10.13779101611128!3d54.322846108818894!2m3!1f0!2f0!3f0!3m2!1i1024!2i768!4f13.1!3m3!1m2!1s0x47b245b454729c29%3A0x43993d2a18dd21b!2sSt.+Nikolai+Kirche!5e0!3m2!1scs!2scz!4v1520679068606" width="600" height="450" frameborder="0" allowfullscreen="allowfullscreen"></iframe></p>
<p> <span class="last-modified-timestamp">Aktualizováno: <span class="last-modified-timestamp">06/03/2024 21:33</span></span></p>

<p>Budka pro poštolky ve věži kostela sv.&nbsp;Mikuláše (St. Nikolai) v&nbsp;Kielu. Přenos na stránkách Kielmonitor.</p>
