{"id":3391,"date":"2018-03-09T23:05:21","date_gmt":"2018-03-09T22:05:21","guid":{"rendered":"http:\/\/tinnunculus.sy-sy.cz\/?post_type=jetpack-portfolio&#038;p=3391"},"modified":"2026-04-17T11:53:30","modified_gmt":"2026-04-17T09:53:30","slug":"de-hochelheim","status":"publish","type":"jetpack-portfolio","link":"https:\/\/tinnunculus.sy-sy.cz\/index.php\/portfolio\/de-hochelheim\/","title":{"rendered":"DE &#8211; Hochelheim"},"content":{"rendered":"<p><img data-recalc-dims=\"1\" loading=\"lazy\" decoding=\"async\" data-attachment-id=\"4958\" data-permalink=\"https:\/\/tinnunculus.sy-sy.cz\/index.php\/portfolio\/de-hochelheim\/hochelheim\/\" data-orig-file=\"https:\/\/i0.wp.com\/tinnunculus.sy-sy.cz\/wp-content\/uploads\/2018\/03\/hochelheim.jpg?fit=1296%2C972&amp;ssl=1\" data-orig-size=\"1296,972\" data-comments-opened=\"1\" data-image-meta=\"{&quot;aperture&quot;:&quot;2&quot;,&quot;credit&quot;:&quot;&quot;,&quot;camera&quot;:&quot;RP_imx219&quot;,&quot;caption&quot;:&quot;&quot;,&quot;created_timestamp&quot;:&quot;1525331106&quot;,&quot;copyright&quot;:&quot;&quot;,&quot;focal_length&quot;:&quot;3.039&quot;,&quot;iso&quot;:&quot;125&quot;,&quot;shutter_speed&quot;:&quot;0.078329&quot;,&quot;title&quot;:&quot;&quot;,&quot;orientation&quot;:&quot;0&quot;}\" data-image-title=\"hochelheim\" data-image-description=\"\" data-image-caption=\"\" data-large-file=\"https:\/\/i0.wp.com\/tinnunculus.sy-sy.cz\/wp-content\/uploads\/2018\/03\/hochelheim.jpg?fit=525%2C394&amp;ssl=1\" class=\"alignnone wp-image-4958 size-large\" src=\"https:\/\/i0.wp.com\/tinnunculus.sy-sy.cz\/wp-content\/uploads\/2018\/03\/hochelheim.jpg?resize=525%2C394&#038;ssl=1\" alt=\"\" width=\"525\" height=\"394\" srcset=\"https:\/\/i0.wp.com\/tinnunculus.sy-sy.cz\/wp-content\/uploads\/2018\/03\/hochelheim.jpg?resize=1024%2C768&amp;ssl=1 1024w, https:\/\/i0.wp.com\/tinnunculus.sy-sy.cz\/wp-content\/uploads\/2018\/03\/hochelheim.jpg?resize=300%2C225&amp;ssl=1 300w, https:\/\/i0.wp.com\/tinnunculus.sy-sy.cz\/wp-content\/uploads\/2018\/03\/hochelheim.jpg?resize=768%2C576&amp;ssl=1 768w, https:\/\/i0.wp.com\/tinnunculus.sy-sy.cz\/wp-content\/uploads\/2018\/03\/hochelheim.jpg?w=1296&amp;ssl=1 1296w\" sizes=\"auto, (max-width: 525px) 100vw, 525px\" \/><\/p>\n<div>\n<p class=\"section-hero-header-title\"><a href=\"https:\/\/goo.gl\/maps\/ZtGY3H3DQdt\" target=\"_blank\" rel=\"noopener\">Hochelheim, 35625 H\u00fcttenberg. N\u011bmecko<\/a><\/p>\n<\/div>\n<p><span class=\"\" lang=\"cs\"><span title=\"In einer Hochelheimer Scheune in der Waldstra\u00dfe bei Eckhardts br\u00fctet aktuell (Mai 2017) ein Turmfalke. \">P\u0159enos z&nbsp;hn\u00edzd\u011bn\u00ed po\u0161tolek na str\u00e1nk\u00e1ch <\/span><\/span>Vogel- und Naturschutzgruppe H\u00fcttenberg e.V.<!--more--><\/p>\n<ul>\n<li>www:\u00a0 <del>https:\/\/vogelschutz-huettenberg.jimdo.com\/<\/del> \/\/ <a href=\"https:\/\/vogelschutz-huettenberg.jimdofree.com\/\" target=\"_blank\" rel=\"noopener\">https:\/\/vogelschutz-huettenberg.jimdofree.com\/<\/a><\/li>\n<li>kamera: <del>https:\/\/vogelschutz-huettenberg.jimdo.com\/start\/webcam-live-falke-hochelheim<\/del>\/ \/\/ <a href=\"https:\/\/vogelschutz-huettenberg.jimdofree.com\/start\/webcam-live-falke-hochelheim\/\">https:\/\/vogelschutz-huettenberg.jimdofree.com\/start\/webcam-live-falke-hochelheim\/<\/a><\/li>\n<li>YouTube: <a href=\"https:\/\/youtu.be\/TiaVQmvQb-U\" target=\"_blank\" rel=\"noopener\">https:\/\/youtu.be\/TiaVQmvQb-U<\/a><\/li>\n<\/ul>\n<p><iframe loading=\"lazy\" style=\"border: 0;\" src=\"https:\/\/www.google.com\/maps\/embed?pb=!1m18!1m12!1m3!1d40596.679817869684!2d8.585978674232317!3d50.51012439085915!2m3!1f0!2f0!3f0!3m2!1i1024!2i768!4f13.1!3m3!1m2!1s0x47bc576e6d7bfb8f%3A0xf92956afcf8e1672!2sHochelheim%2C+35625+H%C3%BCttenberg%2C+Germany!5e0!3m2!1sen!2scz!4v1520632836754\" width=\"600\" height=\"450\" frameborder=\"0\" allowfullscreen=\"allowfullscreen\"><\/iframe><\/p>\n<p><span class=\"last-modified-timestamp\">Aktualizov\u00e1no: <span class=\"last-modified-timestamp\">17\/04\/2026 11:53<\/span><\/span><\/p>\n","protected":false},"excerpt":{"rendered":"<p>P\u0159enos z&nbsp;hn\u00edzd\u011bn\u00ed po\u0161tolek na str\u00e1nk\u00e1ch Vogel- und Naturschutzgruppe H\u00fcttenberg e.V.<\/p>\n","protected":false},"author":2,"featured_media":0,"comment_status":"closed","ping_status":"closed","template":"","format":"standard","meta":{"jetpack_post_was_ever_published":false,"footnotes":""},"jetpack-portfolio-type":[233,227,228],"jetpack-portfolio-tag":[273,272,382,940,242,234],"class_list":["post-3391","jetpack-portfolio","type-jetpack-portfolio","status-publish","format-standard","hentry","jetpack-portfolio-type-postolka-obecna-falco-tinnunculus","jetpack-portfolio-type-prime-prenosy-a-videoreportaze","jetpack-portfolio-type-primy-prenos-postolka-obecna","jetpack-portfolio-tag-273","jetpack-portfolio-tag-272","jetpack-portfolio-tag-382","jetpack-portfolio-tag-940","jetpack-portfolio-tag-de-nemecko-germany","jetpack-portfolio-tag-online"],"jetpack-related-posts":[],"jetpack_sharing_enabled":true,"_links":{"self":[{"href":"https:\/\/tinnunculus.sy-sy.cz\/index.php\/wp-json\/wp\/v2\/jetpack-portfolio\/3391","targetHints":{"allow":["GET"]}}],"collection":[{"href":"https:\/\/tinnunculus.sy-sy.cz\/index.php\/wp-json\/wp\/v2\/jetpack-portfolio"}],"about":[{"href":"https:\/\/tinnunculus.sy-sy.cz\/index.php\/wp-json\/wp\/v2\/types\/jetpack-portfolio"}],"author":[{"embeddable":true,"href":"https:\/\/tinnunculus.sy-sy.cz\/index.php\/wp-json\/wp\/v2\/users\/2"}],"replies":[{"embeddable":true,"href":"https:\/\/tinnunculus.sy-sy.cz\/index.php\/wp-json\/wp\/v2\/comments?post=3391"}],"version-history":[{"count":3,"href":"https:\/\/tinnunculus.sy-sy.cz\/index.php\/wp-json\/wp\/v2\/jetpack-portfolio\/3391\/revisions"}],"predecessor-version":[{"id":49061,"href":"https:\/\/tinnunculus.sy-sy.cz\/index.php\/wp-json\/wp\/v2\/jetpack-portfolio\/3391\/revisions\/49061"}],"wp:attachment":[{"href":"https:\/\/tinnunculus.sy-sy.cz\/index.php\/wp-json\/wp\/v2\/media?parent=3391"}],"wp:term":[{"taxonomy":"jetpack-portfolio-type","embeddable":true,"href":"https:\/\/tinnunculus.sy-sy.cz\/index.php\/wp-json\/wp\/v2\/jetpack-portfolio-type?post=3391"},{"taxonomy":"jetpack-portfolio-tag","embeddable":true,"href":"https:\/\/tinnunculus.sy-sy.cz\/index.php\/wp-json\/wp\/v2\/jetpack-portfolio-tag?post=3391"}],"curies":[{"name":"wp","href":"https:\/\/api.w.org\/{rel}","templated":true}]}}

<p><img data-recalc-dims="1" loading="lazy" decoding="async" data-attachment-id="4958" data-permalink="https://tinnunculus.sy-sy.cz/index.php/portfolio/de-hochelheim/hochelheim/" data-orig-file="https://i0.wp.com/tinnunculus.sy-sy.cz/wp-content/uploads/2018/03/hochelheim.jpg?fit=1296%2C972&amp;ssl=1" data-orig-size="1296,972" data-comments-opened="1" data-image-meta="{&quot;aperture&quot;:&quot;2&quot;,&quot;credit&quot;:&quot;&quot;,&quot;camera&quot;:&quot;RP_imx219&quot;,&quot;caption&quot;:&quot;&quot;,&quot;created_timestamp&quot;:&quot;1525331106&quot;,&quot;copyright&quot;:&quot;&quot;,&quot;focal_length&quot;:&quot;3.039&quot;,&quot;iso&quot;:&quot;125&quot;,&quot;shutter_speed&quot;:&quot;0.078329&quot;,&quot;title&quot;:&quot;&quot;,&quot;orientation&quot;:&quot;0&quot;}" data-image-title="hochelheim" data-image-description="" data-image-caption="" data-large-file="https://i0.wp.com/tinnunculus.sy-sy.cz/wp-content/uploads/2018/03/hochelheim.jpg?fit=525%2C394&amp;ssl=1" class="alignnone wp-image-4958 size-large" src="https://i0.wp.com/tinnunculus.sy-sy.cz/wp-content/uploads/2018/03/hochelheim.jpg?resize=525%2C394&#038;ssl=1" alt="" width="525" height="394" srcset="https://i0.wp.com/tinnunculus.sy-sy.cz/wp-content/uploads/2018/03/hochelheim.jpg?resize=1024%2C768&amp;ssl=1 1024w, https://i0.wp.com/tinnunculus.sy-sy.cz/wp-content/uploads/2018/03/hochelheim.jpg?resize=300%2C225&amp;ssl=1 300w, https://i0.wp.com/tinnunculus.sy-sy.cz/wp-content/uploads/2018/03/hochelheim.jpg?resize=768%2C576&amp;ssl=1 768w, https://i0.wp.com/tinnunculus.sy-sy.cz/wp-content/uploads/2018/03/hochelheim.jpg?w=1296&amp;ssl=1 1296w" sizes="auto, (max-width: 525px) 100vw, 525px" /></p>
<div>
<p class="section-hero-header-title"><a href="https://goo.gl/maps/ZtGY3H3DQdt" target="_blank" rel="noopener">Hochelheim, 35625 Hüttenberg. Německo</a></p>
</div>
<p><span class="" lang="cs"><span title="In einer Hochelheimer Scheune in der Waldstraße bei Eckhardts brütet aktuell (Mai 2017) ein Turmfalke. ">Přenos z&nbsp;hnízdění poštolek na stránkách </span></span>Vogel- und Naturschutzgruppe Hüttenberg e.V.<!--more--></p>
<ul>
<li>www:  <del>https://vogelschutz-huettenberg.jimdo.com/</del> // <a href="https://vogelschutz-huettenberg.jimdofree.com/" target="_blank" rel="noopener">https://vogelschutz-huettenberg.jimdofree.com/</a></li>
<li>kamera: <del>https://vogelschutz-huettenberg.jimdo.com/start/webcam-live-falke-hochelheim</del>/ // <a href="https://vogelschutz-huettenberg.jimdofree.com/start/webcam-live-falke-hochelheim/">https://vogelschutz-huettenberg.jimdofree.com/start/webcam-live-falke-hochelheim/</a></li>
<li>YouTube: <a href="https://youtu.be/TiaVQmvQb-U" target="_blank" rel="noopener">https://youtu.be/TiaVQmvQb-U</a></li>
</ul>
<p><iframe loading="lazy" style="border: 0;" src="https://www.google.com/maps/embed?pb=!1m18!1m12!1m3!1d40596.679817869684!2d8.585978674232317!3d50.51012439085915!2m3!1f0!2f0!3f0!3m2!1i1024!2i768!4f13.1!3m3!1m2!1s0x47bc576e6d7bfb8f%3A0xf92956afcf8e1672!2sHochelheim%2C+35625+H%C3%BCttenberg%2C+Germany!5e0!3m2!1sen!2scz!4v1520632836754" width="600" height="450" frameborder="0" allowfullscreen="allowfullscreen"></iframe></p>
<p><span class="last-modified-timestamp">Aktualizováno: <span class="last-modified-timestamp">17/04/2026 11:53</span></span></p>

<p>Přenos z&nbsp;hnízdění poštolek na stránkách Vogel- und Naturschutzgruppe Hüttenberg e.V.</p>
