{"id":3231,"date":"2018-02-18T19:53:57","date_gmt":"2018-02-18T18:53:57","guid":{"rendered":"http:\/\/tinnunculus.sy-sy.cz\/?post_type=jetpack-portfolio&#038;p=3231"},"modified":"2026-04-27T18:46:16","modified_gmt":"2026-04-27T16:46:16","slug":"de-berlin-weisensee","status":"publish","type":"jetpack-portfolio","link":"https:\/\/tinnunculus.sy-sy.cz\/index.php\/portfolio\/de-berlin-weisensee\/","title":{"rendered":"DE &#8211; Berlin &#8211; Wei\u00dfensee"},"content":{"rendered":"<p><img data-recalc-dims=\"1\" loading=\"lazy\" decoding=\"async\" data-attachment-id=\"3233\" data-permalink=\"https:\/\/tinnunculus.sy-sy.cz\/index.php\/portfolio\/de-berlin-weisensee\/weisenseee\/\" data-orig-file=\"https:\/\/i0.wp.com\/tinnunculus.sy-sy.cz\/wp-content\/uploads\/2018\/02\/Weisenseee.jpg?fit=593%2C443&amp;ssl=1\" data-orig-size=\"593,443\" data-comments-opened=\"1\" data-image-meta=\"{&quot;aperture&quot;:&quot;0&quot;,&quot;credit&quot;:&quot;&quot;,&quot;camera&quot;:&quot;&quot;,&quot;caption&quot;:&quot;&quot;,&quot;created_timestamp&quot;:&quot;0&quot;,&quot;copyright&quot;:&quot;&quot;,&quot;focal_length&quot;:&quot;0&quot;,&quot;iso&quot;:&quot;0&quot;,&quot;shutter_speed&quot;:&quot;0&quot;,&quot;title&quot;:&quot;&quot;,&quot;orientation&quot;:&quot;0&quot;}\" data-image-title=\"Weisenseee\" data-image-description=\"\" data-image-caption=\"\" data-large-file=\"https:\/\/i0.wp.com\/tinnunculus.sy-sy.cz\/wp-content\/uploads\/2018\/02\/Weisenseee.jpg?fit=525%2C392&amp;ssl=1\" class=\"alignnone size-full wp-image-3233\" src=\"https:\/\/i0.wp.com\/tinnunculus.sy-sy.cz\/wp-content\/uploads\/2018\/02\/Weisenseee.jpg?resize=525%2C392&#038;ssl=1\" alt=\"\" width=\"525\" height=\"392\" srcset=\"https:\/\/i0.wp.com\/tinnunculus.sy-sy.cz\/wp-content\/uploads\/2018\/02\/Weisenseee.jpg?w=593&amp;ssl=1 593w, https:\/\/i0.wp.com\/tinnunculus.sy-sy.cz\/wp-content\/uploads\/2018\/02\/Weisenseee.jpg?resize=300%2C224&amp;ssl=1 300w\" sizes=\"auto, (max-width: 525px) 100vw, 525px\" \/><\/p>\n<p class=\"section-hero-header-title\"><a href=\"https:\/\/goo.gl\/maps\/cH9Yahj56ZQ2\" target=\"_blank\" rel=\"noopener noreferrer\">Park-Klinik Wei\u00dfensee, <span class=\"section-info-text\"><span class=\"widget-pane-link\">Sch\u00f6nstra\u00dfe 80, 13086 Berlin, N\u011bmecko<\/span><\/span><\/a><\/p>\n<p>Projekt NABU Berlin &#8222;<a href=\"http:\/\/berlin.nabu.de\/tiere-und-pflanzen\/turmfalken-vor-der-kamera\/\" target=\"_blank\" rel=\"noopener noreferrer\">Turmfalken vor der Kamera<\/a>&#8220; za\u010dal v&nbsp;roce 2009 sledov\u00e1n\u00edm po\u0161tol\u010d\u00edho hn\u00edzda v&nbsp;<a href=\"https:\/\/goo.gl\/maps\/D574BhwzTrs\" target=\"_blank\" rel=\"noopener noreferrer\">Johanneskirche ve Fronau<\/a> (viz. t\u00e9\u017e <a href=\"https:\/\/berlin.nabu.de\/imperia\/md\/content\/berlin\/projekte\/turmfalkenkamera\/turmfalkentagebuch_2011.pdf\" target=\"_blank\" rel=\"noopener noreferrer\">den\u00edk z&nbsp;roku 2011<\/a>). Od r. 2012 se p\u0159enos p\u0159em\u00edstil na kliniku Wei\u00dfensee.<br \/>\nKamera je aktivn\u00ed pouze v&nbsp;hn\u00edzdn\u00edm obdob\u00ed.<!--more-->Den\u00edky z&nbsp;p\u0159edchoz\u00edch sez\u00f3n jsou na str\u00e1nk\u00e1ch projektu &#8222;Turmfalken vor der Kamera&#8220; bohu\u017eel dostupn\u00e9 pouze \u010d\u00e1ste\u010dn\u011b.<\/p>\n<p><img data-recalc-dims=\"1\" loading=\"lazy\" decoding=\"async\" data-attachment-id=\"3235\" data-permalink=\"https:\/\/tinnunculus.sy-sy.cz\/index.php\/portfolio\/de-berlin-weisensee\/weisenseee_google\/\" data-orig-file=\"https:\/\/i0.wp.com\/tinnunculus.sy-sy.cz\/wp-content\/uploads\/2018\/02\/Weisenseee_google.jpg?fit=1424%2C918&amp;ssl=1\" data-orig-size=\"1424,918\" data-comments-opened=\"1\" data-image-meta=\"{&quot;aperture&quot;:&quot;0&quot;,&quot;credit&quot;:&quot;&quot;,&quot;camera&quot;:&quot;&quot;,&quot;caption&quot;:&quot;&quot;,&quot;created_timestamp&quot;:&quot;0&quot;,&quot;copyright&quot;:&quot;&quot;,&quot;focal_length&quot;:&quot;0&quot;,&quot;iso&quot;:&quot;0&quot;,&quot;shutter_speed&quot;:&quot;0&quot;,&quot;title&quot;:&quot;&quot;,&quot;orientation&quot;:&quot;0&quot;}\" data-image-title=\"Weisenseee_google\" data-image-description=\"\" data-image-caption=\"\" data-large-file=\"https:\/\/i0.wp.com\/tinnunculus.sy-sy.cz\/wp-content\/uploads\/2018\/02\/Weisenseee_google.jpg?fit=525%2C338&amp;ssl=1\" class=\"alignnone size-full wp-image-3235\" src=\"https:\/\/i0.wp.com\/tinnunculus.sy-sy.cz\/wp-content\/uploads\/2018\/02\/Weisenseee_google.jpg?resize=525%2C338&#038;ssl=1\" alt=\"\" width=\"525\" height=\"338\" srcset=\"https:\/\/i0.wp.com\/tinnunculus.sy-sy.cz\/wp-content\/uploads\/2018\/02\/Weisenseee_google.jpg?w=1424&amp;ssl=1 1424w, https:\/\/i0.wp.com\/tinnunculus.sy-sy.cz\/wp-content\/uploads\/2018\/02\/Weisenseee_google.jpg?resize=300%2C193&amp;ssl=1 300w, https:\/\/i0.wp.com\/tinnunculus.sy-sy.cz\/wp-content\/uploads\/2018\/02\/Weisenseee_google.jpg?resize=768%2C495&amp;ssl=1 768w, https:\/\/i0.wp.com\/tinnunculus.sy-sy.cz\/wp-content\/uploads\/2018\/02\/Weisenseee_google.jpg?resize=1024%2C660&amp;ssl=1 1024w\" sizes=\"auto, (max-width: 767px) 89vw, (max-width: 1000px) 54vw, (max-width: 1071px) 543px, 580px\" \/><\/p>\n<ul>\n<li>www: <a href=\"http:\/\/berlin.nabu.de\/tiere-und-pflanzen\/turmfalken-vor-der-kamera\/\" target=\"_blank\" rel=\"noopener noreferrer\">http:\/\/berlin.nabu.de\/tiere-und-pflanzen\/turmfalken-vor-der-kamera\/<\/a> \/\/ <del>https:\/\/www.park-klinik.com\/nc\/unternehmen\/gesellschaftliche-verantwortung\/nabu-ev-kooperation.html<\/del><\/li>\n<li>kamera: <a href=\"http:\/\/birdy1976.com\/%7Eturmfalke\/\" target=\"_blank\" rel=\"noopener noreferrer\">http:\/\/birdy1976.com\/%7Eturmfalke\/<\/a>;\u00a0<a href=\"http:\/\/falke.park-klinik.com\" target=\"_blank\" rel=\"noopener noreferrer\">http:\/\/falke.park-klinik.com<\/a><\/li>\n<\/ul>\n<p><iframe loading=\"lazy\" style=\"border: 0;\" src=\"https:\/\/www.google.com\/maps\/embed?pb=!1m18!1m12!1m3!1d2425.7996484482273!2d13.449368516270106!3d52.55514887982084!2m3!1f0!2f0!3f0!3m2!1i1024!2i768!4f13.1!3m3!1m2!1s0x47a84dea2e8d88f9%3A0x15342440f7435935!2sPark-Klinik+Wei%C3%9Fensee!5e0!3m2!1scs!2scz!4v1518977018499\" width=\"600\" height=\"450\" frameborder=\"0\" allowfullscreen=\"allowfullscreen\"><\/iframe><\/p>\n<p><span class=\"last-modified-timestamp\">Aktualizov\u00e1no: <span class=\"last-modified-timestamp\">27\/04\/2026 18:46<\/span><\/span><\/p>\n","protected":false},"excerpt":{"rendered":"<p>P\u0159enos z&nbsp;budky pro po\u0161tolky na klinice Wei\u00dfensee. Projekt NABU Berlin &#8222;Turmfalken vor der Kamera&#8220;.<\/p>\n","protected":false},"author":2,"featured_media":0,"comment_status":"closed","ping_status":"closed","template":"","format":"standard","meta":{"jetpack_post_was_ever_published":false,"footnotes":""},"jetpack-portfolio-type":[233,227,228],"jetpack-portfolio-tag":[275,276,277,278,274,273,272,382,803,940,1023,1099,1423,1540,1612,242,955,234],"class_list":["post-3231","jetpack-portfolio","type-jetpack-portfolio","status-publish","format-standard","hentry","jetpack-portfolio-type-postolka-obecna-falco-tinnunculus","jetpack-portfolio-type-prime-prenosy-a-videoreportaze","jetpack-portfolio-type-primy-prenos-postolka-obecna","jetpack-portfolio-tag-275","jetpack-portfolio-tag-276","jetpack-portfolio-tag-277","jetpack-portfolio-tag-278","jetpack-portfolio-tag-274","jetpack-portfolio-tag-273","jetpack-portfolio-tag-272","jetpack-portfolio-tag-382","jetpack-portfolio-tag-803","jetpack-portfolio-tag-940","jetpack-portfolio-tag-1023","jetpack-portfolio-tag-1099","jetpack-portfolio-tag-1423","jetpack-portfolio-tag-1540","jetpack-portfolio-tag-1612","jetpack-portfolio-tag-de-nemecko-germany","jetpack-portfolio-tag-hnizdo-budka-budova","jetpack-portfolio-tag-online"],"jetpack-related-posts":[],"jetpack_sharing_enabled":true,"_links":{"self":[{"href":"https:\/\/tinnunculus.sy-sy.cz\/index.php\/wp-json\/wp\/v2\/jetpack-portfolio\/3231","targetHints":{"allow":["GET"]}}],"collection":[{"href":"https:\/\/tinnunculus.sy-sy.cz\/index.php\/wp-json\/wp\/v2\/jetpack-portfolio"}],"about":[{"href":"https:\/\/tinnunculus.sy-sy.cz\/index.php\/wp-json\/wp\/v2\/types\/jetpack-portfolio"}],"author":[{"embeddable":true,"href":"https:\/\/tinnunculus.sy-sy.cz\/index.php\/wp-json\/wp\/v2\/users\/2"}],"replies":[{"embeddable":true,"href":"https:\/\/tinnunculus.sy-sy.cz\/index.php\/wp-json\/wp\/v2\/comments?post=3231"}],"version-history":[{"count":1,"href":"https:\/\/tinnunculus.sy-sy.cz\/index.php\/wp-json\/wp\/v2\/jetpack-portfolio\/3231\/revisions"}],"predecessor-version":[{"id":32786,"href":"https:\/\/tinnunculus.sy-sy.cz\/index.php\/wp-json\/wp\/v2\/jetpack-portfolio\/3231\/revisions\/32786"}],"wp:attachment":[{"href":"https:\/\/tinnunculus.sy-sy.cz\/index.php\/wp-json\/wp\/v2\/media?parent=3231"}],"wp:term":[{"taxonomy":"jetpack-portfolio-type","embeddable":true,"href":"https:\/\/tinnunculus.sy-sy.cz\/index.php\/wp-json\/wp\/v2\/jetpack-portfolio-type?post=3231"},{"taxonomy":"jetpack-portfolio-tag","embeddable":true,"href":"https:\/\/tinnunculus.sy-sy.cz\/index.php\/wp-json\/wp\/v2\/jetpack-portfolio-tag?post=3231"}],"curies":[{"name":"wp","href":"https:\/\/api.w.org\/{rel}","templated":true}]}}

DE &#8211; Berlin &#8211; Weißensee

<p><img data-recalc-dims="1" loading="lazy" decoding="async" data-attachment-id="3233" data-permalink="https://tinnunculus.sy-sy.cz/index.php/portfolio/de-berlin-weisensee/weisenseee/" data-orig-file="https://i0.wp.com/tinnunculus.sy-sy.cz/wp-content/uploads/2018/02/Weisenseee.jpg?fit=593%2C443&amp;ssl=1" data-orig-size="593,443" data-comments-opened="1" data-image-meta="{&quot;aperture&quot;:&quot;0&quot;,&quot;credit&quot;:&quot;&quot;,&quot;camera&quot;:&quot;&quot;,&quot;caption&quot;:&quot;&quot;,&quot;created_timestamp&quot;:&quot;0&quot;,&quot;copyright&quot;:&quot;&quot;,&quot;focal_length&quot;:&quot;0&quot;,&quot;iso&quot;:&quot;0&quot;,&quot;shutter_speed&quot;:&quot;0&quot;,&quot;title&quot;:&quot;&quot;,&quot;orientation&quot;:&quot;0&quot;}" data-image-title="Weisenseee" data-image-description="" data-image-caption="" data-large-file="https://i0.wp.com/tinnunculus.sy-sy.cz/wp-content/uploads/2018/02/Weisenseee.jpg?fit=525%2C392&amp;ssl=1" class="alignnone size-full wp-image-3233" src="https://i0.wp.com/tinnunculus.sy-sy.cz/wp-content/uploads/2018/02/Weisenseee.jpg?resize=525%2C392&#038;ssl=1" alt="" width="525" height="392" srcset="https://i0.wp.com/tinnunculus.sy-sy.cz/wp-content/uploads/2018/02/Weisenseee.jpg?w=593&amp;ssl=1 593w, https://i0.wp.com/tinnunculus.sy-sy.cz/wp-content/uploads/2018/02/Weisenseee.jpg?resize=300%2C224&amp;ssl=1 300w" sizes="auto, (max-width: 525px) 100vw, 525px" /></p>
<p class="section-hero-header-title"><a href="https://goo.gl/maps/cH9Yahj56ZQ2" target="_blank" rel="noopener noreferrer">Park-Klinik Weißensee, <span class="section-info-text"><span class="widget-pane-link">Schönstraße 80, 13086 Berlin, Německo</span></span></a></p>
<p>Projekt NABU Berlin &#8222;<a href="http://berlin.nabu.de/tiere-und-pflanzen/turmfalken-vor-der-kamera/" target="_blank" rel="noopener noreferrer">Turmfalken vor der Kamera</a>&#8220; začal v&nbsp;roce 2009 sledováním poštolčího hnízda v&nbsp;<a href="https://goo.gl/maps/D574BhwzTrs" target="_blank" rel="noopener noreferrer">Johanneskirche ve Fronau</a> (viz. též <a href="https://berlin.nabu.de/imperia/md/content/berlin/projekte/turmfalkenkamera/turmfalkentagebuch_2011.pdf" target="_blank" rel="noopener noreferrer">deník z&nbsp;roku 2011</a>). Od r. 2012 se přenos přemístil na kliniku Weißensee.<br />
Kamera je aktivní pouze v&nbsp;hnízdním období.<!--more-->Deníky z&nbsp;předchozích sezón jsou na stránkách projektu &#8222;Turmfalken vor der Kamera&#8220; bohužel dostupné pouze částečně.</p>
<p><img data-recalc-dims="1" loading="lazy" decoding="async" data-attachment-id="3235" data-permalink="https://tinnunculus.sy-sy.cz/index.php/portfolio/de-berlin-weisensee/weisenseee_google/" data-orig-file="https://i0.wp.com/tinnunculus.sy-sy.cz/wp-content/uploads/2018/02/Weisenseee_google.jpg?fit=1424%2C918&amp;ssl=1" data-orig-size="1424,918" data-comments-opened="1" data-image-meta="{&quot;aperture&quot;:&quot;0&quot;,&quot;credit&quot;:&quot;&quot;,&quot;camera&quot;:&quot;&quot;,&quot;caption&quot;:&quot;&quot;,&quot;created_timestamp&quot;:&quot;0&quot;,&quot;copyright&quot;:&quot;&quot;,&quot;focal_length&quot;:&quot;0&quot;,&quot;iso&quot;:&quot;0&quot;,&quot;shutter_speed&quot;:&quot;0&quot;,&quot;title&quot;:&quot;&quot;,&quot;orientation&quot;:&quot;0&quot;}" data-image-title="Weisenseee_google" data-image-description="" data-image-caption="" data-large-file="https://i0.wp.com/tinnunculus.sy-sy.cz/wp-content/uploads/2018/02/Weisenseee_google.jpg?fit=525%2C338&amp;ssl=1" class="alignnone size-full wp-image-3235" src="https://i0.wp.com/tinnunculus.sy-sy.cz/wp-content/uploads/2018/02/Weisenseee_google.jpg?resize=525%2C338&#038;ssl=1" alt="" width="525" height="338" srcset="https://i0.wp.com/tinnunculus.sy-sy.cz/wp-content/uploads/2018/02/Weisenseee_google.jpg?w=1424&amp;ssl=1 1424w, https://i0.wp.com/tinnunculus.sy-sy.cz/wp-content/uploads/2018/02/Weisenseee_google.jpg?resize=300%2C193&amp;ssl=1 300w, https://i0.wp.com/tinnunculus.sy-sy.cz/wp-content/uploads/2018/02/Weisenseee_google.jpg?resize=768%2C495&amp;ssl=1 768w, https://i0.wp.com/tinnunculus.sy-sy.cz/wp-content/uploads/2018/02/Weisenseee_google.jpg?resize=1024%2C660&amp;ssl=1 1024w" sizes="auto, (max-width: 767px) 89vw, (max-width: 1000px) 54vw, (max-width: 1071px) 543px, 580px" /></p>
<ul>
<li>www: <a href="http://berlin.nabu.de/tiere-und-pflanzen/turmfalken-vor-der-kamera/" target="_blank" rel="noopener noreferrer">http://berlin.nabu.de/tiere-und-pflanzen/turmfalken-vor-der-kamera/</a> // <del>https://www.park-klinik.com/nc/unternehmen/gesellschaftliche-verantwortung/nabu-ev-kooperation.html</del></li>
<li>kamera: <a href="http://birdy1976.com/%7Eturmfalke/" target="_blank" rel="noopener noreferrer">http://birdy1976.com/%7Eturmfalke/</a>; <a href="http://falke.park-klinik.com" target="_blank" rel="noopener noreferrer">http://falke.park-klinik.com</a></li>
</ul>
<p><iframe loading="lazy" style="border: 0;" src="https://www.google.com/maps/embed?pb=!1m18!1m12!1m3!1d2425.7996484482273!2d13.449368516270106!3d52.55514887982084!2m3!1f0!2f0!3f0!3m2!1i1024!2i768!4f13.1!3m3!1m2!1s0x47a84dea2e8d88f9%3A0x15342440f7435935!2sPark-Klinik+Wei%C3%9Fensee!5e0!3m2!1scs!2scz!4v1518977018499" width="600" height="450" frameborder="0" allowfullscreen="allowfullscreen"></iframe></p>
<p><span class="last-modified-timestamp">Aktualizováno: <span class="last-modified-timestamp">27/04/2026 18:46</span></span></p>

<p>Přenos z&nbsp;budky pro poštolky na klinice Weißensee. Projekt NABU Berlin &#8222;Turmfalken vor der Kamera&#8220;.</p>
