{"id":23695,"date":"2023-07-07T18:25:23","date_gmt":"2023-07-07T16:25:23","guid":{"rendered":"https:\/\/tinnunculus.sy-sy.cz\/?post_type=jetpack-portfolio&#038;p=23695"},"modified":"2025-07-28T12:06:18","modified_gmt":"2025-07-28T10:06:18","slug":"hu-tiszanagyfalu","status":"publish","type":"jetpack-portfolio","link":"https:\/\/tinnunculus.sy-sy.cz\/index.php\/portfolio\/hu-tiszanagyfalu\/","title":{"rendered":"HU &#8211; Tiszanagyfalu"},"content":{"rendered":"<p><img data-recalc-dims=\"1\" loading=\"lazy\" decoding=\"async\" data-attachment-id=\"23696\" data-permalink=\"https:\/\/tinnunculus.sy-sy.cz\/index.php\/portfolio\/hu-tiszanagyfalu\/tiszanagyfalu_20230707\/\" data-orig-file=\"https:\/\/i0.wp.com\/tinnunculus.sy-sy.cz\/wp-content\/uploads\/2023\/07\/Tiszanagyfalu_20230707-e1688746992587.jpg?fit=1038%2C591&amp;ssl=1\" data-orig-size=\"1038,591\" data-comments-opened=\"1\" data-image-meta=\"{&quot;aperture&quot;:&quot;0&quot;,&quot;credit&quot;:&quot;&quot;,&quot;camera&quot;:&quot;&quot;,&quot;caption&quot;:&quot;&quot;,&quot;created_timestamp&quot;:&quot;0&quot;,&quot;copyright&quot;:&quot;&quot;,&quot;focal_length&quot;:&quot;0&quot;,&quot;iso&quot;:&quot;0&quot;,&quot;shutter_speed&quot;:&quot;0&quot;,&quot;title&quot;:&quot;&quot;,&quot;orientation&quot;:&quot;1&quot;}\" data-image-title=\"Tiszanagyfalu_20230707\" data-image-description=\"\" data-image-caption=\"\" data-large-file=\"https:\/\/i0.wp.com\/tinnunculus.sy-sy.cz\/wp-content\/uploads\/2023\/07\/Tiszanagyfalu_20230707-e1688746992587.jpg?fit=525%2C299&amp;ssl=1\" class=\"aligncenter wp-image-23696 size-large\" src=\"https:\/\/i0.wp.com\/tinnunculus.sy-sy.cz\/wp-content\/uploads\/2023\/07\/Tiszanagyfalu_20230707-e1688746992587-1024x583.jpg?resize=525%2C299&#038;ssl=1\" alt=\"\" width=\"525\" height=\"299\" srcset=\"https:\/\/i0.wp.com\/tinnunculus.sy-sy.cz\/wp-content\/uploads\/2023\/07\/Tiszanagyfalu_20230707-e1688746992587.jpg?resize=1024%2C583&amp;ssl=1 1024w, https:\/\/i0.wp.com\/tinnunculus.sy-sy.cz\/wp-content\/uploads\/2023\/07\/Tiszanagyfalu_20230707-e1688746992587.jpg?resize=300%2C171&amp;ssl=1 300w, https:\/\/i0.wp.com\/tinnunculus.sy-sy.cz\/wp-content\/uploads\/2023\/07\/Tiszanagyfalu_20230707-e1688746992587.jpg?resize=768%2C437&amp;ssl=1 768w, https:\/\/i0.wp.com\/tinnunculus.sy-sy.cz\/wp-content\/uploads\/2023\/07\/Tiszanagyfalu_20230707-e1688746992587.jpg?w=1038&amp;ssl=1 1038w\" sizes=\"auto, (max-width: 525px) 100vw, 525px\" \/><\/p>\n<div>\n<div class=\"OHxqsf-share-HSrbLb-text\">\n<div class=\"OHxqsf-share-HSrbLb-title\"><a href=\"https:\/\/goo.gl\/maps\/Qo3Qqo7YLgkLgbg88\" target=\"_blank\" rel=\"noopener\">Tiszanagyfalu, 4463,\u00a0 Ma\u010farsko<\/a><\/div>\n<div><\/div>\n<\/div>\n<\/div>\n<p lang=\"de\">P\u0159\u00edm\u00fd p\u0159enos z&nbsp;hn\u00edzd\u011bn\u00ed po\u0161tolky obecn\u00e9 pobl\u00ed\u017e ma\u010farsk\u00e9 obce Tiszanagyfalu. B\u011b\u017e\u00ed na str\u00e1nk\u00e1ch <a href=\"https:\/\/madarles.hu\/en\" target=\"_blank\" rel=\"noopener\">MAD\u00c1RLES<\/a>.<!--more--><\/p>\n<ul>\n<li>www \/ kamera: <del>https:\/\/madarles.hu\/en\/common-kestrels-tiszanagyfalu<\/del> \/\/ <a href=\"https:\/\/madarles.hu\/voros-vercse-tiszanagyfalu\" target=\"_blank\" rel=\"noopener\">https:\/\/madarles.hu\/voros-vercse-tiszanagyfalu<\/a><\/li>\n<li>YouTube: <a href=\"https:\/\/www.youtube.com\/channel\/UCU31-9qcY1RDuMad67dbuhw\" target=\"_blank\" rel=\"noopener\">BirdCAMs Hungary<\/a><\/li>\n<\/ul>\n<p><iframe loading=\"lazy\" style=\"border: 0;\" src=\"https:\/\/www.google.com\/maps\/embed?pb=!1m18!1m12!1m3!1d42652.69621767028!2d21.454774254986905!3d48.075628434899826!2m3!1f0!2f0!3f0!3m2!1i1024!2i768!4f13.1!3m3!1m2!1s0x4738af0452cb3eed%3A0x91aef2effe5da2ff!2sTiszanagyfalu%2C%204463%20Ma%C4%8Farsko!5e0!3m2!1scs!2scz!4v1688746979715!5m2!1scs!2scz\" width=\"600\" height=\"450\" allowfullscreen=\"allowfullscreen\"><\/iframe><\/p>\n<p><span class=\"last-modified-timestamp\">Aktualizov\u00e1no: <span class=\"last-modified-timestamp\">28\/07\/2025 12:06<\/span><\/span><\/p>\n","protected":false},"excerpt":{"rendered":"<p>P\u0159\u00edm\u00fd p\u0159enos z&nbsp;hn\u00edzd\u011bn\u00ed po\u0161tolky obecn\u00e9 pobl\u00ed\u017e ma\u010farsk\u00e9 obce Tiszanagyfalu na str\u00e1nk\u00e1ch MAD\u00c1RLES.<\/p>\n","protected":false},"author":2,"featured_media":0,"comment_status":"open","ping_status":"closed","template":"","format":"standard","meta":{"jetpack_post_was_ever_published":false,"footnotes":""},"jetpack-portfolio-type":[233,227,228],"jetpack-portfolio-tag":[1099,1540,952,244,234],"class_list":["post-23695","jetpack-portfolio","type-jetpack-portfolio","status-publish","format-standard","hentry","jetpack-portfolio-type-postolka-obecna-falco-tinnunculus","jetpack-portfolio-type-prime-prenosy-a-videoreportaze","jetpack-portfolio-type-primy-prenos-postolka-obecna","jetpack-portfolio-tag-1099","jetpack-portfolio-tag-1540","jetpack-portfolio-tag-budka","jetpack-portfolio-tag-hu-madarsko-hungary","jetpack-portfolio-tag-online"],"jetpack-related-posts":[],"jetpack_sharing_enabled":true,"_links":{"self":[{"href":"https:\/\/tinnunculus.sy-sy.cz\/index.php\/wp-json\/wp\/v2\/jetpack-portfolio\/23695","targetHints":{"allow":["GET"]}}],"collection":[{"href":"https:\/\/tinnunculus.sy-sy.cz\/index.php\/wp-json\/wp\/v2\/jetpack-portfolio"}],"about":[{"href":"https:\/\/tinnunculus.sy-sy.cz\/index.php\/wp-json\/wp\/v2\/types\/jetpack-portfolio"}],"author":[{"embeddable":true,"href":"https:\/\/tinnunculus.sy-sy.cz\/index.php\/wp-json\/wp\/v2\/users\/2"}],"replies":[{"embeddable":true,"href":"https:\/\/tinnunculus.sy-sy.cz\/index.php\/wp-json\/wp\/v2\/comments?post=23695"}],"version-history":[{"count":3,"href":"https:\/\/tinnunculus.sy-sy.cz\/index.php\/wp-json\/wp\/v2\/jetpack-portfolio\/23695\/revisions"}],"predecessor-version":[{"id":43855,"href":"https:\/\/tinnunculus.sy-sy.cz\/index.php\/wp-json\/wp\/v2\/jetpack-portfolio\/23695\/revisions\/43855"}],"wp:attachment":[{"href":"https:\/\/tinnunculus.sy-sy.cz\/index.php\/wp-json\/wp\/v2\/media?parent=23695"}],"wp:term":[{"taxonomy":"jetpack-portfolio-type","embeddable":true,"href":"https:\/\/tinnunculus.sy-sy.cz\/index.php\/wp-json\/wp\/v2\/jetpack-portfolio-type?post=23695"},{"taxonomy":"jetpack-portfolio-tag","embeddable":true,"href":"https:\/\/tinnunculus.sy-sy.cz\/index.php\/wp-json\/wp\/v2\/jetpack-portfolio-tag?post=23695"}],"curies":[{"name":"wp","href":"https:\/\/api.w.org\/{rel}","templated":true}]}}

<p><img data-recalc-dims="1" loading="lazy" decoding="async" data-attachment-id="23696" data-permalink="https://tinnunculus.sy-sy.cz/index.php/portfolio/hu-tiszanagyfalu/tiszanagyfalu_20230707/" data-orig-file="https://i0.wp.com/tinnunculus.sy-sy.cz/wp-content/uploads/2023/07/Tiszanagyfalu_20230707-e1688746992587.jpg?fit=1038%2C591&amp;ssl=1" data-orig-size="1038,591" data-comments-opened="1" data-image-meta="{&quot;aperture&quot;:&quot;0&quot;,&quot;credit&quot;:&quot;&quot;,&quot;camera&quot;:&quot;&quot;,&quot;caption&quot;:&quot;&quot;,&quot;created_timestamp&quot;:&quot;0&quot;,&quot;copyright&quot;:&quot;&quot;,&quot;focal_length&quot;:&quot;0&quot;,&quot;iso&quot;:&quot;0&quot;,&quot;shutter_speed&quot;:&quot;0&quot;,&quot;title&quot;:&quot;&quot;,&quot;orientation&quot;:&quot;1&quot;}" data-image-title="Tiszanagyfalu_20230707" data-image-description="" data-image-caption="" data-large-file="https://i0.wp.com/tinnunculus.sy-sy.cz/wp-content/uploads/2023/07/Tiszanagyfalu_20230707-e1688746992587.jpg?fit=525%2C299&amp;ssl=1" class="aligncenter wp-image-23696 size-large" src="https://i0.wp.com/tinnunculus.sy-sy.cz/wp-content/uploads/2023/07/Tiszanagyfalu_20230707-e1688746992587-1024x583.jpg?resize=525%2C299&#038;ssl=1" alt="" width="525" height="299" srcset="https://i0.wp.com/tinnunculus.sy-sy.cz/wp-content/uploads/2023/07/Tiszanagyfalu_20230707-e1688746992587.jpg?resize=1024%2C583&amp;ssl=1 1024w, https://i0.wp.com/tinnunculus.sy-sy.cz/wp-content/uploads/2023/07/Tiszanagyfalu_20230707-e1688746992587.jpg?resize=300%2C171&amp;ssl=1 300w, https://i0.wp.com/tinnunculus.sy-sy.cz/wp-content/uploads/2023/07/Tiszanagyfalu_20230707-e1688746992587.jpg?resize=768%2C437&amp;ssl=1 768w, https://i0.wp.com/tinnunculus.sy-sy.cz/wp-content/uploads/2023/07/Tiszanagyfalu_20230707-e1688746992587.jpg?w=1038&amp;ssl=1 1038w" sizes="auto, (max-width: 525px) 100vw, 525px" /></p>
<div>
<div class="OHxqsf-share-HSrbLb-text">
<div class="OHxqsf-share-HSrbLb-title"><a href="https://goo.gl/maps/Qo3Qqo7YLgkLgbg88" target="_blank" rel="noopener">Tiszanagyfalu, 4463,  Maďarsko</a></div>
<div></div>
</div>
</div>
<p lang="de">Přímý přenos z&nbsp;hnízdění poštolky obecné poblíž maďarské obce Tiszanagyfalu. Běží na stránkách <a href="https://madarles.hu/en" target="_blank" rel="noopener">MADÁRLES</a>.<!--more--></p>
<ul>
<li>www / kamera: <del>https://madarles.hu/en/common-kestrels-tiszanagyfalu</del> // <a href="https://madarles.hu/voros-vercse-tiszanagyfalu" target="_blank" rel="noopener">https://madarles.hu/voros-vercse-tiszanagyfalu</a></li>
<li>YouTube: <a href="https://www.youtube.com/channel/UCU31-9qcY1RDuMad67dbuhw" target="_blank" rel="noopener">BirdCAMs Hungary</a></li>
</ul>
<p><iframe loading="lazy" style="border: 0;" src="https://www.google.com/maps/embed?pb=!1m18!1m12!1m3!1d42652.69621767028!2d21.454774254986905!3d48.075628434899826!2m3!1f0!2f0!3f0!3m2!1i1024!2i768!4f13.1!3m3!1m2!1s0x4738af0452cb3eed%3A0x91aef2effe5da2ff!2sTiszanagyfalu%2C%204463%20Ma%C4%8Farsko!5e0!3m2!1scs!2scz!4v1688746979715!5m2!1scs!2scz" width="600" height="450" allowfullscreen="allowfullscreen"></iframe></p>
<p><span class="last-modified-timestamp">Aktualizováno: <span class="last-modified-timestamp">28/07/2025 12:06</span></span></p>

<p>Přímý přenos z&nbsp;hnízdění poštolky obecné poblíž maďarské obce Tiszanagyfalu na stránkách MADÁRLES.</p>
