{"id":21567,"date":"2023-04-21T22:30:46","date_gmt":"2023-04-21T20:30:46","guid":{"rendered":"https:\/\/tinnunculus.sy-sy.cz\/?post_type=jetpack-portfolio&#038;p=21567"},"modified":"2025-04-28T16:52:37","modified_gmt":"2025-04-28T14:52:37","slug":"es-mallorca","status":"publish","type":"jetpack-portfolio","link":"https:\/\/tinnunculus.sy-sy.cz\/index.php\/portfolio\/es-mallorca\/","title":{"rendered":"ES &#8211; Mallorca"},"content":{"rendered":"<p class=\"CjVfdc\"><span class=\"puwcIf C9DxTc aw5Odc \"><img data-recalc-dims=\"1\" loading=\"lazy\" decoding=\"async\" data-attachment-id=\"21565\" data-permalink=\"https:\/\/tinnunculus.sy-sy.cz\/index.php\/portfolio\/es-mallorca\/mallorca_20230421\/\" data-orig-file=\"https:\/\/i0.wp.com\/tinnunculus.sy-sy.cz\/wp-content\/uploads\/2023\/04\/Mallorca_20230421-e1682103915870.jpg?fit=1038%2C579&amp;ssl=1\" data-orig-size=\"1038,579\" data-comments-opened=\"1\" data-image-meta=\"{&quot;aperture&quot;:&quot;0&quot;,&quot;credit&quot;:&quot;&quot;,&quot;camera&quot;:&quot;&quot;,&quot;caption&quot;:&quot;&quot;,&quot;created_timestamp&quot;:&quot;0&quot;,&quot;copyright&quot;:&quot;&quot;,&quot;focal_length&quot;:&quot;0&quot;,&quot;iso&quot;:&quot;0&quot;,&quot;shutter_speed&quot;:&quot;0&quot;,&quot;title&quot;:&quot;&quot;,&quot;orientation&quot;:&quot;1&quot;}\" data-image-title=\"Mallorca_20230421\" data-image-description=\"\" data-image-caption=\"\" data-large-file=\"https:\/\/i0.wp.com\/tinnunculus.sy-sy.cz\/wp-content\/uploads\/2023\/04\/Mallorca_20230421-e1682103915870.jpg?fit=525%2C293&amp;ssl=1\" class=\"aligncenter wp-image-21565 size-large\" src=\"https:\/\/i0.wp.com\/tinnunculus.sy-sy.cz\/wp-content\/uploads\/2023\/04\/Mallorca_20230421-e1682103915870-1024x571.jpg?resize=525%2C293&#038;ssl=1\" alt=\"\" width=\"525\" height=\"293\" srcset=\"https:\/\/i0.wp.com\/tinnunculus.sy-sy.cz\/wp-content\/uploads\/2023\/04\/Mallorca_20230421-e1682103915870.jpg?resize=1024%2C571&amp;ssl=1 1024w, https:\/\/i0.wp.com\/tinnunculus.sy-sy.cz\/wp-content\/uploads\/2023\/04\/Mallorca_20230421-e1682103915870.jpg?resize=300%2C167&amp;ssl=1 300w, https:\/\/i0.wp.com\/tinnunculus.sy-sy.cz\/wp-content\/uploads\/2023\/04\/Mallorca_20230421-e1682103915870.jpg?resize=768%2C428&amp;ssl=1 768w, https:\/\/i0.wp.com\/tinnunculus.sy-sy.cz\/wp-content\/uploads\/2023\/04\/Mallorca_20230421-e1682103915870.jpg?w=1038&amp;ssl=1 1038w\" sizes=\"auto, (max-width: 525px) 100vw, 525px\" \/><\/span><\/p>\n<p>P\u0159\u00edm\u00fd p\u0159enos z&nbsp;hn\u00edzd\u011bn\u00ed po\u0161tolek obecn\u00fdch v&nbsp;budce v&nbsp;bl\u00ed\u017ee neur\u010den\u00e9 lokalit\u011b na Mallorce.<\/p>\n<p><!--more--><\/p>\n<p><iframe loading=\"lazy\" src=\"https:\/\/camstreamer.com\/embed\/rlDBTDv2qatRRVikOcT2BA8zfFn9evA2M1FwWnHV?rel=0\" width=\"640\" height=\"360\" frameborder=\"0\" allowfullscreen=\"allowfullscreen\"><\/iframe><\/p>\n<ul>\n<li>YouTube: <a href=\"https:\/\/www.youtube.com\/@ornitechlivecam4705\" target=\"_blank\" rel=\"noopener\">OrniTech LiveCam<\/a><\/li>\n<\/ul>\n<p>Aktualizov\u00e1no: <span class=\"last-modified-timestamp\">28\/04\/2025 16:52<\/span><\/p>\n","protected":false},"excerpt":{"rendered":"<p>P\u0159\u00edm\u00fd p\u0159enos z&nbsp;hn\u00edzd\u011bn\u00ed po\u0161tolek obecn\u00fdch v&nbsp;budce v&nbsp;bl\u00ed\u017ee neur\u010den\u00e9 lokalit\u011b na Mallorce.<\/p>\n","protected":false},"author":2,"featured_media":0,"comment_status":"closed","ping_status":"closed","template":"","format":"standard","meta":{"jetpack_post_was_ever_published":false,"footnotes":""},"jetpack-portfolio-type":[233,227,228],"jetpack-portfolio-tag":[1023,1099,1423,1540,261,952],"class_list":["post-21567","jetpack-portfolio","type-jetpack-portfolio","status-publish","format-standard","hentry","jetpack-portfolio-type-postolka-obecna-falco-tinnunculus","jetpack-portfolio-type-prime-prenosy-a-videoreportaze","jetpack-portfolio-type-primy-prenos-postolka-obecna","jetpack-portfolio-tag-1023","jetpack-portfolio-tag-1099","jetpack-portfolio-tag-1423","jetpack-portfolio-tag-1540","jetpack-portfolio-tag-es-spanelsko-spain","jetpack-portfolio-tag-budka"],"jetpack-related-posts":[],"jetpack_sharing_enabled":true,"_links":{"self":[{"href":"https:\/\/tinnunculus.sy-sy.cz\/index.php\/wp-json\/wp\/v2\/jetpack-portfolio\/21567","targetHints":{"allow":["GET"]}}],"collection":[{"href":"https:\/\/tinnunculus.sy-sy.cz\/index.php\/wp-json\/wp\/v2\/jetpack-portfolio"}],"about":[{"href":"https:\/\/tinnunculus.sy-sy.cz\/index.php\/wp-json\/wp\/v2\/types\/jetpack-portfolio"}],"author":[{"embeddable":true,"href":"https:\/\/tinnunculus.sy-sy.cz\/index.php\/wp-json\/wp\/v2\/users\/2"}],"replies":[{"embeddable":true,"href":"https:\/\/tinnunculus.sy-sy.cz\/index.php\/wp-json\/wp\/v2\/comments?post=21567"}],"version-history":[{"count":2,"href":"https:\/\/tinnunculus.sy-sy.cz\/index.php\/wp-json\/wp\/v2\/jetpack-portfolio\/21567\/revisions"}],"predecessor-version":[{"id":34828,"href":"https:\/\/tinnunculus.sy-sy.cz\/index.php\/wp-json\/wp\/v2\/jetpack-portfolio\/21567\/revisions\/34828"}],"wp:attachment":[{"href":"https:\/\/tinnunculus.sy-sy.cz\/index.php\/wp-json\/wp\/v2\/media?parent=21567"}],"wp:term":[{"taxonomy":"jetpack-portfolio-type","embeddable":true,"href":"https:\/\/tinnunculus.sy-sy.cz\/index.php\/wp-json\/wp\/v2\/jetpack-portfolio-type?post=21567"},{"taxonomy":"jetpack-portfolio-tag","embeddable":true,"href":"https:\/\/tinnunculus.sy-sy.cz\/index.php\/wp-json\/wp\/v2\/jetpack-portfolio-tag?post=21567"}],"curies":[{"name":"wp","href":"https:\/\/api.w.org\/{rel}","templated":true}]}}

<p class="CjVfdc"><span class="puwcIf C9DxTc aw5Odc "><img data-recalc-dims="1" loading="lazy" decoding="async" data-attachment-id="21565" data-permalink="https://tinnunculus.sy-sy.cz/index.php/portfolio/es-mallorca/mallorca_20230421/" data-orig-file="https://i0.wp.com/tinnunculus.sy-sy.cz/wp-content/uploads/2023/04/Mallorca_20230421-e1682103915870.jpg?fit=1038%2C579&amp;ssl=1" data-orig-size="1038,579" data-comments-opened="1" data-image-meta="{&quot;aperture&quot;:&quot;0&quot;,&quot;credit&quot;:&quot;&quot;,&quot;camera&quot;:&quot;&quot;,&quot;caption&quot;:&quot;&quot;,&quot;created_timestamp&quot;:&quot;0&quot;,&quot;copyright&quot;:&quot;&quot;,&quot;focal_length&quot;:&quot;0&quot;,&quot;iso&quot;:&quot;0&quot;,&quot;shutter_speed&quot;:&quot;0&quot;,&quot;title&quot;:&quot;&quot;,&quot;orientation&quot;:&quot;1&quot;}" data-image-title="Mallorca_20230421" data-image-description="" data-image-caption="" data-large-file="https://i0.wp.com/tinnunculus.sy-sy.cz/wp-content/uploads/2023/04/Mallorca_20230421-e1682103915870.jpg?fit=525%2C293&amp;ssl=1" class="aligncenter wp-image-21565 size-large" src="https://i0.wp.com/tinnunculus.sy-sy.cz/wp-content/uploads/2023/04/Mallorca_20230421-e1682103915870-1024x571.jpg?resize=525%2C293&#038;ssl=1" alt="" width="525" height="293" srcset="https://i0.wp.com/tinnunculus.sy-sy.cz/wp-content/uploads/2023/04/Mallorca_20230421-e1682103915870.jpg?resize=1024%2C571&amp;ssl=1 1024w, https://i0.wp.com/tinnunculus.sy-sy.cz/wp-content/uploads/2023/04/Mallorca_20230421-e1682103915870.jpg?resize=300%2C167&amp;ssl=1 300w, https://i0.wp.com/tinnunculus.sy-sy.cz/wp-content/uploads/2023/04/Mallorca_20230421-e1682103915870.jpg?resize=768%2C428&amp;ssl=1 768w, https://i0.wp.com/tinnunculus.sy-sy.cz/wp-content/uploads/2023/04/Mallorca_20230421-e1682103915870.jpg?w=1038&amp;ssl=1 1038w" sizes="auto, (max-width: 525px) 100vw, 525px" /></span></p>
<p>Přímý přenos z&nbsp;hnízdění poštolek obecných v&nbsp;budce v&nbsp;blíže neurčené lokalitě na Mallorce.</p>
<p><!--more--></p>
<p><iframe loading="lazy" src="https://camstreamer.com/embed/rlDBTDv2qatRRVikOcT2BA8zfFn9evA2M1FwWnHV?rel=0" width="640" height="360" frameborder="0" allowfullscreen="allowfullscreen"></iframe></p>
<ul>
<li>YouTube: <a href="https://www.youtube.com/@ornitechlivecam4705" target="_blank" rel="noopener">OrniTech LiveCam</a></li>
</ul>
<p>Aktualizováno: <span class="last-modified-timestamp">28/04/2025 16:52</span></p>

<p>Přímý přenos z&nbsp;hnízdění poštolek obecných v&nbsp;budce v&nbsp;blíže neurčené lokalitě na Mallorce.</p>
