{"id":19278,"date":"2022-07-06T13:01:25","date_gmt":"2022-07-06T11:01:25","guid":{"rendered":"https:\/\/tinnunculus.sy-sy.cz\/?post_type=jetpack-portfolio&#038;p=19278"},"modified":"2026-04-27T19:11:26","modified_gmt":"2026-04-27T17:11:26","slug":"de-kiel-rathaus","status":"publish","type":"jetpack-portfolio","link":"https:\/\/tinnunculus.sy-sy.cz\/index.php\/portfolio\/de-kiel-rathaus\/","title":{"rendered":"DE &#8211; Kiel | Rathaus"},"content":{"rendered":"<p><img data-recalc-dims=\"1\" loading=\"lazy\" decoding=\"async\" data-attachment-id=\"19275\" data-permalink=\"https:\/\/tinnunculus.sy-sy.cz\/index.php\/portfolio\/de-kiel-rathaus\/kiel20220706b\/\" data-orig-file=\"https:\/\/i0.wp.com\/tinnunculus.sy-sy.cz\/wp-content\/uploads\/2022\/07\/Kiel20220706b-e1657101300638.jpg?fit=1038%2C582&amp;ssl=1\" data-orig-size=\"1038,582\" data-comments-opened=\"1\" data-image-meta=\"{&quot;aperture&quot;:&quot;0&quot;,&quot;credit&quot;:&quot;&quot;,&quot;camera&quot;:&quot;&quot;,&quot;caption&quot;:&quot;&quot;,&quot;created_timestamp&quot;:&quot;0&quot;,&quot;copyright&quot;:&quot;&quot;,&quot;focal_length&quot;:&quot;0&quot;,&quot;iso&quot;:&quot;0&quot;,&quot;shutter_speed&quot;:&quot;0&quot;,&quot;title&quot;:&quot;&quot;,&quot;orientation&quot;:&quot;1&quot;}\" data-image-title=\"Kiel20220706b\" data-image-description=\"\" data-image-caption=\"\" data-large-file=\"https:\/\/i0.wp.com\/tinnunculus.sy-sy.cz\/wp-content\/uploads\/2022\/07\/Kiel20220706b-e1657101300638.jpg?fit=525%2C294&amp;ssl=1\" class=\"aligncenter wp-image-19275 size-large\" src=\"https:\/\/i0.wp.com\/tinnunculus.sy-sy.cz\/wp-content\/uploads\/2022\/07\/Kiel20220706b-e1657101300638-1024x574.jpg?resize=525%2C294&#038;ssl=1\" alt=\"\" width=\"525\" height=\"294\" srcset=\"https:\/\/i0.wp.com\/tinnunculus.sy-sy.cz\/wp-content\/uploads\/2022\/07\/Kiel20220706b-e1657101300638.jpg?resize=1024%2C574&amp;ssl=1 1024w, https:\/\/i0.wp.com\/tinnunculus.sy-sy.cz\/wp-content\/uploads\/2022\/07\/Kiel20220706b-e1657101300638.jpg?resize=300%2C168&amp;ssl=1 300w, https:\/\/i0.wp.com\/tinnunculus.sy-sy.cz\/wp-content\/uploads\/2022\/07\/Kiel20220706b-e1657101300638.jpg?resize=768%2C431&amp;ssl=1 768w, https:\/\/i0.wp.com\/tinnunculus.sy-sy.cz\/wp-content\/uploads\/2022\/07\/Kiel20220706b-e1657101300638.jpg?w=1038&amp;ssl=1 1038w\" sizes=\"auto, (max-width: 525px) 100vw, 525px\" \/><\/p>\n<p><a href=\"https:\/\/goo.gl\/maps\/wfofKKNsb6KDSWQt6\" target=\"_blank\" rel=\"noopener\">Fleeth\u00f6rn 9, 24103 Kiel, N\u011bmecko<\/a><\/p>\n<p>Po\u0161tolky hn\u00edzd\u00ed v&nbsp;budce ve v\u011b\u017ei radnice v&nbsp;Kielu. Podrobnosti o&nbsp;p\u0159enosu najdete v&nbsp;p\u0159\u00edsp\u011bvku na str\u00e1nk\u00e1ch <a href=\"https:\/\/www.kiel.de\/de\/umwelt_verkehr\/tiere\/falken.php\" target=\"_blank\" rel=\"noopener\">Kiel.Sailing.City<\/a>, kde b\u011b\u017e\u00ed i&nbsp;p\u0159\u00edm\u00fd p\u0159enos. <!--more--><\/p>\n<p><img data-recalc-dims=\"1\" loading=\"lazy\" decoding=\"async\" data-attachment-id=\"19282\" data-permalink=\"https:\/\/tinnunculus.sy-sy.cz\/index.php\/portfolio\/de-kiel-rathaus\/kiel_ext02-2\/\" data-orig-file=\"https:\/\/i0.wp.com\/tinnunculus.sy-sy.cz\/wp-content\/uploads\/2022\/07\/Kiel_ext02-1.jpg?fit=850%2C638&amp;ssl=1\" data-orig-size=\"850,638\" data-comments-opened=\"1\" data-image-meta=\"{&quot;aperture&quot;:&quot;0&quot;,&quot;credit&quot;:&quot;&quot;,&quot;camera&quot;:&quot;&quot;,&quot;caption&quot;:&quot;&quot;,&quot;created_timestamp&quot;:&quot;0&quot;,&quot;copyright&quot;:&quot;&quot;,&quot;focal_length&quot;:&quot;0&quot;,&quot;iso&quot;:&quot;0&quot;,&quot;shutter_speed&quot;:&quot;0&quot;,&quot;title&quot;:&quot;&quot;,&quot;orientation&quot;:&quot;0&quot;}\" data-image-title=\"Kiel_ext02\" data-image-description=\"\" data-image-caption=\"\" data-large-file=\"https:\/\/i0.wp.com\/tinnunculus.sy-sy.cz\/wp-content\/uploads\/2022\/07\/Kiel_ext02-1.jpg?fit=525%2C394&amp;ssl=1\" class=\"size-medium wp-image-19282 aligncenter\" src=\"https:\/\/i0.wp.com\/tinnunculus.sy-sy.cz\/wp-content\/uploads\/2022\/07\/Kiel_ext02-1.jpg?resize=300%2C225&#038;ssl=1\" alt=\"\" width=\"300\" height=\"225\" srcset=\"https:\/\/i0.wp.com\/tinnunculus.sy-sy.cz\/wp-content\/uploads\/2022\/07\/Kiel_ext02-1.jpg?resize=300%2C225&amp;ssl=1 300w, https:\/\/i0.wp.com\/tinnunculus.sy-sy.cz\/wp-content\/uploads\/2022\/07\/Kiel_ext02-1.jpg?resize=768%2C576&amp;ssl=1 768w, https:\/\/i0.wp.com\/tinnunculus.sy-sy.cz\/wp-content\/uploads\/2022\/07\/Kiel_ext02-1.jpg?w=850&amp;ssl=1 850w\" sizes=\"auto, (max-width: 300px) 100vw, 300px\" \/><\/p>\n<p><img data-recalc-dims=\"1\" loading=\"lazy\" decoding=\"async\" data-attachment-id=\"20304\" data-permalink=\"https:\/\/tinnunculus.sy-sy.cz\/index.php\/portfolio\/de-kiel-rathaus\/kiel_jungvoegel_2022\/\" data-orig-file=\"https:\/\/i0.wp.com\/tinnunculus.sy-sy.cz\/wp-content\/uploads\/2022\/07\/Kiel_Jungvoegel_2022.jpg?fit=850%2C638&amp;ssl=1\" data-orig-size=\"850,638\" data-comments-opened=\"1\" data-image-meta=\"{&quot;aperture&quot;:&quot;0&quot;,&quot;credit&quot;:&quot;&quot;,&quot;camera&quot;:&quot;&quot;,&quot;caption&quot;:&quot;&quot;,&quot;created_timestamp&quot;:&quot;0&quot;,&quot;copyright&quot;:&quot;&quot;,&quot;focal_length&quot;:&quot;0&quot;,&quot;iso&quot;:&quot;0&quot;,&quot;shutter_speed&quot;:&quot;0&quot;,&quot;title&quot;:&quot;&quot;,&quot;orientation&quot;:&quot;0&quot;}\" data-image-title=\"Kiel_Jungvoegel_2022\" data-image-description=\"\" data-image-caption=\"\" data-large-file=\"https:\/\/i0.wp.com\/tinnunculus.sy-sy.cz\/wp-content\/uploads\/2022\/07\/Kiel_Jungvoegel_2022.jpg?fit=525%2C394&amp;ssl=1\" class=\"size-medium wp-image-20304 aligncenter\" src=\"https:\/\/i0.wp.com\/tinnunculus.sy-sy.cz\/wp-content\/uploads\/2022\/07\/Kiel_Jungvoegel_2022.jpg?resize=300%2C225&#038;ssl=1\" alt=\"\" width=\"300\" height=\"225\" srcset=\"https:\/\/i0.wp.com\/tinnunculus.sy-sy.cz\/wp-content\/uploads\/2022\/07\/Kiel_Jungvoegel_2022.jpg?resize=300%2C225&amp;ssl=1 300w, https:\/\/i0.wp.com\/tinnunculus.sy-sy.cz\/wp-content\/uploads\/2022\/07\/Kiel_Jungvoegel_2022.jpg?resize=768%2C576&amp;ssl=1 768w, https:\/\/i0.wp.com\/tinnunculus.sy-sy.cz\/wp-content\/uploads\/2022\/07\/Kiel_Jungvoegel_2022.jpg?w=850&amp;ssl=1 850w\" sizes=\"auto, (max-width: 300px) 100vw, 300px\" \/><\/p>\n<p><img data-recalc-dims=\"1\" loading=\"lazy\" decoding=\"async\" data-attachment-id=\"19283\" data-permalink=\"https:\/\/tinnunculus.sy-sy.cz\/index.php\/portfolio\/de-kiel-rathaus\/kiel_rathhaus03\/\" data-orig-file=\"https:\/\/i0.wp.com\/tinnunculus.sy-sy.cz\/wp-content\/uploads\/2022\/07\/Kiel_rathhaus03.jpg?fit=340%2C979&amp;ssl=1\" data-orig-size=\"340,979\" data-comments-opened=\"1\" data-image-meta=\"{&quot;aperture&quot;:&quot;0&quot;,&quot;credit&quot;:&quot;&quot;,&quot;camera&quot;:&quot;&quot;,&quot;caption&quot;:&quot;&quot;,&quot;created_timestamp&quot;:&quot;0&quot;,&quot;copyright&quot;:&quot;&quot;,&quot;focal_length&quot;:&quot;0&quot;,&quot;iso&quot;:&quot;0&quot;,&quot;shutter_speed&quot;:&quot;0&quot;,&quot;title&quot;:&quot;&quot;,&quot;orientation&quot;:&quot;0&quot;}\" data-image-title=\"Kiel_rathhaus03\" data-image-description=\"\" data-image-caption=\"\" data-large-file=\"https:\/\/i0.wp.com\/tinnunculus.sy-sy.cz\/wp-content\/uploads\/2022\/07\/Kiel_rathhaus03.jpg?fit=340%2C979&amp;ssl=1\" class=\"size-medium wp-image-19283 aligncenter\" src=\"https:\/\/i0.wp.com\/tinnunculus.sy-sy.cz\/wp-content\/uploads\/2022\/07\/Kiel_rathhaus03.jpg?resize=104%2C300&#038;ssl=1\" alt=\"\" width=\"104\" height=\"300\" srcset=\"https:\/\/i0.wp.com\/tinnunculus.sy-sy.cz\/wp-content\/uploads\/2022\/07\/Kiel_rathhaus03.jpg?resize=104%2C300&amp;ssl=1 104w, https:\/\/i0.wp.com\/tinnunculus.sy-sy.cz\/wp-content\/uploads\/2022\/07\/Kiel_rathhaus03.jpg?w=340&amp;ssl=1 340w\" sizes=\"auto, (max-width: 104px) 100vw, 104px\" \/><\/p>\n<ul>\n<li>www \/ kamera: <a href=\"https:\/\/www.kiel.de\/de\/umwelt_verkehr\/tiere\/falken.php\" target=\"_blank\" rel=\"noopener\">https:\/\/www.kiel.de\/de\/umwelt_verkehr\/tiere\/falken.php<\/a><\/li>\n<\/ul>\n<p><iframe loading=\"lazy\" style=\"border: 0;\" src=\"https:\/\/www.google.com\/maps\/embed?pb=!1m18!1m12!1m3!1d2326.9618499754683!2d10.130727716229089!3d54.32230580885969!2m3!1f0!2f0!3f0!3m2!1i1024!2i768!4f13.1!3m3!1m2!1s0x47b25667469f5197%3A0xec9088545628a004!2sLandeshauptstadt%20Kiel%20%7C%20Rathaus!5e0!3m2!1scs!2scz!4v1657102899408!5m2!1scs!2scz\" width=\"600\" height=\"450\" allowfullscreen=\"allowfullscreen\"><\/iframe><\/p>\n<p><span class=\"last-modified-timestamp\">Aktualizov\u00e1no: <span class=\"last-modified-timestamp\">27\/04\/2026 19:11<\/span><\/span><\/p>\n","protected":false},"excerpt":{"rendered":"<p>Budka pro po\u0161tolky ve v\u011b\u017ei radnice v&nbsp;Kielu. <\/p>\n","protected":false},"author":2,"featured_media":0,"comment_status":"closed","ping_status":"closed","template":"","format":"standard","meta":{"jetpack_post_was_ever_published":false,"footnotes":""},"jetpack-portfolio-type":[233,227,228],"jetpack-portfolio-tag":[1023,1099,1423,1540,1612,242,955,234],"class_list":["post-19278","jetpack-portfolio","type-jetpack-portfolio","status-publish","format-standard","hentry","jetpack-portfolio-type-postolka-obecna-falco-tinnunculus","jetpack-portfolio-type-prime-prenosy-a-videoreportaze","jetpack-portfolio-type-primy-prenos-postolka-obecna","jetpack-portfolio-tag-1023","jetpack-portfolio-tag-1099","jetpack-portfolio-tag-1423","jetpack-portfolio-tag-1540","jetpack-portfolio-tag-1612","jetpack-portfolio-tag-de-nemecko-germany","jetpack-portfolio-tag-hnizdo-budka-budova","jetpack-portfolio-tag-online"],"jetpack-related-posts":[],"jetpack_sharing_enabled":true,"_links":{"self":[{"href":"https:\/\/tinnunculus.sy-sy.cz\/index.php\/wp-json\/wp\/v2\/jetpack-portfolio\/19278","targetHints":{"allow":["GET"]}}],"collection":[{"href":"https:\/\/tinnunculus.sy-sy.cz\/index.php\/wp-json\/wp\/v2\/jetpack-portfolio"}],"about":[{"href":"https:\/\/tinnunculus.sy-sy.cz\/index.php\/wp-json\/wp\/v2\/types\/jetpack-portfolio"}],"author":[{"embeddable":true,"href":"https:\/\/tinnunculus.sy-sy.cz\/index.php\/wp-json\/wp\/v2\/users\/2"}],"replies":[{"embeddable":true,"href":"https:\/\/tinnunculus.sy-sy.cz\/index.php\/wp-json\/wp\/v2\/comments?post=19278"}],"version-history":[{"count":1,"href":"https:\/\/tinnunculus.sy-sy.cz\/index.php\/wp-json\/wp\/v2\/jetpack-portfolio\/19278\/revisions"}],"predecessor-version":[{"id":34644,"href":"https:\/\/tinnunculus.sy-sy.cz\/index.php\/wp-json\/wp\/v2\/jetpack-portfolio\/19278\/revisions\/34644"}],"wp:attachment":[{"href":"https:\/\/tinnunculus.sy-sy.cz\/index.php\/wp-json\/wp\/v2\/media?parent=19278"}],"wp:term":[{"taxonomy":"jetpack-portfolio-type","embeddable":true,"href":"https:\/\/tinnunculus.sy-sy.cz\/index.php\/wp-json\/wp\/v2\/jetpack-portfolio-type?post=19278"},{"taxonomy":"jetpack-portfolio-tag","embeddable":true,"href":"https:\/\/tinnunculus.sy-sy.cz\/index.php\/wp-json\/wp\/v2\/jetpack-portfolio-tag?post=19278"}],"curies":[{"name":"wp","href":"https:\/\/api.w.org\/{rel}","templated":true}]}}

<p><img data-recalc-dims="1" loading="lazy" decoding="async" data-attachment-id="19275" data-permalink="https://tinnunculus.sy-sy.cz/index.php/portfolio/de-kiel-rathaus/kiel20220706b/" data-orig-file="https://i0.wp.com/tinnunculus.sy-sy.cz/wp-content/uploads/2022/07/Kiel20220706b-e1657101300638.jpg?fit=1038%2C582&amp;ssl=1" data-orig-size="1038,582" data-comments-opened="1" data-image-meta="{&quot;aperture&quot;:&quot;0&quot;,&quot;credit&quot;:&quot;&quot;,&quot;camera&quot;:&quot;&quot;,&quot;caption&quot;:&quot;&quot;,&quot;created_timestamp&quot;:&quot;0&quot;,&quot;copyright&quot;:&quot;&quot;,&quot;focal_length&quot;:&quot;0&quot;,&quot;iso&quot;:&quot;0&quot;,&quot;shutter_speed&quot;:&quot;0&quot;,&quot;title&quot;:&quot;&quot;,&quot;orientation&quot;:&quot;1&quot;}" data-image-title="Kiel20220706b" data-image-description="" data-image-caption="" data-large-file="https://i0.wp.com/tinnunculus.sy-sy.cz/wp-content/uploads/2022/07/Kiel20220706b-e1657101300638.jpg?fit=525%2C294&amp;ssl=1" class="aligncenter wp-image-19275 size-large" src="https://i0.wp.com/tinnunculus.sy-sy.cz/wp-content/uploads/2022/07/Kiel20220706b-e1657101300638-1024x574.jpg?resize=525%2C294&#038;ssl=1" alt="" width="525" height="294" srcset="https://i0.wp.com/tinnunculus.sy-sy.cz/wp-content/uploads/2022/07/Kiel20220706b-e1657101300638.jpg?resize=1024%2C574&amp;ssl=1 1024w, https://i0.wp.com/tinnunculus.sy-sy.cz/wp-content/uploads/2022/07/Kiel20220706b-e1657101300638.jpg?resize=300%2C168&amp;ssl=1 300w, https://i0.wp.com/tinnunculus.sy-sy.cz/wp-content/uploads/2022/07/Kiel20220706b-e1657101300638.jpg?resize=768%2C431&amp;ssl=1 768w, https://i0.wp.com/tinnunculus.sy-sy.cz/wp-content/uploads/2022/07/Kiel20220706b-e1657101300638.jpg?w=1038&amp;ssl=1 1038w" sizes="auto, (max-width: 525px) 100vw, 525px" /></p>
<p><a href="https://goo.gl/maps/wfofKKNsb6KDSWQt6" target="_blank" rel="noopener">Fleethörn 9, 24103 Kiel, Německo</a></p>
<p>Poštolky hnízdí v&nbsp;budce ve věži radnice v&nbsp;Kielu. Podrobnosti o&nbsp;přenosu najdete v&nbsp;příspěvku na stránkách <a href="https://www.kiel.de/de/umwelt_verkehr/tiere/falken.php" target="_blank" rel="noopener">Kiel.Sailing.City</a>, kde běží i&nbsp;přímý přenos. <!--more--></p>
<p><img data-recalc-dims="1" loading="lazy" decoding="async" data-attachment-id="19282" data-permalink="https://tinnunculus.sy-sy.cz/index.php/portfolio/de-kiel-rathaus/kiel_ext02-2/" data-orig-file="https://i0.wp.com/tinnunculus.sy-sy.cz/wp-content/uploads/2022/07/Kiel_ext02-1.jpg?fit=850%2C638&amp;ssl=1" data-orig-size="850,638" data-comments-opened="1" data-image-meta="{&quot;aperture&quot;:&quot;0&quot;,&quot;credit&quot;:&quot;&quot;,&quot;camera&quot;:&quot;&quot;,&quot;caption&quot;:&quot;&quot;,&quot;created_timestamp&quot;:&quot;0&quot;,&quot;copyright&quot;:&quot;&quot;,&quot;focal_length&quot;:&quot;0&quot;,&quot;iso&quot;:&quot;0&quot;,&quot;shutter_speed&quot;:&quot;0&quot;,&quot;title&quot;:&quot;&quot;,&quot;orientation&quot;:&quot;0&quot;}" data-image-title="Kiel_ext02" data-image-description="" data-image-caption="" data-large-file="https://i0.wp.com/tinnunculus.sy-sy.cz/wp-content/uploads/2022/07/Kiel_ext02-1.jpg?fit=525%2C394&amp;ssl=1" class="size-medium wp-image-19282 aligncenter" src="https://i0.wp.com/tinnunculus.sy-sy.cz/wp-content/uploads/2022/07/Kiel_ext02-1.jpg?resize=300%2C225&#038;ssl=1" alt="" width="300" height="225" srcset="https://i0.wp.com/tinnunculus.sy-sy.cz/wp-content/uploads/2022/07/Kiel_ext02-1.jpg?resize=300%2C225&amp;ssl=1 300w, https://i0.wp.com/tinnunculus.sy-sy.cz/wp-content/uploads/2022/07/Kiel_ext02-1.jpg?resize=768%2C576&amp;ssl=1 768w, https://i0.wp.com/tinnunculus.sy-sy.cz/wp-content/uploads/2022/07/Kiel_ext02-1.jpg?w=850&amp;ssl=1 850w" sizes="auto, (max-width: 300px) 100vw, 300px" /></p>
<p><img data-recalc-dims="1" loading="lazy" decoding="async" data-attachment-id="20304" data-permalink="https://tinnunculus.sy-sy.cz/index.php/portfolio/de-kiel-rathaus/kiel_jungvoegel_2022/" data-orig-file="https://i0.wp.com/tinnunculus.sy-sy.cz/wp-content/uploads/2022/07/Kiel_Jungvoegel_2022.jpg?fit=850%2C638&amp;ssl=1" data-orig-size="850,638" data-comments-opened="1" data-image-meta="{&quot;aperture&quot;:&quot;0&quot;,&quot;credit&quot;:&quot;&quot;,&quot;camera&quot;:&quot;&quot;,&quot;caption&quot;:&quot;&quot;,&quot;created_timestamp&quot;:&quot;0&quot;,&quot;copyright&quot;:&quot;&quot;,&quot;focal_length&quot;:&quot;0&quot;,&quot;iso&quot;:&quot;0&quot;,&quot;shutter_speed&quot;:&quot;0&quot;,&quot;title&quot;:&quot;&quot;,&quot;orientation&quot;:&quot;0&quot;}" data-image-title="Kiel_Jungvoegel_2022" data-image-description="" data-image-caption="" data-large-file="https://i0.wp.com/tinnunculus.sy-sy.cz/wp-content/uploads/2022/07/Kiel_Jungvoegel_2022.jpg?fit=525%2C394&amp;ssl=1" class="size-medium wp-image-20304 aligncenter" src="https://i0.wp.com/tinnunculus.sy-sy.cz/wp-content/uploads/2022/07/Kiel_Jungvoegel_2022.jpg?resize=300%2C225&#038;ssl=1" alt="" width="300" height="225" srcset="https://i0.wp.com/tinnunculus.sy-sy.cz/wp-content/uploads/2022/07/Kiel_Jungvoegel_2022.jpg?resize=300%2C225&amp;ssl=1 300w, https://i0.wp.com/tinnunculus.sy-sy.cz/wp-content/uploads/2022/07/Kiel_Jungvoegel_2022.jpg?resize=768%2C576&amp;ssl=1 768w, https://i0.wp.com/tinnunculus.sy-sy.cz/wp-content/uploads/2022/07/Kiel_Jungvoegel_2022.jpg?w=850&amp;ssl=1 850w" sizes="auto, (max-width: 300px) 100vw, 300px" /></p>
<p><img data-recalc-dims="1" loading="lazy" decoding="async" data-attachment-id="19283" data-permalink="https://tinnunculus.sy-sy.cz/index.php/portfolio/de-kiel-rathaus/kiel_rathhaus03/" data-orig-file="https://i0.wp.com/tinnunculus.sy-sy.cz/wp-content/uploads/2022/07/Kiel_rathhaus03.jpg?fit=340%2C979&amp;ssl=1" data-orig-size="340,979" data-comments-opened="1" data-image-meta="{&quot;aperture&quot;:&quot;0&quot;,&quot;credit&quot;:&quot;&quot;,&quot;camera&quot;:&quot;&quot;,&quot;caption&quot;:&quot;&quot;,&quot;created_timestamp&quot;:&quot;0&quot;,&quot;copyright&quot;:&quot;&quot;,&quot;focal_length&quot;:&quot;0&quot;,&quot;iso&quot;:&quot;0&quot;,&quot;shutter_speed&quot;:&quot;0&quot;,&quot;title&quot;:&quot;&quot;,&quot;orientation&quot;:&quot;0&quot;}" data-image-title="Kiel_rathhaus03" data-image-description="" data-image-caption="" data-large-file="https://i0.wp.com/tinnunculus.sy-sy.cz/wp-content/uploads/2022/07/Kiel_rathhaus03.jpg?fit=340%2C979&amp;ssl=1" class="size-medium wp-image-19283 aligncenter" src="https://i0.wp.com/tinnunculus.sy-sy.cz/wp-content/uploads/2022/07/Kiel_rathhaus03.jpg?resize=104%2C300&#038;ssl=1" alt="" width="104" height="300" srcset="https://i0.wp.com/tinnunculus.sy-sy.cz/wp-content/uploads/2022/07/Kiel_rathhaus03.jpg?resize=104%2C300&amp;ssl=1 104w, https://i0.wp.com/tinnunculus.sy-sy.cz/wp-content/uploads/2022/07/Kiel_rathhaus03.jpg?w=340&amp;ssl=1 340w" sizes="auto, (max-width: 104px) 100vw, 104px" /></p>
<ul>
<li>www / kamera: <a href="https://www.kiel.de/de/umwelt_verkehr/tiere/falken.php" target="_blank" rel="noopener">https://www.kiel.de/de/umwelt_verkehr/tiere/falken.php</a></li>
</ul>
<p><iframe loading="lazy" style="border: 0;" src="https://www.google.com/maps/embed?pb=!1m18!1m12!1m3!1d2326.9618499754683!2d10.130727716229089!3d54.32230580885969!2m3!1f0!2f0!3f0!3m2!1i1024!2i768!4f13.1!3m3!1m2!1s0x47b25667469f5197%3A0xec9088545628a004!2sLandeshauptstadt%20Kiel%20%7C%20Rathaus!5e0!3m2!1scs!2scz!4v1657102899408!5m2!1scs!2scz" width="600" height="450" allowfullscreen="allowfullscreen"></iframe></p>
<p><span class="last-modified-timestamp">Aktualizováno: <span class="last-modified-timestamp">27/04/2026 19:11</span></span></p>

<p>Budka pro poštolky ve věži radnice v&nbsp;Kielu. </p>
