{"id":18956,"date":"2022-05-21T11:24:06","date_gmt":"2022-05-21T09:24:06","guid":{"rendered":"https:\/\/tinnunculus.sy-sy.cz\/?post_type=jetpack-portfolio&#038;p=18956"},"modified":"2025-05-12T19:59:29","modified_gmt":"2025-05-12T17:59:29","slug":"de-salzgitter-lobmachtersen","status":"publish","type":"jetpack-portfolio","link":"https:\/\/tinnunculus.sy-sy.cz\/index.php\/portfolio\/de-salzgitter-lobmachtersen\/","title":{"rendered":"DE &#8211; Salzgitter &#8211; Lobmachtersen"},"content":{"rendered":"<p><img data-recalc-dims=\"1\" loading=\"lazy\" decoding=\"async\" data-attachment-id=\"18958\" data-permalink=\"https:\/\/tinnunculus.sy-sy.cz\/index.php\/portfolio\/de-salzgitter-lobmachtersen\/lobmachtersen_20220521\/\" data-orig-file=\"https:\/\/i0.wp.com\/tinnunculus.sy-sy.cz\/wp-content\/uploads\/2022\/05\/Lobmachtersen_20220521-e1653123996321.jpg?fit=1038%2C586&amp;ssl=1\" data-orig-size=\"1038,586\" data-comments-opened=\"1\" data-image-meta=\"{&quot;aperture&quot;:&quot;0&quot;,&quot;credit&quot;:&quot;&quot;,&quot;camera&quot;:&quot;&quot;,&quot;caption&quot;:&quot;&quot;,&quot;created_timestamp&quot;:&quot;0&quot;,&quot;copyright&quot;:&quot;&quot;,&quot;focal_length&quot;:&quot;0&quot;,&quot;iso&quot;:&quot;0&quot;,&quot;shutter_speed&quot;:&quot;0&quot;,&quot;title&quot;:&quot;&quot;,&quot;orientation&quot;:&quot;1&quot;}\" data-image-title=\"Lobmachtersen_20220521\" data-image-description=\"\" data-image-caption=\"\" data-large-file=\"https:\/\/i0.wp.com\/tinnunculus.sy-sy.cz\/wp-content\/uploads\/2022\/05\/Lobmachtersen_20220521-e1653123996321.jpg?fit=525%2C296&amp;ssl=1\" class=\"aligncenter wp-image-18958 size-large\" src=\"https:\/\/i0.wp.com\/tinnunculus.sy-sy.cz\/wp-content\/uploads\/2022\/05\/Lobmachtersen_20220521.jpg?resize=525%2C296&#038;ssl=1\" alt=\"\" width=\"525\" height=\"296\" \/><\/p>\n<p><a href=\"https:\/\/goo.gl\/maps\/Z5SVGnQEjF7RmDSk6\" target=\"_blank\" rel=\"noopener\">Am Wasserturm 18, 38239 Salzgitter, N\u011bmecko<\/a><\/p>\n<p>P\u0159\u00edm\u00fd p\u0159enos z&nbsp;hn\u00edzd\u011bn\u00ed po\u0161tolek obecn\u00fdch v&nbsp;budce instalovan\u00e9 na vod\u00e1rensk\u00e9 v\u011b\u017ei Wasserturm Lobmachtersen.<\/p>\n<p><!--more--><\/p>\n<p>Budku instalovala asociace NABU ji\u017e v&nbsp;roce 1991 (1999?).\u00a0 V&nbsp;listopadu 2020 ji nahradila nov\u00e1 budka vybaven\u00e1 kamerou. P\u0159enos je dostupn\u00fd na str\u00e1nk\u00e1ch spolku F\u00f6rderverein Wasserturm Lobmachtersen e.V. .<\/p>\n<p><img data-recalc-dims=\"1\" loading=\"lazy\" decoding=\"async\" data-attachment-id=\"18961\" data-permalink=\"https:\/\/tinnunculus.sy-sy.cz\/index.php\/portfolio\/de-salzgitter-lobmachtersen\/wasserturm-lobmachtersen_upr\/\" data-orig-file=\"https:\/\/i0.wp.com\/tinnunculus.sy-sy.cz\/wp-content\/uploads\/2022\/05\/wasserturm-lobmachtersen_Upr.jpg?fit=694%2C1038&amp;ssl=1\" data-orig-size=\"694,1038\" data-comments-opened=\"1\" data-image-meta=\"{&quot;aperture&quot;:&quot;0&quot;,&quot;credit&quot;:&quot;&quot;,&quot;camera&quot;:&quot;&quot;,&quot;caption&quot;:&quot;&quot;,&quot;created_timestamp&quot;:&quot;0&quot;,&quot;copyright&quot;:&quot;&quot;,&quot;focal_length&quot;:&quot;0&quot;,&quot;iso&quot;:&quot;0&quot;,&quot;shutter_speed&quot;:&quot;0&quot;,&quot;title&quot;:&quot;&quot;,&quot;orientation&quot;:&quot;1&quot;}\" data-image-title=\"wasserturm-lobmachtersen_Upr\" data-image-description=\"\" data-image-caption=\"\" data-large-file=\"https:\/\/i0.wp.com\/tinnunculus.sy-sy.cz\/wp-content\/uploads\/2022\/05\/wasserturm-lobmachtersen_Upr.jpg?fit=525%2C785&amp;ssl=1\" class=\"size-medium wp-image-18961 aligncenter\" src=\"https:\/\/i0.wp.com\/tinnunculus.sy-sy.cz\/wp-content\/uploads\/2022\/05\/wasserturm-lobmachtersen_Upr.jpg?resize=201%2C300&#038;ssl=1\" alt=\"\" width=\"201\" height=\"300\" srcset=\"https:\/\/i0.wp.com\/tinnunculus.sy-sy.cz\/wp-content\/uploads\/2022\/05\/wasserturm-lobmachtersen_Upr.jpg?resize=201%2C300&amp;ssl=1 201w, https:\/\/i0.wp.com\/tinnunculus.sy-sy.cz\/wp-content\/uploads\/2022\/05\/wasserturm-lobmachtersen_Upr.jpg?resize=685%2C1024&amp;ssl=1 685w, https:\/\/i0.wp.com\/tinnunculus.sy-sy.cz\/wp-content\/uploads\/2022\/05\/wasserturm-lobmachtersen_Upr.jpg?w=694&amp;ssl=1 694w\" sizes=\"auto, (max-width: 201px) 100vw, 201px\" \/><\/p>\n<ul>\n<li>www \/ kamera:\u00a0 <a href=\"https:\/\/www.lobmachtersen.de\/fwl\/pages\/falken-im-turm.php\" target=\"_blank\" rel=\"noopener\">https:\/\/www.lobmachtersen.de\/fwl\/pages\/falken-im-turm.php<\/a><\/li>\n<li>kamera: <a href=\"http:\/\/falken.wasserturm.lobmachtersen.de:8082\/\" target=\"_blank\" rel=\"noopener\">http:\/\/falken.wasserturm.lobmachtersen.de:8082\/<\/a><\/li>\n<\/ul>\n<p><iframe loading=\"lazy\" style=\"border: 0;\" src=\"https:\/\/www.google.com\/maps\/embed?pb=!1m18!1m12!1m3!1d2445.904424442857!2d10.486722416101934!3d52.19060996833951!2m3!1f0!2f0!3f0!3m2!1i1024!2i768!4f13.1!3m3!1m2!1s0x47a559c32232ddcf%3A0xd924582e19a46824!2sWasserturm%20Lobmachtersen!5e0!3m2!1scs!2scz!4v1653124405912!5m2!1scs!2scz\" width=\"600\" height=\"450\" allowfullscreen=\"allowfullscreen\"><\/iframe><\/p>\n<p><span class=\"last-modified-timestamp\">Aktualizov\u00e1no: <span class=\"last-modified-timestamp\">12\/05\/2025 19:59<\/span><\/span><\/p>\n","protected":false},"excerpt":{"rendered":"<p>P\u0159\u00edm\u00fd p\u0159enos z&nbsp;hn\u00edzd\u011bn\u00ed po\u0161tolek obecn\u00fdch v&nbsp;budce instalovan\u00e9 na vod\u00e1rensk\u00e9 v\u011b\u017ei Wasserturm Lobmachtersen.<\/p>\n","protected":false},"author":2,"featured_media":0,"comment_status":"closed","ping_status":"closed","template":"","format":"standard","meta":{"jetpack_post_was_ever_published":false,"footnotes":""},"jetpack-portfolio-type":[233,227,228],"jetpack-portfolio-tag":[940,1023,1099,1423,1540,242,955,234],"class_list":["post-18956","jetpack-portfolio","type-jetpack-portfolio","status-publish","format-standard","hentry","jetpack-portfolio-type-postolka-obecna-falco-tinnunculus","jetpack-portfolio-type-prime-prenosy-a-videoreportaze","jetpack-portfolio-type-primy-prenos-postolka-obecna","jetpack-portfolio-tag-940","jetpack-portfolio-tag-1023","jetpack-portfolio-tag-1099","jetpack-portfolio-tag-1423","jetpack-portfolio-tag-1540","jetpack-portfolio-tag-de-nemecko-germany","jetpack-portfolio-tag-hnizdo-budka-budova","jetpack-portfolio-tag-online"],"jetpack-related-posts":[],"jetpack_sharing_enabled":true,"_links":{"self":[{"href":"https:\/\/tinnunculus.sy-sy.cz\/index.php\/wp-json\/wp\/v2\/jetpack-portfolio\/18956","targetHints":{"allow":["GET"]}}],"collection":[{"href":"https:\/\/tinnunculus.sy-sy.cz\/index.php\/wp-json\/wp\/v2\/jetpack-portfolio"}],"about":[{"href":"https:\/\/tinnunculus.sy-sy.cz\/index.php\/wp-json\/wp\/v2\/types\/jetpack-portfolio"}],"author":[{"embeddable":true,"href":"https:\/\/tinnunculus.sy-sy.cz\/index.php\/wp-json\/wp\/v2\/users\/2"}],"replies":[{"embeddable":true,"href":"https:\/\/tinnunculus.sy-sy.cz\/index.php\/wp-json\/wp\/v2\/comments?post=18956"}],"version-history":[{"count":1,"href":"https:\/\/tinnunculus.sy-sy.cz\/index.php\/wp-json\/wp\/v2\/jetpack-portfolio\/18956\/revisions"}],"predecessor-version":[{"id":34455,"href":"https:\/\/tinnunculus.sy-sy.cz\/index.php\/wp-json\/wp\/v2\/jetpack-portfolio\/18956\/revisions\/34455"}],"wp:attachment":[{"href":"https:\/\/tinnunculus.sy-sy.cz\/index.php\/wp-json\/wp\/v2\/media?parent=18956"}],"wp:term":[{"taxonomy":"jetpack-portfolio-type","embeddable":true,"href":"https:\/\/tinnunculus.sy-sy.cz\/index.php\/wp-json\/wp\/v2\/jetpack-portfolio-type?post=18956"},{"taxonomy":"jetpack-portfolio-tag","embeddable":true,"href":"https:\/\/tinnunculus.sy-sy.cz\/index.php\/wp-json\/wp\/v2\/jetpack-portfolio-tag?post=18956"}],"curies":[{"name":"wp","href":"https:\/\/api.w.org\/{rel}","templated":true}]}}

<p><img data-recalc-dims="1" loading="lazy" decoding="async" data-attachment-id="18958" data-permalink="https://tinnunculus.sy-sy.cz/index.php/portfolio/de-salzgitter-lobmachtersen/lobmachtersen_20220521/" data-orig-file="https://i0.wp.com/tinnunculus.sy-sy.cz/wp-content/uploads/2022/05/Lobmachtersen_20220521-e1653123996321.jpg?fit=1038%2C586&amp;ssl=1" data-orig-size="1038,586" data-comments-opened="1" data-image-meta="{&quot;aperture&quot;:&quot;0&quot;,&quot;credit&quot;:&quot;&quot;,&quot;camera&quot;:&quot;&quot;,&quot;caption&quot;:&quot;&quot;,&quot;created_timestamp&quot;:&quot;0&quot;,&quot;copyright&quot;:&quot;&quot;,&quot;focal_length&quot;:&quot;0&quot;,&quot;iso&quot;:&quot;0&quot;,&quot;shutter_speed&quot;:&quot;0&quot;,&quot;title&quot;:&quot;&quot;,&quot;orientation&quot;:&quot;1&quot;}" data-image-title="Lobmachtersen_20220521" data-image-description="" data-image-caption="" data-large-file="https://i0.wp.com/tinnunculus.sy-sy.cz/wp-content/uploads/2022/05/Lobmachtersen_20220521-e1653123996321.jpg?fit=525%2C296&amp;ssl=1" class="aligncenter wp-image-18958 size-large" src="https://i0.wp.com/tinnunculus.sy-sy.cz/wp-content/uploads/2022/05/Lobmachtersen_20220521.jpg?resize=525%2C296&#038;ssl=1" alt="" width="525" height="296" /></p>
<p><a href="https://goo.gl/maps/Z5SVGnQEjF7RmDSk6" target="_blank" rel="noopener">Am Wasserturm 18, 38239 Salzgitter, Německo</a></p>
<p>Přímý přenos z&nbsp;hnízdění poštolek obecných v&nbsp;budce instalované na vodárenské věži Wasserturm Lobmachtersen.</p>
<p><!--more--></p>
<p>Budku instalovala asociace NABU již v&nbsp;roce 1991 (1999?).  V&nbsp;listopadu 2020 ji nahradila nová budka vybavená kamerou. Přenos je dostupný na stránkách spolku Förderverein Wasserturm Lobmachtersen e.V. .</p>
<p><img data-recalc-dims="1" loading="lazy" decoding="async" data-attachment-id="18961" data-permalink="https://tinnunculus.sy-sy.cz/index.php/portfolio/de-salzgitter-lobmachtersen/wasserturm-lobmachtersen_upr/" data-orig-file="https://i0.wp.com/tinnunculus.sy-sy.cz/wp-content/uploads/2022/05/wasserturm-lobmachtersen_Upr.jpg?fit=694%2C1038&amp;ssl=1" data-orig-size="694,1038" data-comments-opened="1" data-image-meta="{&quot;aperture&quot;:&quot;0&quot;,&quot;credit&quot;:&quot;&quot;,&quot;camera&quot;:&quot;&quot;,&quot;caption&quot;:&quot;&quot;,&quot;created_timestamp&quot;:&quot;0&quot;,&quot;copyright&quot;:&quot;&quot;,&quot;focal_length&quot;:&quot;0&quot;,&quot;iso&quot;:&quot;0&quot;,&quot;shutter_speed&quot;:&quot;0&quot;,&quot;title&quot;:&quot;&quot;,&quot;orientation&quot;:&quot;1&quot;}" data-image-title="wasserturm-lobmachtersen_Upr" data-image-description="" data-image-caption="" data-large-file="https://i0.wp.com/tinnunculus.sy-sy.cz/wp-content/uploads/2022/05/wasserturm-lobmachtersen_Upr.jpg?fit=525%2C785&amp;ssl=1" class="size-medium wp-image-18961 aligncenter" src="https://i0.wp.com/tinnunculus.sy-sy.cz/wp-content/uploads/2022/05/wasserturm-lobmachtersen_Upr.jpg?resize=201%2C300&#038;ssl=1" alt="" width="201" height="300" srcset="https://i0.wp.com/tinnunculus.sy-sy.cz/wp-content/uploads/2022/05/wasserturm-lobmachtersen_Upr.jpg?resize=201%2C300&amp;ssl=1 201w, https://i0.wp.com/tinnunculus.sy-sy.cz/wp-content/uploads/2022/05/wasserturm-lobmachtersen_Upr.jpg?resize=685%2C1024&amp;ssl=1 685w, https://i0.wp.com/tinnunculus.sy-sy.cz/wp-content/uploads/2022/05/wasserturm-lobmachtersen_Upr.jpg?w=694&amp;ssl=1 694w" sizes="auto, (max-width: 201px) 100vw, 201px" /></p>
<ul>
<li>www / kamera:  <a href="https://www.lobmachtersen.de/fwl/pages/falken-im-turm.php" target="_blank" rel="noopener">https://www.lobmachtersen.de/fwl/pages/falken-im-turm.php</a></li>
<li>kamera: <a href="http://falken.wasserturm.lobmachtersen.de:8082/" target="_blank" rel="noopener">http://falken.wasserturm.lobmachtersen.de:8082/</a></li>
</ul>
<p><iframe loading="lazy" style="border: 0;" src="https://www.google.com/maps/embed?pb=!1m18!1m12!1m3!1d2445.904424442857!2d10.486722416101934!3d52.19060996833951!2m3!1f0!2f0!3f0!3m2!1i1024!2i768!4f13.1!3m3!1m2!1s0x47a559c32232ddcf%3A0xd924582e19a46824!2sWasserturm%20Lobmachtersen!5e0!3m2!1scs!2scz!4v1653124405912!5m2!1scs!2scz" width="600" height="450" allowfullscreen="allowfullscreen"></iframe></p>
<p><span class="last-modified-timestamp">Aktualizováno: <span class="last-modified-timestamp">12/05/2025 19:59</span></span></p>

<p>Přímý přenos z&nbsp;hnízdění poštolek obecných v&nbsp;budce instalované na vodárenské věži Wasserturm Lobmachtersen.</p>
