{"id":17155,"date":"2021-08-15T17:04:33","date_gmt":"2021-08-15T15:04:33","guid":{"rendered":"https:\/\/tinnunculus.sy-sy.cz\/?post_type=jetpack-portfolio&#038;p=17155"},"modified":"2026-03-16T10:31:50","modified_gmt":"2026-03-16T09:31:50","slug":"at-wien-dobling","status":"publish","type":"jetpack-portfolio","link":"https:\/\/tinnunculus.sy-sy.cz\/index.php\/portfolio\/at-wien-dobling\/","title":{"rendered":"AT &#8211; Wien-D\u00f6bling"},"content":{"rendered":"<p><img data-recalc-dims=\"1\" loading=\"lazy\" decoding=\"async\" data-attachment-id=\"17154\" data-permalink=\"https:\/\/tinnunculus.sy-sy.cz\/index.php\/portfolio\/at-wien-dobling\/dobling_202106\/\" data-orig-file=\"https:\/\/i0.wp.com\/tinnunculus.sy-sy.cz\/wp-content\/uploads\/2021\/08\/Dobling_202106-e1629030422659.jpg?fit=908%2C511&amp;ssl=1\" data-orig-size=\"908,511\" data-comments-opened=\"1\" data-image-meta=\"{&quot;aperture&quot;:&quot;0&quot;,&quot;credit&quot;:&quot;&quot;,&quot;camera&quot;:&quot;&quot;,&quot;caption&quot;:&quot;&quot;,&quot;created_timestamp&quot;:&quot;0&quot;,&quot;copyright&quot;:&quot;&quot;,&quot;focal_length&quot;:&quot;0&quot;,&quot;iso&quot;:&quot;0&quot;,&quot;shutter_speed&quot;:&quot;0&quot;,&quot;title&quot;:&quot;&quot;,&quot;orientation&quot;:&quot;0&quot;}\" data-image-title=\"Dobling_202106\" data-image-description=\"\" data-image-caption=\"\" data-large-file=\"https:\/\/i0.wp.com\/tinnunculus.sy-sy.cz\/wp-content\/uploads\/2021\/08\/Dobling_202106-e1629030422659.jpg?fit=525%2C210&amp;ssl=1\" class=\"aligncenter wp-image-17154 size-full\" src=\"https:\/\/i0.wp.com\/tinnunculus.sy-sy.cz\/wp-content\/uploads\/2021\/08\/Dobling_202106-e1629030422659.jpg?resize=525%2C295&#038;ssl=1\" alt=\"\" width=\"525\" height=\"295\" srcset=\"https:\/\/i0.wp.com\/tinnunculus.sy-sy.cz\/wp-content\/uploads\/2021\/08\/Dobling_202106-e1629030422659.jpg?w=908&amp;ssl=1 908w, https:\/\/i0.wp.com\/tinnunculus.sy-sy.cz\/wp-content\/uploads\/2021\/08\/Dobling_202106-e1629030422659.jpg?resize=300%2C169&amp;ssl=1 300w, https:\/\/i0.wp.com\/tinnunculus.sy-sy.cz\/wp-content\/uploads\/2021\/08\/Dobling_202106-e1629030422659.jpg?resize=768%2C432&amp;ssl=1 768w\" sizes=\"auto, (max-width: 767px) 89vw, (max-width: 1000px) 54vw, (max-width: 1071px) 543px, 580px\" \/><\/p>\n<p class=\"OHxqsf-share-HSrbLb-title\"><a href=\"https:\/\/goo.gl\/maps\/FibNYcCSVuRdCkeV7\" target=\"_blank\" rel=\"noopener\">Karl Marx-Hof,\u00a0Heiligenst\u00e4dter Str.&nbsp;82-92, 1190 Wien, Rakousko<\/a><\/p>\n<p class=\"OHxqsf-share-HSrbLb-title\">P\u0159\u00edm\u00fd p\u0159enos z&nbsp;hn\u00edzd\u011bn\u00ed po\u0161tolek v&nbsp;Karl-Marx-Hof v&nbsp;19.&nbsp;v\u00edde\u0148sk\u00e9m obvodu D\u00f6bling. V\u00edce o&nbsp;p\u0159enosu v&nbsp;\u010dl\u00e1nku <a href=\"https:\/\/wien.orf.at\/stories\/3109120\/\" target=\"_blank\" rel=\"noopener\">Turmfalken-Stream im Gemeindebau<\/a>.<!--more--><\/p>\n<p><a href=\"https:\/\/i0.wp.com\/tinnunculus.sy-sy.cz\/wp-content\/uploads\/2021\/08\/Dobling_KArlMarxHof-e1629038883708.jpg?ssl=1\" target=\"_blank\" rel=\"noopener\"><img data-recalc-dims=\"1\" loading=\"lazy\" decoding=\"async\" data-attachment-id=\"17159\" data-permalink=\"https:\/\/tinnunculus.sy-sy.cz\/index.php\/portfolio\/at-wien-dobling\/dobling_karlmarxhof\/\" data-orig-file=\"https:\/\/i0.wp.com\/tinnunculus.sy-sy.cz\/wp-content\/uploads\/2021\/08\/Dobling_KArlMarxHof-e1629038883708.jpg?fit=1038%2C734&amp;ssl=1\" data-orig-size=\"1038,734\" data-comments-opened=\"1\" data-image-meta=\"{&quot;aperture&quot;:&quot;0&quot;,&quot;credit&quot;:&quot;Bwag&quot;,&quot;camera&quot;:&quot;&quot;,&quot;caption&quot;:&quot;&quot;,&quot;created_timestamp&quot;:&quot;0&quot;,&quot;copyright&quot;:&quot;Bwag, CC-BY-SA-4.0&quot;,&quot;focal_length&quot;:&quot;0&quot;,&quot;iso&quot;:&quot;0&quot;,&quot;shutter_speed&quot;:&quot;0&quot;,&quot;title&quot;:&quot;&quot;,&quot;orientation&quot;:&quot;0&quot;}\" data-image-title=\"Dobling_KArlMarxHof\" data-image-description=\"\" data-image-caption=\"\" data-large-file=\"https:\/\/i0.wp.com\/tinnunculus.sy-sy.cz\/wp-content\/uploads\/2021\/08\/Dobling_KArlMarxHof-e1629038883708.jpg?fit=525%2C371&amp;ssl=1\" class=\"aligncenter wp-image-17159 size-medium\" src=\"https:\/\/i0.wp.com\/tinnunculus.sy-sy.cz\/wp-content\/uploads\/2021\/08\/Dobling_KArlMarxHof.jpg?resize=300%2C212&#038;ssl=1\" alt=\"\" width=\"300\" height=\"212\" \/><\/a><\/p>\n<a href=\"https:\/\/tinnunculus.sy-sy.cz\/wp-content\/uploads\/2024\/04\/turmfalken.pdf\" class=\"pdfemb-viewer\" style=\"\" data-width=\"max\" data-height=\"max\" data-toolbar=\"bottom\" data-toolbar-fixed=\"off\">turmfalken<\/a>\n<p><a href=\"https:\/\/tinnunculus.sy-sy.cz\/wp-content\/uploads\/2024\/04\/turmfalken.pdf\" target=\"_blank\" rel=\"noopener\">Download<\/a><\/p>\n<ul>\n<li>www \/ kamera:\u00a0 <del>https:\/\/www.wienerwohnen.at\/turmfalken<\/del><\/li>\n<\/ul>\n<p><iframe loading=\"lazy\" style=\"border: 0;\" src=\"https:\/\/www.google.com\/maps\/embed?pb=!1m18!1m12!1m3!1d2656.9325479336644!2d16.360510716142677!3d48.24642587923231!2m3!1f0!2f0!3f0!3m2!1i1024!2i768!4f13.1!3m3!1m2!1s0x476d077939990aff%3A0x846a62d274b68566!2sKarl%20Marx-Hof!5e0!3m2!1scs!2scz!4v1629038730858!5m2!1scs!2scz\" width=\"600\" height=\"450\" allowfullscreen=\"allowfullscreen\"><\/iframe><\/p>\n<p><span class=\"last-modified-timestamp\">Aktualizov\u00e1no: <span class=\"last-modified-timestamp\">16\/03\/2026 10:31<\/span><\/span><\/p>\n","protected":false},"excerpt":{"rendered":"<p>P\u0159\u00edm\u00fd p\u0159enos z&nbsp;hn\u00edzd\u011bn\u00ed po\u0161tolek v&nbsp;Karl-Marx-Hof v&nbsp;19.&nbsp;v\u00edde\u0148sk\u00e9m obvodu D\u00f6bling.<\/p>\n","protected":false},"author":2,"featured_media":0,"comment_status":"closed","ping_status":"closed","template":"","format":"standard","meta":{"jetpack_post_was_ever_published":false,"footnotes":""},"jetpack-portfolio-type":[233,227,228],"jetpack-portfolio-tag":[940,237,957,235],"class_list":["post-17155","jetpack-portfolio","type-jetpack-portfolio","status-publish","format-standard","hentry","jetpack-portfolio-type-postolka-obecna-falco-tinnunculus","jetpack-portfolio-type-prime-prenosy-a-videoreportaze","jetpack-portfolio-type-primy-prenos-postolka-obecna","jetpack-portfolio-tag-940","jetpack-portfolio-tag-at-rakousko-austria","jetpack-portfolio-tag-hnizdo-budova","jetpack-portfolio-tag-offline"],"jetpack-related-posts":[],"jetpack_sharing_enabled":true,"_links":{"self":[{"href":"https:\/\/tinnunculus.sy-sy.cz\/index.php\/wp-json\/wp\/v2\/jetpack-portfolio\/17155","targetHints":{"allow":["GET"]}}],"collection":[{"href":"https:\/\/tinnunculus.sy-sy.cz\/index.php\/wp-json\/wp\/v2\/jetpack-portfolio"}],"about":[{"href":"https:\/\/tinnunculus.sy-sy.cz\/index.php\/wp-json\/wp\/v2\/types\/jetpack-portfolio"}],"author":[{"embeddable":true,"href":"https:\/\/tinnunculus.sy-sy.cz\/index.php\/wp-json\/wp\/v2\/users\/2"}],"replies":[{"embeddable":true,"href":"https:\/\/tinnunculus.sy-sy.cz\/index.php\/wp-json\/wp\/v2\/comments?post=17155"}],"version-history":[{"count":3,"href":"https:\/\/tinnunculus.sy-sy.cz\/index.php\/wp-json\/wp\/v2\/jetpack-portfolio\/17155\/revisions"}],"predecessor-version":[{"id":46940,"href":"https:\/\/tinnunculus.sy-sy.cz\/index.php\/wp-json\/wp\/v2\/jetpack-portfolio\/17155\/revisions\/46940"}],"wp:attachment":[{"href":"https:\/\/tinnunculus.sy-sy.cz\/index.php\/wp-json\/wp\/v2\/media?parent=17155"}],"wp:term":[{"taxonomy":"jetpack-portfolio-type","embeddable":true,"href":"https:\/\/tinnunculus.sy-sy.cz\/index.php\/wp-json\/wp\/v2\/jetpack-portfolio-type?post=17155"},{"taxonomy":"jetpack-portfolio-tag","embeddable":true,"href":"https:\/\/tinnunculus.sy-sy.cz\/index.php\/wp-json\/wp\/v2\/jetpack-portfolio-tag?post=17155"}],"curies":[{"name":"wp","href":"https:\/\/api.w.org\/{rel}","templated":true}]}}

AT &#8211; Wien-Döbling

<p><img data-recalc-dims="1" loading="lazy" decoding="async" data-attachment-id="17154" data-permalink="https://tinnunculus.sy-sy.cz/index.php/portfolio/at-wien-dobling/dobling_202106/" data-orig-file="https://i0.wp.com/tinnunculus.sy-sy.cz/wp-content/uploads/2021/08/Dobling_202106-e1629030422659.jpg?fit=908%2C511&amp;ssl=1" data-orig-size="908,511" data-comments-opened="1" data-image-meta="{&quot;aperture&quot;:&quot;0&quot;,&quot;credit&quot;:&quot;&quot;,&quot;camera&quot;:&quot;&quot;,&quot;caption&quot;:&quot;&quot;,&quot;created_timestamp&quot;:&quot;0&quot;,&quot;copyright&quot;:&quot;&quot;,&quot;focal_length&quot;:&quot;0&quot;,&quot;iso&quot;:&quot;0&quot;,&quot;shutter_speed&quot;:&quot;0&quot;,&quot;title&quot;:&quot;&quot;,&quot;orientation&quot;:&quot;0&quot;}" data-image-title="Dobling_202106" data-image-description="" data-image-caption="" data-large-file="https://i0.wp.com/tinnunculus.sy-sy.cz/wp-content/uploads/2021/08/Dobling_202106-e1629030422659.jpg?fit=525%2C210&amp;ssl=1" class="aligncenter wp-image-17154 size-full" src="https://i0.wp.com/tinnunculus.sy-sy.cz/wp-content/uploads/2021/08/Dobling_202106-e1629030422659.jpg?resize=525%2C295&#038;ssl=1" alt="" width="525" height="295" srcset="https://i0.wp.com/tinnunculus.sy-sy.cz/wp-content/uploads/2021/08/Dobling_202106-e1629030422659.jpg?w=908&amp;ssl=1 908w, https://i0.wp.com/tinnunculus.sy-sy.cz/wp-content/uploads/2021/08/Dobling_202106-e1629030422659.jpg?resize=300%2C169&amp;ssl=1 300w, https://i0.wp.com/tinnunculus.sy-sy.cz/wp-content/uploads/2021/08/Dobling_202106-e1629030422659.jpg?resize=768%2C432&amp;ssl=1 768w" sizes="auto, (max-width: 767px) 89vw, (max-width: 1000px) 54vw, (max-width: 1071px) 543px, 580px" /></p>
<p class="OHxqsf-share-HSrbLb-title"><a href="https://goo.gl/maps/FibNYcCSVuRdCkeV7" target="_blank" rel="noopener">Karl Marx-Hof, Heiligenstädter Str.&nbsp;82-92, 1190 Wien, Rakousko</a></p>
<p class="OHxqsf-share-HSrbLb-title">Přímý přenos z&nbsp;hnízdění poštolek v&nbsp;Karl-Marx-Hof v&nbsp;19.&nbsp;vídeňském obvodu Döbling. Více o&nbsp;přenosu v&nbsp;článku <a href="https://wien.orf.at/stories/3109120/" target="_blank" rel="noopener">Turmfalken-Stream im Gemeindebau</a>.<!--more--></p>
<p><a href="https://i0.wp.com/tinnunculus.sy-sy.cz/wp-content/uploads/2021/08/Dobling_KArlMarxHof-e1629038883708.jpg?ssl=1" target="_blank" rel="noopener"><img data-recalc-dims="1" loading="lazy" decoding="async" data-attachment-id="17159" data-permalink="https://tinnunculus.sy-sy.cz/index.php/portfolio/at-wien-dobling/dobling_karlmarxhof/" data-orig-file="https://i0.wp.com/tinnunculus.sy-sy.cz/wp-content/uploads/2021/08/Dobling_KArlMarxHof-e1629038883708.jpg?fit=1038%2C734&amp;ssl=1" data-orig-size="1038,734" data-comments-opened="1" data-image-meta="{&quot;aperture&quot;:&quot;0&quot;,&quot;credit&quot;:&quot;Bwag&quot;,&quot;camera&quot;:&quot;&quot;,&quot;caption&quot;:&quot;&quot;,&quot;created_timestamp&quot;:&quot;0&quot;,&quot;copyright&quot;:&quot;Bwag, CC-BY-SA-4.0&quot;,&quot;focal_length&quot;:&quot;0&quot;,&quot;iso&quot;:&quot;0&quot;,&quot;shutter_speed&quot;:&quot;0&quot;,&quot;title&quot;:&quot;&quot;,&quot;orientation&quot;:&quot;0&quot;}" data-image-title="Dobling_KArlMarxHof" data-image-description="" data-image-caption="" data-large-file="https://i0.wp.com/tinnunculus.sy-sy.cz/wp-content/uploads/2021/08/Dobling_KArlMarxHof-e1629038883708.jpg?fit=525%2C371&amp;ssl=1" class="aligncenter wp-image-17159 size-medium" src="https://i0.wp.com/tinnunculus.sy-sy.cz/wp-content/uploads/2021/08/Dobling_KArlMarxHof.jpg?resize=300%2C212&#038;ssl=1" alt="" width="300" height="212" /></a></p>
<a href="https://tinnunculus.sy-sy.cz/wp-content/uploads/2024/04/turmfalken.pdf" class="pdfemb-viewer" style="" data-width="max" data-height="max" data-toolbar="bottom" data-toolbar-fixed="off">turmfalken</a>
<p><a href="https://tinnunculus.sy-sy.cz/wp-content/uploads/2024/04/turmfalken.pdf" target="_blank" rel="noopener">Download</a></p>
<ul>
<li>www / kamera:  <del>https://www.wienerwohnen.at/turmfalken</del></li>
</ul>
<p><iframe loading="lazy" style="border: 0;" src="https://www.google.com/maps/embed?pb=!1m18!1m12!1m3!1d2656.9325479336644!2d16.360510716142677!3d48.24642587923231!2m3!1f0!2f0!3f0!3m2!1i1024!2i768!4f13.1!3m3!1m2!1s0x476d077939990aff%3A0x846a62d274b68566!2sKarl%20Marx-Hof!5e0!3m2!1scs!2scz!4v1629038730858!5m2!1scs!2scz" width="600" height="450" allowfullscreen="allowfullscreen"></iframe></p>
<p><span class="last-modified-timestamp">Aktualizováno: <span class="last-modified-timestamp">16/03/2026 10:31</span></span></p>

<p>Přímý přenos z&nbsp;hnízdění poštolek v&nbsp;Karl-Marx-Hof v&nbsp;19.&nbsp;vídeňském obvodu Döbling.</p>
