{"id":15578,"date":"2021-05-02T23:50:00","date_gmt":"2021-05-02T21:50:00","guid":{"rendered":"https:\/\/tinnunculus.sy-sy.cz\/?post_type=jetpack-portfolio&#038;p=15578"},"modified":"2026-03-21T11:31:48","modified_gmt":"2026-03-21T10:31:48","slug":"de-freiburg-im-breisgau","status":"publish","type":"jetpack-portfolio","link":"https:\/\/tinnunculus.sy-sy.cz\/index.php\/portfolio\/de-freiburg-im-breisgau\/","title":{"rendered":"DE &#8211; Freiburg im Breisgau"},"content":{"rendered":"<p><img data-recalc-dims=\"1\" loading=\"lazy\" decoding=\"async\" data-attachment-id=\"15577\" data-permalink=\"https:\/\/tinnunculus.sy-sy.cz\/index.php\/portfolio\/de-freiburg-im-breisgau\/freiburg_202104\/\" data-orig-file=\"https:\/\/i0.wp.com\/tinnunculus.sy-sy.cz\/wp-content\/uploads\/2021\/05\/Freiburg_202104-e1619949945721.jpg?fit=1038%2C580&amp;ssl=1\" data-orig-size=\"1038,580\" data-comments-opened=\"1\" data-image-meta=\"{&quot;aperture&quot;:&quot;0&quot;,&quot;credit&quot;:&quot;&quot;,&quot;camera&quot;:&quot;&quot;,&quot;caption&quot;:&quot;&quot;,&quot;created_timestamp&quot;:&quot;0&quot;,&quot;copyright&quot;:&quot;&quot;,&quot;focal_length&quot;:&quot;0&quot;,&quot;iso&quot;:&quot;0&quot;,&quot;shutter_speed&quot;:&quot;0&quot;,&quot;title&quot;:&quot;&quot;,&quot;orientation&quot;:&quot;1&quot;}\" data-image-title=\"Freiburg_202104\" data-image-description=\"\" data-image-caption=\"\" data-large-file=\"https:\/\/i0.wp.com\/tinnunculus.sy-sy.cz\/wp-content\/uploads\/2021\/05\/Freiburg_202104-e1619949945721.jpg?fit=525%2C293&amp;ssl=1\" class=\"aligncenter wp-image-15577 size-large\" src=\"https:\/\/i0.wp.com\/tinnunculus.sy-sy.cz\/wp-content\/uploads\/2021\/05\/Freiburg_202104.jpg?resize=525%2C293&#038;ssl=1\" alt=\"\" width=\"525\" height=\"293\" \/><\/p>\n<div class=\"mapsTactileClientSubviewSectionSharesummary__section-share-summary-text\">\n<p class=\"section-share-summary-title\"><a href=\"https:\/\/goo.gl\/maps\/XLefSBi4tbVKUxUN6\" target=\"_blank\" rel=\"noopener\">Freiburg im Breisgau, N\u011bmecko<\/a><\/p>\n<p>P\u0159enos z&nbsp;hn\u00edzd\u011bn\u00ed po\u0161tolky obecn\u00e9 v&nbsp;budce na bl\u00ed\u017ee neur\u010den\u00e9 budov\u011b ve Freiburg im Breisgau.<\/p>\n<\/div>\n<div class=\"mapsTactileClientSubviewSectionSharesummary__section-share-summary-text\">\n<p><!--more--><\/p>\n<p>Dostupn\u00fd na kan\u00e1le Turm Falke na YouTube.<\/p>\n<p><span class=\"embed-youtube\" style=\"text-align:center; display: block;\"><iframe loading=\"lazy\" class=\"youtube-player\" width=\"525\" height=\"296\" src=\"https:\/\/www.youtube.com\/embed\/live_stream?channel=UCdll3AX0vHJjVd0gMVu1xpw&#038;version=3&#038;rel=1&#038;showsearch=0&#038;showinfo=1&#038;iv_load_policy=1&#038;fs=1&#038;hl=cs-CZ&#038;autohide=2&#038;wmode=transparent\" allowfullscreen=\"true\" style=\"border:0;\" sandbox=\"allow-scripts allow-same-origin allow-popups allow-presentation allow-popups-to-escape-sandbox\"><\/iframe><\/span><\/p>\n<ul>\n<li>YouTube: <a href=\"https:\/\/www.youtube.com\/channel\/UCdll3AX0vHJjVd0gMVu1xpw\" target=\"_blank\" rel=\"noopener\">Turm Falke<\/a><\/li>\n<\/ul>\n<p><iframe loading=\"lazy\" style=\"border: 0;\" src=\"https:\/\/www.google.com\/maps\/embed?pb=!1m18!1m12!1m3!1d85451.75123814224!2d7.726380913987653!3d47.98728986206256!2m3!1f0!2f0!3f0!3m2!1i1024!2i768!4f13.1!3m3!1m2!1s0x47911b26560bd665%3A0x41f6bb7a5df57b0!2sFreiburg%20im%20Breisgau%2C%20N%C4%9Bmecko!5e0!3m2!1scs!2scz!4v1619991392691!5m2!1scs!2scz\" width=\"600\" height=\"450\" allowfullscreen=\"allowfullscreen\"><\/iframe><\/p>\n<p>Aktualizov\u00e1no: <span class=\"last-modified-timestamp\">21\/03\/2026 11:31<\/span><\/p>\n<\/div>\n","protected":false},"excerpt":{"rendered":"<p>P\u0159enos z&nbsp;hn\u00edzd\u011bn\u00ed po\u0161tolky obecn\u00e9 v&nbsp;budce na bl\u00ed\u017ee neur\u010den\u00e9 budov\u011b ve Freiburg im Breisgau.<\/p>\n","protected":false},"author":2,"featured_media":0,"comment_status":"closed","ping_status":"closed","template":"","format":"standard","meta":{"jetpack_post_was_ever_published":false,"footnotes":""},"jetpack-portfolio-type":[233,227,228],"jetpack-portfolio-tag":[940,1023,1099,1423,1540,1612,242,955,234],"class_list":["post-15578","jetpack-portfolio","type-jetpack-portfolio","status-publish","format-standard","hentry","jetpack-portfolio-type-postolka-obecna-falco-tinnunculus","jetpack-portfolio-type-prime-prenosy-a-videoreportaze","jetpack-portfolio-type-primy-prenos-postolka-obecna","jetpack-portfolio-tag-940","jetpack-portfolio-tag-1023","jetpack-portfolio-tag-1099","jetpack-portfolio-tag-1423","jetpack-portfolio-tag-1540","jetpack-portfolio-tag-1612","jetpack-portfolio-tag-de-nemecko-germany","jetpack-portfolio-tag-hnizdo-budka-budova","jetpack-portfolio-tag-online"],"jetpack-related-posts":[],"jetpack_sharing_enabled":true,"_links":{"self":[{"href":"https:\/\/tinnunculus.sy-sy.cz\/index.php\/wp-json\/wp\/v2\/jetpack-portfolio\/15578","targetHints":{"allow":["GET"]}}],"collection":[{"href":"https:\/\/tinnunculus.sy-sy.cz\/index.php\/wp-json\/wp\/v2\/jetpack-portfolio"}],"about":[{"href":"https:\/\/tinnunculus.sy-sy.cz\/index.php\/wp-json\/wp\/v2\/types\/jetpack-portfolio"}],"author":[{"embeddable":true,"href":"https:\/\/tinnunculus.sy-sy.cz\/index.php\/wp-json\/wp\/v2\/users\/2"}],"replies":[{"embeddable":true,"href":"https:\/\/tinnunculus.sy-sy.cz\/index.php\/wp-json\/wp\/v2\/comments?post=15578"}],"version-history":[{"count":3,"href":"https:\/\/tinnunculus.sy-sy.cz\/index.php\/wp-json\/wp\/v2\/jetpack-portfolio\/15578\/revisions"}],"predecessor-version":[{"id":44906,"href":"https:\/\/tinnunculus.sy-sy.cz\/index.php\/wp-json\/wp\/v2\/jetpack-portfolio\/15578\/revisions\/44906"}],"wp:attachment":[{"href":"https:\/\/tinnunculus.sy-sy.cz\/index.php\/wp-json\/wp\/v2\/media?parent=15578"}],"wp:term":[{"taxonomy":"jetpack-portfolio-type","embeddable":true,"href":"https:\/\/tinnunculus.sy-sy.cz\/index.php\/wp-json\/wp\/v2\/jetpack-portfolio-type?post=15578"},{"taxonomy":"jetpack-portfolio-tag","embeddable":true,"href":"https:\/\/tinnunculus.sy-sy.cz\/index.php\/wp-json\/wp\/v2\/jetpack-portfolio-tag?post=15578"}],"curies":[{"name":"wp","href":"https:\/\/api.w.org\/{rel}","templated":true}]}}

<p><img data-recalc-dims="1" loading="lazy" decoding="async" data-attachment-id="15577" data-permalink="https://tinnunculus.sy-sy.cz/index.php/portfolio/de-freiburg-im-breisgau/freiburg_202104/" data-orig-file="https://i0.wp.com/tinnunculus.sy-sy.cz/wp-content/uploads/2021/05/Freiburg_202104-e1619949945721.jpg?fit=1038%2C580&amp;ssl=1" data-orig-size="1038,580" data-comments-opened="1" data-image-meta="{&quot;aperture&quot;:&quot;0&quot;,&quot;credit&quot;:&quot;&quot;,&quot;camera&quot;:&quot;&quot;,&quot;caption&quot;:&quot;&quot;,&quot;created_timestamp&quot;:&quot;0&quot;,&quot;copyright&quot;:&quot;&quot;,&quot;focal_length&quot;:&quot;0&quot;,&quot;iso&quot;:&quot;0&quot;,&quot;shutter_speed&quot;:&quot;0&quot;,&quot;title&quot;:&quot;&quot;,&quot;orientation&quot;:&quot;1&quot;}" data-image-title="Freiburg_202104" data-image-description="" data-image-caption="" data-large-file="https://i0.wp.com/tinnunculus.sy-sy.cz/wp-content/uploads/2021/05/Freiburg_202104-e1619949945721.jpg?fit=525%2C293&amp;ssl=1" class="aligncenter wp-image-15577 size-large" src="https://i0.wp.com/tinnunculus.sy-sy.cz/wp-content/uploads/2021/05/Freiburg_202104.jpg?resize=525%2C293&#038;ssl=1" alt="" width="525" height="293" /></p>
<div class="mapsTactileClientSubviewSectionSharesummary__section-share-summary-text">
<p class="section-share-summary-title"><a href="https://goo.gl/maps/XLefSBi4tbVKUxUN6" target="_blank" rel="noopener">Freiburg im Breisgau, Německo</a></p>
<p>Přenos z&nbsp;hnízdění poštolky obecné v&nbsp;budce na blíže neurčené budově ve Freiburg im Breisgau.</p>
</div>
<div class="mapsTactileClientSubviewSectionSharesummary__section-share-summary-text">
<p><!--more--></p>
<p>Dostupný na kanále Turm Falke na YouTube.</p>
<p><span class="embed-youtube" style="text-align:center; display: block;"><iframe loading="lazy" class="youtube-player" width="525" height="296" src="https://www.youtube.com/embed/live_stream?channel=UCdll3AX0vHJjVd0gMVu1xpw&#038;version=3&#038;rel=1&#038;showsearch=0&#038;showinfo=1&#038;iv_load_policy=1&#038;fs=1&#038;hl=cs-CZ&#038;autohide=2&#038;wmode=transparent" allowfullscreen="true" style="border:0;" sandbox="allow-scripts allow-same-origin allow-popups allow-presentation allow-popups-to-escape-sandbox"></iframe></span></p>
<ul>
<li>YouTube: <a href="https://www.youtube.com/channel/UCdll3AX0vHJjVd0gMVu1xpw" target="_blank" rel="noopener">Turm Falke</a></li>
</ul>
<p><iframe loading="lazy" style="border: 0;" src="https://www.google.com/maps/embed?pb=!1m18!1m12!1m3!1d85451.75123814224!2d7.726380913987653!3d47.98728986206256!2m3!1f0!2f0!3f0!3m2!1i1024!2i768!4f13.1!3m3!1m2!1s0x47911b26560bd665%3A0x41f6bb7a5df57b0!2sFreiburg%20im%20Breisgau%2C%20N%C4%9Bmecko!5e0!3m2!1scs!2scz!4v1619991392691!5m2!1scs!2scz" width="600" height="450" allowfullscreen="allowfullscreen"></iframe></p>
<p>Aktualizováno: <span class="last-modified-timestamp">21/03/2026 11:31</span></p>
</div>

<p>Přenos z&nbsp;hnízdění poštolky obecné v&nbsp;budce na blíže neurčené budově ve Freiburg im Breisgau.</p>
