{"id":15302,"date":"2021-04-11T17:37:45","date_gmt":"2021-04-11T15:37:45","guid":{"rendered":"https:\/\/tinnunculus.sy-sy.cz\/?post_type=jetpack-portfolio&#038;p=15302"},"modified":"2025-04-08T16:00:07","modified_gmt":"2025-04-08T14:00:07","slug":"de-windsbach","status":"publish","type":"jetpack-portfolio","link":"https:\/\/tinnunculus.sy-sy.cz\/index.php\/portfolio\/de-windsbach\/","title":{"rendered":"DE &#8211; Windsbach"},"content":{"rendered":"<p><img data-recalc-dims=\"1\" loading=\"lazy\" decoding=\"async\" data-attachment-id=\"15301\" data-permalink=\"https:\/\/tinnunculus.sy-sy.cz\/index.php\/portfolio\/de-windsbach\/windsbach_20210411\/\" data-orig-file=\"https:\/\/i0.wp.com\/tinnunculus.sy-sy.cz\/wp-content\/uploads\/2021\/04\/Windsbach_20210411-e1618137845101.jpg?fit=1038%2C581&amp;ssl=1\" data-orig-size=\"1038,581\" data-comments-opened=\"1\" data-image-meta=\"{&quot;aperture&quot;:&quot;0&quot;,&quot;credit&quot;:&quot;&quot;,&quot;camera&quot;:&quot;&quot;,&quot;caption&quot;:&quot;&quot;,&quot;created_timestamp&quot;:&quot;0&quot;,&quot;copyright&quot;:&quot;&quot;,&quot;focal_length&quot;:&quot;0&quot;,&quot;iso&quot;:&quot;0&quot;,&quot;shutter_speed&quot;:&quot;0&quot;,&quot;title&quot;:&quot;&quot;,&quot;orientation&quot;:&quot;1&quot;}\" data-image-title=\"Windsbach_20210411\" data-image-description=\"\" data-image-caption=\"\" data-large-file=\"https:\/\/i0.wp.com\/tinnunculus.sy-sy.cz\/wp-content\/uploads\/2021\/04\/Windsbach_20210411-e1618137845101.jpg?fit=525%2C294&amp;ssl=1\" class=\"aligncenter wp-image-15301 size-large\" src=\"https:\/\/i0.wp.com\/tinnunculus.sy-sy.cz\/wp-content\/uploads\/2021\/04\/Windsbach_20210411.jpg?resize=525%2C294&#038;ssl=1\" alt=\"\" width=\"525\" height=\"294\" \/><br \/>\n<a href=\"https:\/\/goo.gl\/maps\/TCKwxbgCVJyxcktu5\" target=\"_blank\" rel=\"noopener\">91575 Windsbach, N\u011bmecko<\/a><\/p>\n<p>P\u0159enos z&nbsp;hn\u00edzd\u011bn\u00ed po\u0161tolky obecn\u00e9 v&nbsp;budce v&nbsp;podst\u0159e\u0161\u00ed domu ve Windsbachu.<!--more--><\/p>\n<p>Dostupn\u00fd na kan\u00e1le Michael Raege na YouTube spolu s&nbsp;kr\u00e1tk\u00fdmi videi dokumentuj\u00edc\u00edmi \u017eivot po\u0161tolek ve Windsbachu od r. 2020. Do p\u0159\u00edm\u00e9ho p\u0159enosu doplnil i&nbsp;s\u00fdkorky.<\/p>\n<p><a href=\"https:\/\/i0.wp.com\/tinnunculus.sy-sy.cz\/wp-content\/uploads\/2021\/04\/Windsbach-exterior_2020-e1620373464265.jpg?ssl=1\"><img data-recalc-dims=\"1\" loading=\"lazy\" decoding=\"async\" data-attachment-id=\"15662\" data-permalink=\"https:\/\/tinnunculus.sy-sy.cz\/index.php\/portfolio\/de-windsbach\/windsbach-exterior_2020\/\" data-orig-file=\"https:\/\/i0.wp.com\/tinnunculus.sy-sy.cz\/wp-content\/uploads\/2021\/04\/Windsbach-exterior_2020-e1620373464265.jpg?fit=1038%2C578&amp;ssl=1\" data-orig-size=\"1038,578\" data-comments-opened=\"1\" data-image-meta=\"{&quot;aperture&quot;:&quot;0&quot;,&quot;credit&quot;:&quot;&quot;,&quot;camera&quot;:&quot;&quot;,&quot;caption&quot;:&quot;&quot;,&quot;created_timestamp&quot;:&quot;0&quot;,&quot;copyright&quot;:&quot;&quot;,&quot;focal_length&quot;:&quot;0&quot;,&quot;iso&quot;:&quot;0&quot;,&quot;shutter_speed&quot;:&quot;0&quot;,&quot;title&quot;:&quot;&quot;,&quot;orientation&quot;:&quot;1&quot;}\" data-image-title=\"Windsbach-exterior_2020\" data-image-description=\"\" data-image-caption=\"\" data-large-file=\"https:\/\/i0.wp.com\/tinnunculus.sy-sy.cz\/wp-content\/uploads\/2021\/04\/Windsbach-exterior_2020-e1620373464265.jpg?fit=525%2C292&amp;ssl=1\" class=\"aligncenter wp-image-15662 size-medium\" src=\"https:\/\/i0.wp.com\/tinnunculus.sy-sy.cz\/wp-content\/uploads\/2021\/04\/Windsbach-exterior_2020.jpg?resize=300%2C167&#038;ssl=1\" alt=\"\" width=\"300\" height=\"167\" \/><\/a><\/p>\n<p><a href=\"https:\/\/i0.wp.com\/tinnunculus.sy-sy.cz\/wp-content\/uploads\/2021\/04\/Windsbach-exterior_2021-e1620373419311.jpg?ssl=1\"><img data-recalc-dims=\"1\" loading=\"lazy\" decoding=\"async\" data-attachment-id=\"15661\" data-permalink=\"https:\/\/tinnunculus.sy-sy.cz\/index.php\/portfolio\/de-windsbach\/windsbach-exterior_2021\/\" data-orig-file=\"https:\/\/i0.wp.com\/tinnunculus.sy-sy.cz\/wp-content\/uploads\/2021\/04\/Windsbach-exterior_2021-e1620373419311.jpg?fit=1038%2C584&amp;ssl=1\" data-orig-size=\"1038,584\" data-comments-opened=\"1\" data-image-meta=\"{&quot;aperture&quot;:&quot;0&quot;,&quot;credit&quot;:&quot;&quot;,&quot;camera&quot;:&quot;&quot;,&quot;caption&quot;:&quot;&quot;,&quot;created_timestamp&quot;:&quot;0&quot;,&quot;copyright&quot;:&quot;&quot;,&quot;focal_length&quot;:&quot;0&quot;,&quot;iso&quot;:&quot;0&quot;,&quot;shutter_speed&quot;:&quot;0&quot;,&quot;title&quot;:&quot;&quot;,&quot;orientation&quot;:&quot;1&quot;}\" data-image-title=\"Windsbach-exterior_2021\" data-image-description=\"\" data-image-caption=\"\" data-large-file=\"https:\/\/i0.wp.com\/tinnunculus.sy-sy.cz\/wp-content\/uploads\/2021\/04\/Windsbach-exterior_2021-e1620373419311.jpg?fit=525%2C295&amp;ssl=1\" class=\"aligncenter wp-image-15661 size-medium\" src=\"https:\/\/i0.wp.com\/tinnunculus.sy-sy.cz\/wp-content\/uploads\/2021\/04\/Windsbach-exterior_2021.jpg?resize=300%2C169&#038;ssl=1\" alt=\"\" width=\"300\" height=\"169\" \/><\/a><\/p>\n<p>V roce 2022 byla do hn\u00edzda p\u0159evezena a&nbsp;zd\u00e1rn\u011b vysezena vejce z&nbsp;Beilngries pot\u00e9, co tam samici zabil v\u00fdr velk\u00fd (<a href=\"https:\/\/tinnunculus.sy-sy.cz\/index.php\/portfolio\/de-beilngries\/\" target=\"_blank\" rel=\"noopener\">info u&nbsp;p\u0159\u00edm\u00e9m p\u0159enosu z&nbsp;Beilngries<\/a>).<\/p>\n<p><iframe loading=\"lazy\" title=\"YouTube video player\" src=\"https:\/\/www.youtube.com\/embed\/_DW-N9xd8Yg\" width=\"560\" height=\"315\" frameborder=\"0\" allowfullscreen=\"allowfullscreen\"><\/iframe><\/p>\n<ul>\n<li>YouTube <a href=\"https:\/\/www.youtube.com\/channel\/UCbrb0_Fmo4z8KqfskzF2wpg\" target=\"_blank\" rel=\"noopener\">Michael Raege<\/a><\/li>\n<li>FB: <a href=\"https:\/\/www.facebook.com\/pg\/Turmfalken-Windsbach-Kestrels-101149595168614\" target=\"_blank\" rel=\"noopener\">Turmfalken &#8211; Windsbach Kestrels<\/a><\/li>\n<\/ul>\n<p><iframe loading=\"lazy\" style=\"border: 0;\" src=\"https:\/\/www.google.com\/maps\/embed?pb=!1m18!1m12!1m3!1d2604.412491933269!2d10.82335831620068!3d49.2496270793276!2m3!1f0!2f0!3f0!3m2!1i1024!2i768!4f13.1!3m3!1m2!1s0x479f4b4c793550c9%3A0x8e25ba79cefee486!2sWindsbach!5e0!3m2!1scs!2scz!4v1618154969862!5m2!1scs!2scz\" width=\"600\" height=\"450\" allowfullscreen=\"allowfullscreen\"><\/iframe><\/p>\n<p>Aktualizov\u00e1no: <span class=\"last-modified-timestamp\">08\/04\/2025 16:00<\/span><\/p>\n","protected":false},"excerpt":{"rendered":"<p>P\u0159enos z&nbsp;hn\u00edzd\u011bn\u00ed po\u0161tolky obecn\u00e9 v&nbsp;budce na bl\u00ed\u017ee neur\u010den\u00e9m m\u00edst\u011b ve Windsbachu. Dostupn\u00fd na kan\u00e1le Michael Raege na YouTube.<\/p>\n","protected":false},"author":2,"featured_media":0,"comment_status":"closed","ping_status":"closed","template":"","format":"standard","meta":{"jetpack_post_was_ever_published":false,"footnotes":""},"jetpack-portfolio-type":[233,227,228],"jetpack-portfolio-tag":[803,940,1023,1099,1423,1540,242,955,234],"class_list":["post-15302","jetpack-portfolio","type-jetpack-portfolio","status-publish","format-standard","hentry","jetpack-portfolio-type-postolka-obecna-falco-tinnunculus","jetpack-portfolio-type-prime-prenosy-a-videoreportaze","jetpack-portfolio-type-primy-prenos-postolka-obecna","jetpack-portfolio-tag-803","jetpack-portfolio-tag-940","jetpack-portfolio-tag-1023","jetpack-portfolio-tag-1099","jetpack-portfolio-tag-1423","jetpack-portfolio-tag-1540","jetpack-portfolio-tag-de-nemecko-germany","jetpack-portfolio-tag-hnizdo-budka-budova","jetpack-portfolio-tag-online"],"jetpack-related-posts":[],"jetpack_sharing_enabled":true,"_links":{"self":[{"href":"https:\/\/tinnunculus.sy-sy.cz\/index.php\/wp-json\/wp\/v2\/jetpack-portfolio\/15302","targetHints":{"allow":["GET"]}}],"collection":[{"href":"https:\/\/tinnunculus.sy-sy.cz\/index.php\/wp-json\/wp\/v2\/jetpack-portfolio"}],"about":[{"href":"https:\/\/tinnunculus.sy-sy.cz\/index.php\/wp-json\/wp\/v2\/types\/jetpack-portfolio"}],"author":[{"embeddable":true,"href":"https:\/\/tinnunculus.sy-sy.cz\/index.php\/wp-json\/wp\/v2\/users\/2"}],"replies":[{"embeddable":true,"href":"https:\/\/tinnunculus.sy-sy.cz\/index.php\/wp-json\/wp\/v2\/comments?post=15302"}],"version-history":[{"count":1,"href":"https:\/\/tinnunculus.sy-sy.cz\/index.php\/wp-json\/wp\/v2\/jetpack-portfolio\/15302\/revisions"}],"predecessor-version":[{"id":33934,"href":"https:\/\/tinnunculus.sy-sy.cz\/index.php\/wp-json\/wp\/v2\/jetpack-portfolio\/15302\/revisions\/33934"}],"wp:attachment":[{"href":"https:\/\/tinnunculus.sy-sy.cz\/index.php\/wp-json\/wp\/v2\/media?parent=15302"}],"wp:term":[{"taxonomy":"jetpack-portfolio-type","embeddable":true,"href":"https:\/\/tinnunculus.sy-sy.cz\/index.php\/wp-json\/wp\/v2\/jetpack-portfolio-type?post=15302"},{"taxonomy":"jetpack-portfolio-tag","embeddable":true,"href":"https:\/\/tinnunculus.sy-sy.cz\/index.php\/wp-json\/wp\/v2\/jetpack-portfolio-tag?post=15302"}],"curies":[{"name":"wp","href":"https:\/\/api.w.org\/{rel}","templated":true}]}}

<p><img data-recalc-dims="1" loading="lazy" decoding="async" data-attachment-id="15301" data-permalink="https://tinnunculus.sy-sy.cz/index.php/portfolio/de-windsbach/windsbach_20210411/" data-orig-file="https://i0.wp.com/tinnunculus.sy-sy.cz/wp-content/uploads/2021/04/Windsbach_20210411-e1618137845101.jpg?fit=1038%2C581&amp;ssl=1" data-orig-size="1038,581" data-comments-opened="1" data-image-meta="{&quot;aperture&quot;:&quot;0&quot;,&quot;credit&quot;:&quot;&quot;,&quot;camera&quot;:&quot;&quot;,&quot;caption&quot;:&quot;&quot;,&quot;created_timestamp&quot;:&quot;0&quot;,&quot;copyright&quot;:&quot;&quot;,&quot;focal_length&quot;:&quot;0&quot;,&quot;iso&quot;:&quot;0&quot;,&quot;shutter_speed&quot;:&quot;0&quot;,&quot;title&quot;:&quot;&quot;,&quot;orientation&quot;:&quot;1&quot;}" data-image-title="Windsbach_20210411" data-image-description="" data-image-caption="" data-large-file="https://i0.wp.com/tinnunculus.sy-sy.cz/wp-content/uploads/2021/04/Windsbach_20210411-e1618137845101.jpg?fit=525%2C294&amp;ssl=1" class="aligncenter wp-image-15301 size-large" src="https://i0.wp.com/tinnunculus.sy-sy.cz/wp-content/uploads/2021/04/Windsbach_20210411.jpg?resize=525%2C294&#038;ssl=1" alt="" width="525" height="294" /><br />
<a href="https://goo.gl/maps/TCKwxbgCVJyxcktu5" target="_blank" rel="noopener">91575 Windsbach, Německo</a></p>
<p>Přenos z&nbsp;hnízdění poštolky obecné v&nbsp;budce v&nbsp;podstřeší domu ve Windsbachu.<!--more--></p>
<p>Dostupný na kanále Michael Raege na YouTube spolu s&nbsp;krátkými videi dokumentujícími život poštolek ve Windsbachu od r. 2020. Do přímého přenosu doplnil i&nbsp;sýkorky.</p>
<p><a href="https://i0.wp.com/tinnunculus.sy-sy.cz/wp-content/uploads/2021/04/Windsbach-exterior_2020-e1620373464265.jpg?ssl=1"><img data-recalc-dims="1" loading="lazy" decoding="async" data-attachment-id="15662" data-permalink="https://tinnunculus.sy-sy.cz/index.php/portfolio/de-windsbach/windsbach-exterior_2020/" data-orig-file="https://i0.wp.com/tinnunculus.sy-sy.cz/wp-content/uploads/2021/04/Windsbach-exterior_2020-e1620373464265.jpg?fit=1038%2C578&amp;ssl=1" data-orig-size="1038,578" data-comments-opened="1" data-image-meta="{&quot;aperture&quot;:&quot;0&quot;,&quot;credit&quot;:&quot;&quot;,&quot;camera&quot;:&quot;&quot;,&quot;caption&quot;:&quot;&quot;,&quot;created_timestamp&quot;:&quot;0&quot;,&quot;copyright&quot;:&quot;&quot;,&quot;focal_length&quot;:&quot;0&quot;,&quot;iso&quot;:&quot;0&quot;,&quot;shutter_speed&quot;:&quot;0&quot;,&quot;title&quot;:&quot;&quot;,&quot;orientation&quot;:&quot;1&quot;}" data-image-title="Windsbach-exterior_2020" data-image-description="" data-image-caption="" data-large-file="https://i0.wp.com/tinnunculus.sy-sy.cz/wp-content/uploads/2021/04/Windsbach-exterior_2020-e1620373464265.jpg?fit=525%2C292&amp;ssl=1" class="aligncenter wp-image-15662 size-medium" src="https://i0.wp.com/tinnunculus.sy-sy.cz/wp-content/uploads/2021/04/Windsbach-exterior_2020.jpg?resize=300%2C167&#038;ssl=1" alt="" width="300" height="167" /></a></p>
<p><a href="https://i0.wp.com/tinnunculus.sy-sy.cz/wp-content/uploads/2021/04/Windsbach-exterior_2021-e1620373419311.jpg?ssl=1"><img data-recalc-dims="1" loading="lazy" decoding="async" data-attachment-id="15661" data-permalink="https://tinnunculus.sy-sy.cz/index.php/portfolio/de-windsbach/windsbach-exterior_2021/" data-orig-file="https://i0.wp.com/tinnunculus.sy-sy.cz/wp-content/uploads/2021/04/Windsbach-exterior_2021-e1620373419311.jpg?fit=1038%2C584&amp;ssl=1" data-orig-size="1038,584" data-comments-opened="1" data-image-meta="{&quot;aperture&quot;:&quot;0&quot;,&quot;credit&quot;:&quot;&quot;,&quot;camera&quot;:&quot;&quot;,&quot;caption&quot;:&quot;&quot;,&quot;created_timestamp&quot;:&quot;0&quot;,&quot;copyright&quot;:&quot;&quot;,&quot;focal_length&quot;:&quot;0&quot;,&quot;iso&quot;:&quot;0&quot;,&quot;shutter_speed&quot;:&quot;0&quot;,&quot;title&quot;:&quot;&quot;,&quot;orientation&quot;:&quot;1&quot;}" data-image-title="Windsbach-exterior_2021" data-image-description="" data-image-caption="" data-large-file="https://i0.wp.com/tinnunculus.sy-sy.cz/wp-content/uploads/2021/04/Windsbach-exterior_2021-e1620373419311.jpg?fit=525%2C295&amp;ssl=1" class="aligncenter wp-image-15661 size-medium" src="https://i0.wp.com/tinnunculus.sy-sy.cz/wp-content/uploads/2021/04/Windsbach-exterior_2021.jpg?resize=300%2C169&#038;ssl=1" alt="" width="300" height="169" /></a></p>
<p>V roce 2022 byla do hnízda převezena a&nbsp;zdárně vysezena vejce z&nbsp;Beilngries poté, co tam samici zabil výr velký (<a href="https://tinnunculus.sy-sy.cz/index.php/portfolio/de-beilngries/" target="_blank" rel="noopener">info u&nbsp;přímém přenosu z&nbsp;Beilngries</a>).</p>
<p><iframe loading="lazy" title="YouTube video player" src="https://www.youtube.com/embed/_DW-N9xd8Yg" width="560" height="315" frameborder="0" allowfullscreen="allowfullscreen"></iframe></p>
<ul>
<li>YouTube <a href="https://www.youtube.com/channel/UCbrb0_Fmo4z8KqfskzF2wpg" target="_blank" rel="noopener">Michael Raege</a></li>
<li>FB: <a href="https://www.facebook.com/pg/Turmfalken-Windsbach-Kestrels-101149595168614" target="_blank" rel="noopener">Turmfalken &#8211; Windsbach Kestrels</a></li>
</ul>
<p><iframe loading="lazy" style="border: 0;" src="https://www.google.com/maps/embed?pb=!1m18!1m12!1m3!1d2604.412491933269!2d10.82335831620068!3d49.2496270793276!2m3!1f0!2f0!3f0!3m2!1i1024!2i768!4f13.1!3m3!1m2!1s0x479f4b4c793550c9%3A0x8e25ba79cefee486!2sWindsbach!5e0!3m2!1scs!2scz!4v1618154969862!5m2!1scs!2scz" width="600" height="450" allowfullscreen="allowfullscreen"></iframe></p>
<p>Aktualizováno: <span class="last-modified-timestamp">08/04/2025 16:00</span></p>

<p>Přenos z&nbsp;hnízdění poštolky obecné v&nbsp;budce na blíže neurčeném místě ve Windsbachu. Dostupný na kanále Michael Raege na YouTube.</p>
